-- Table structure for table`cache_page`
--

CREATE TABLE `cache_page` (
  `cid` varchar(255) NOT NULL DEFAULT '' COMMENT 'Primary Key: Unique cache ID.',
  `data` longblob COMMENT 'A collection of data to cache.',
  `expire` int(11) NOT NULL DEFAULT '0' COMMENT 'A Unix timestamp indicating when the cache entry should expire, or 0 for never.',
  `created` int(11) NOT NULL DEFAULT '0' COMMENT 'A Unix timestamp indicating when the cache entry was created.',
  `serialized` smallint(6) NOT NULL DEFAULT '0' COMMENT 'A flag to indicate whether content is serialized (1) or not (0).',
  PRIMARY KEY (`cid`),
  KEY `expire` (`expire`)
) ENGINE=MyISAM DEFAULT CHARSET=latin1;

-- --------------------------------------------------------

--
-- Table structure for table`cache_path`
--

CREATE TABLE `cache_path` (
  `cid` varchar(255) NOT NULL DEFAULT '' COMMENT 'Primary Key: Unique cache ID.',
  `data` longblob COMMENT 'A collection of data to cache.',
  `expire` int(11) NOT NULL DEFAULT '0' COMMENT 'A Unix timestamp indicating when the cache entry should expire, or 0 for never.',
  `created` int(11) NOT NULL DEFAULT '0' COMMENT 'A Unix timestamp indicating when the cache entry was created.',
  `serialized` smallint(6) NOT NULL DEFAULT '0' COMMENT 'A flag to indicate whether content is serialized (1) or not (0).',
  PRIMARY KEY (`cid`),
  KEY `expire` (`expire`)
) ENGINE=MyISAM DEFAULT CHARSET=latin1;

-- --------------------------------------------------------

--
-- Table structure for table`cache_update`
--

CREATE TABLE `cache_update` (
  `cid` varchar(255) NOT NULL DEFAULT '' COMMENT 'Primary Key: Unique cache ID.',
  `data` longblob COMMENT 'A collection of data to cache.',
  `expire` int(11) NOT NULL DEFAULT '0' COMMENT 'A Unix timestamp indicating when the cache entry should expire, or 0 for never.',
  `created` int(11) NOT NULL DEFAULT '0' COMMENT 'A Unix timestamp indicating when the cache entry was created.',
  `serialized` smallint(6) NOT NULL DEFAULT '0' COMMENT 'A flag to indicate whether content is serialized (1) or not (0).',
  PRIMARY KEY (`cid`),
  KEY `expire` (`expire`)
) ENGINE=MyISAM DEFAULT CHARSET=latin1;

--
-- Dumping data for table 'cache_update'
--

INSERT INTO `cache_update` VALUES
('fetch_failures', 'a:0:{}', 1307163035, 1307162735, 1),
('update_project_projects', 'a:1:{s:6:"drupal";a:8:{s:4:"name";s:6:"drupal";s:4:"info";a:6:{s:4:"name";s:5:"Block";s:7:"package";s:4:"Core";s:7:"version";s:3:"7.2";s:7:"project";s:6:"drupal";s:9:"datestamp";s:10:"1306357016";s:16:"_info_file_ctime";i:1306553667;}s:9:"datestamp";s:10:"1306357016";s:8:"includes";a:36:{s:5:"block";s:5:"Block";s:4:"blog";s:4:"Blog";s:5:"color";s:5:"Color";s:7:"comment";s:7:"Comment";s:10:"contextual";s:16:"Contextual links";s:9:"dashboard";s:9:"Dashboard";s:5:"dblog";s:16:"Database logging";s:5:"field";s:5:"Field";s:17:"field_sql_storage";s:17:"Field SQL storage";s:8:"field_ui";s:8:"Field UI";s:4:"file";s:4:"File";s:6:"filter";s:6:"Filter";s:5:"forum";s:5:"Forum";s:4:"help";s:4:"Help";s:5:"image";s:5:"Image";s:4:"list";s:4:"List";s:4:"menu";s:4:"Menu";s:4:"node";s:4:"Node";s:6:"number";s:6:"Number";s:7:"options";s:7:"Options";s:7:"overlay";s:7:"Overlay";s:4:"path";s:4:"Path";s:4:"poll";s:4:"Poll";s:3:"rdf";s:3:"RDF";s:6:"search";s:6:"Search";s:8:"shortcut";s:8:"Shortcut";s:6:"system";s:6:"System";s:8:"taxonomy";s:8:"Taxonomy";s:4:"text";s:4:"Text";s:7:"toolbar";s:7:"Toolbar";s:6:"update";s:14:"Update manager";s:4:"user";s:4:"User";s:6:"bartik";s:6:"Bartik";s:7:"garland";s:7:"Garland";s:5:"seven";s:5:"Seven";s:5:"stark";s:5:"Stark";}s:12:"project_type";s:4:"core";s:14:"project_status";b:1;s:10:"sub_themes";a:0:{}s:11:"base_themes";a:0:{}}}', 1348014071, 1348010471, 1),
('fetch_task::drupal', NULL, 0, 1307290686, 0);

-- --------------------------------------------------------

--
-- Table structure for table`comment`
--

CREATE TABLE `comment` (
  `cid` int(11) NOT NULL AUTO_INCREMENT COMMENT 'Primary Key: Unique comment ID.',
  `pid` int(11) NOT NULL DEFAULT '0' COMMENT 'The comment.cid to which this comment is a reply. If set to 0, this comment is not a reply to an existing comment.',
  `nid` int(11) NOT NULL DEFAULT '0' COMMENT 'The node.nid to which this comment is a reply.',
  `uid` int(11) NOT NULL DEFAULT '0' COMMENT 'The users.uid who authored the comment. If set to 0, this comment was created by an anonymous user.',
  `subject` varchar(64) NOT NULL DEFAULT '' COMMENT 'The comment title.',
  `hostname` varchar(128) NOT NULL DEFAULT '' COMMENT 'The author’s host name.',
  `created` int(11) NOT NULL DEFAULT '0' COMMENT 'The time that the comment was created, as a Unix timestamp.',
  `changed` int(11) NOT NULL DEFAULT '0' COMMENT 'The time that the comment was last edited, as a Unix timestamp.',
  `status` tinyint(3) unsigned NOT NULL DEFAULT '1',
  `thread` varchar(255) NOT NULL COMMENT 'The vancode representation of the comment’s place in a thread.',
  `name` varchar(60) DEFAULT NULL COMMENT 'The comment author’s name. Uses users.name if the user is logged in, otherwise uses the value typed into the comment form.',
  `mail` varchar(64) DEFAULT NULL COMMENT 'The comment author’s e-mail address from the comment form, if user is anonymous, and the ’Anonymous users may/must leave their contact information’ setting is turned on.',
  `homepage` varchar(255) DEFAULT NULL COMMENT 'The comment author’s home page address from the comment form, if user is anonymous, and the ’Anonymous users may/must leave their contact information’ setting is turned on.',
  `language` varchar(12) NOT NULL DEFAULT '' COMMENT 'The languages.language of this comment.',
  PRIMARY KEY (`cid`),
  KEY `comment_num_new` (`nid`,`status`,`created`,`cid`,`thread`),
  KEY `comment_uid` (`uid`),
  KEY `comment_nid_language` (`nid`,`language`),
  KEY `comment_created` (`created`),
  KEY `comment_status_pid` (`pid`,`status`)
) ENGINE=MyISAM  DEFAULT CHARSET=latin1 AUTO_INCREMENT=3 ;

--
-- Dumping data for table 'comment'
--

INSERT INTO `comment` VALUES
(1, 0, 4, 6, 'I''m someone now!', '66.215.209.201', 1307504496, 1307504496, 1, '01/', 'TestUser', '', '', 'und'),
(2, 0, 4, 6, 'My second post', '66.215.209.201', 1307504573, 1307504573, 1, '02/', 'TestUser', '', '', 'und');

-- --------------------------------------------------------

--
-- Table structure for table`date_formats`
--

CREATE TABLE `date_formats` (
  `dfid` int(10) unsigned NOT NULL AUTO_INCREMENT COMMENT 'The date format identifier.',
  `format` varchar(100) NOT NULL COMMENT 'The date format string.',
  `type` varchar(64) NOT NULL COMMENT 'The date format type, e.g. medium.',
  `locked` tinyint(4) NOT NULL DEFAULT '0' COMMENT 'Whether or not this format can be modified.',
  PRIMARY KEY (`dfid`),
  UNIQUE KEY `formats` (`format`,`type`)
) ENGINE=MyISAM  DEFAULT CHARSET=latin1 AUTO_INCREMENT=36 ;

--
-- Dumping data for table 'date_formats'
--

INSERT INTO `date_formats` VALUES
(1, 'Y-m-d H:i', 'short', 1),
(2, 'm/d/Y - H:i', 'short', 1),
(3, 'd/m/Y - H:i', 'short', 1),
(4, 'Y/m/d - H:i', 'short', 1),
(5, 'd.m.Y - H:i', 'short', 1),
(6, 'm/d/Y - g:ia', 'short', 1),
(7, 'd/m/Y - g:ia', 'short', 1),
(8, 'Y/m/d - g:ia', 'short', 1),
(9, 'M j Y - H:i', 'short', 1),
(10, 'j M Y - H:i', 'short', 1),
(11, 'Y M j - H:i', 'short', 1),
(12, 'M j Y - g:ia', 'short', 1),
(13, 'j M Y - g:ia', 'short', 1),
(14, 'Y M j - g:ia', 'short', 1),
(15, 'D, Y-m-d H:i', 'medium', 1),
(16, 'D, m/d/Y - H:i', 'medium', 1),
(17, 'D, d/m/Y - H:i', 'medium', 1),
(18, 'D, Y/m/d - H:i', 'medium', 1),
(19, 'F j, Y - H:i', 'medium', 1),
(20, 'j F, Y - H:i', 'medium', 1),
(21, 'Y, F j - H:i', 'medium', 1),
(22, 'D, m/d/Y - g:ia', 'medium', 1),
(23, 'D, d/m/Y - g:ia', 'medium', 1),
(24, 'D, Y/m/d - g:ia', 'medium', 1),
(25, 'F j, Y - g:ia', 'medium', 1),
(26, 'j F Y - g:ia', 'medium', 1),
(27, 'Y, F j - g:ia', 'medium', 1),
(28, 'j. F Y - G:i', 'medium', 1),
(29, 'l, F j, Y - H:i', 'long', 1),
(30, 'l, j F, Y - H:i', 'long', 1),
(31, 'l, Y,  F j - H:i', 'long', 1),
(32, 'l, F j, Y - g:ia', 'long', 1),
(33, 'l, j F Y - g:ia', 'long', 1),
(34, 'l, Y,  F j - g:ia', 'long', 1),
(35, 'l, j. F Y - G:i', 'long', 1);

-- --------------------------------------------------------

--
-- Table structure for table`date_format_locale`
--

CREATE TABLE `date_format_locale` (
  `format` varchar(100) NOT NULL COMMENT 'The date format string.',
  `type` varchar(64) NOT NULL COMMENT 'The date format type, e.g. medium.',
  `language` varchar(12) NOT NULL COMMENT 'A languages.language for this format to be used with.',
  PRIMARY KEY (`type`,`language`)
) ENGINE=MyISAM DEFAULT CHARSET=latin1;

-- --------------------------------------------------------

--
-- Table structure for table`date_format_type`
--

CREATE TABLE `date_format_type` (
  `type` varchar(64) NOT NULL COMMENT 'The date format type, e.g. medium.',
  `title` varchar(255) NOT NULL COMMENT 'The human readable name of the format type.',
  `locked` tinyint(4) NOT NULL DEFAULT '0' COMMENT 'Whether or not this is a system provided format.',
  PRIMARY KEY (`type`),
  KEY `title` (`title`)
) ENGINE=MyISAM DEFAULT CHARSET=latin1;

--
-- Dumping data for table 'date_format_type'
--

INSERT INTO `date_format_type` VALUES
('long', 'Long', 1),
('medium', 'Medium', 1),
('short', 'Short', 1);

-- --------------------------------------------------------

--
-- Table structure for table`field_config`
--

CREATE TABLE `field_config` (
  `id` int(11) NOT NULL AUTO_INCREMENT COMMENT 'The primary identifier for a field',
  `field_name` varchar(32) NOT NULL COMMENT 'The name of this field. Non-deleted field names are unique, but multiple deleted fields can have the same name.',
  `type` varchar(128) NOT NULL COMMENT 'The type of this field.',
  `module` varchar(128) NOT NULL DEFAULT '' COMMENT 'The module that implements the field type.',
  `active` tinyint(4) NOT NULL DEFAULT '0' COMMENT 'Boolean indicating whether the module that implements the field type is enabled.',
  `storage_type` varchar(128) NOT NULL COMMENT 'The storage backend for the field.',
  `storage_module` varchar(128) NOT NULL DEFAULT '' COMMENT 'The module that implements the storage backend.',
  `storage_active` tinyint(4) NOT NULL DEFAULT '0' COMMENT 'Boolean indicating whether the module that implements the storage backend is enabled.',
  `locked` tinyint(4) NOT NULL DEFAULT '0' COMMENT '@TODO',
  `data` longblob NOT NULL COMMENT 'Serialized data containing the field properties that do not warrant a dedicated column.',
  `cardinality` tinyint(4) NOT NULL DEFAULT '0',
  `translatable` tinyint(4) NOT NULL DEFAULT '0',
  `deleted` tinyint(4) NOT NULL DEFAULT '0',
  PRIMARY KEY (`id`),
  KEY `field_name` (`field_name`),
  KEY `active` (`active`),
  KEY `storage_active` (`storage_active`),
  KEY `deleted` (`deleted`),
  KEY `module` (`module`),
  KEY `storage_module` (`storage_module`),
  KEY `type` (`type`),
  KEY `storage_type` (`storage_type`)
) ENGINE=MyISAM  DEFAULT CHARSET=latin1 AUTO_INCREMENT=6 ;

--
-- Dumping data for table 'field_config'
--

INSERT INTO `field_config` VALUES
(1, 'comment_body', 'text_long', 'text', 1, 'field_sql_storage', 'field_sql_storage', 1, 0, 'a:6:{s:12:"entity_types";a:1:{i:0;s:7:"comment";}s:12:"translatable";b:0;s:8:"settings";a:0:{}s:7:"storage";a:4:{s:4:"type";s:17:"field_sql_storage";s:8:"settings";a:0:{}s:6:"module";s:17:"field_sql_storage";s:6:"active";i:1;}s:12:"foreign keys";a:1:{s:6:"format";a:2:{s:5:"table";s:13:"filter_format";s:7:"columns";a:1:{s:6:"format";s:6:"format";}}}s:7:"indexes";a:1:{s:6:"format";a:1:{i:0;s:6:"format";}}}', 1, 0, 0),
(2, 'body', 'text_with_summary', 'text', 1, 'field_sql_storage', 'field_sql_storage', 1, 0, 'a:6:{s:12:"entity_types";a:1:{i:0;s:4:"node";}s:12:"translatable";b:1;s:8:"settings";a:0:{}s:7:"storage";a:4:{s:4:"type";s:17:"field_sql_storage";s:8:"settings";a:0:{}s:6:"module";s:17:"field_sql_storage";s:6:"active";i:1;}s:12:"foreign keys";a:1:{s:6:"format";a:2:{s:5:"table";s:13:"filter_format";s:7:"columns";a:1:{s:6:"format";s:6:"format";}}}s:7:"indexes";a:1:{s:6:"format";a:1:{i:0;s:6:"format";}}}', 1, 1, 0),
(3, 'field_tags', 'taxonomy_term_reference', 'taxonomy', 1, 'field_sql_storage', 'field_sql_storage', 1, 0, 'a:6:{s:8:"settings";a:1:{s:14:"allowed_values";a:1:{i:0;a:2:{s:10:"vocabulary";s:4:"tags";s:6:"parent";i:0;}}}s:12:"entity_types";a:0:{}s:12:"translatable";b:0;s:7:"storage";a:4:{s:4:"type";s:17:"field_sql_storage";s:8:"settings";a:0:{}s:6:"module";s:17:"field_sql_storage";s:6:"active";i:1;}s:12:"foreign keys";a:1:{s:3:"tid";a:2:{s:5:"table";s:18:"taxonomy_term_data";s:7:"columns";a:1:{s:3:"tid";s:3:"tid";}}}s:7:"indexes";a:1:{s:3:"tid";a:1:{i:0;s:3:"tid";}}}', -1, 0, 0),
(4, 'field_image', 'image', 'image', 1, 'field_sql_storage', 'field_sql_storage', 1, 0, 'a:6:{s:12:"translatable";b:1;s:7:"indexes";a:1:{s:3:"fid";a:1:{i:0;s:3:"fid";}}s:8:"settings";a:2:{s:10:"uri_scheme";s:6:"public";s:13:"default_image";b:0;}s:7:"storage";a:4:{s:4:"type";s:17:"field_sql_storage";s:8:"settings";a:0:{}s:6:"module";s:17:"field_sql_storage";s:6:"active";i:1;}s:12:"entity_types";a:0:{}s:12:"foreign keys";a:1:{s:3:"fid";a:2:{s:5:"table";s:12:"file_managed";s:7:"columns";a:1:{s:3:"fid";s:3:"fid";}}}}', 1, 1, 0),
(5, 'taxonomy_forums', 'taxonomy_term_reference', 'taxonomy', 1, 'field_sql_storage', 'field_sql_storage', 1, 0, 'a:6:{s:8:"settings";a:1:{s:14:"allowed_values";a:1:{i:0;a:2:{s:10:"vocabulary";s:6:"forums";s:6:"parent";i:0;}}}s:12:"entity_types";a:0:{}s:12:"translatable";b:0;s:7:"storage";a:4:{s:4:"type";s:17:"field_sql_storage";s:8:"settings";a:0:{}s:6:"module";s:17:"field_sql_storage";s:6:"active";i:1;}s:12:"foreign keys";a:1:{s:3:"tid";a:2:{s:5:"table";s:18:"taxonomy_term_data";s:7:"columns";a:1:{s:3:"tid";s:3:"tid";}}}s:7:"indexes";a:1:{s:3:"tid";a:1:{i:0;s:3:"tid";}}}', 1, 0, 0);

-- --------------------------------------------------------

--
-- Table structure for table`field_config_instance`
--

CREATE TABLE `field_config_instance` (
  `id` int(11) NOT NULL AUTO_INCREMENT COMMENT 'The primary identifier for a field instance',
  `field_id` int(11) NOT NULL COMMENT 'The identifier of the field attached by this instance',
  `field_name` varchar(32) NOT NULL DEFAULT '',
  `entity_type` varchar(32) NOT NULL DEFAULT '',
  `bundle` varchar(128) NOT NULL DEFAULT '',
  `data` longblob NOT NULL,
  `deleted` tinyint(4) NOT NULL DEFAULT '0',
  PRIMARY KEY (`id`),
  KEY `field_name_bundle` (`field_name`,`entity_type`,`bundle`),
  KEY `deleted` (`deleted`)
) ENGINE=MyISAM  DEFAULT CHARSET=latin1 AUTO_INCREMENT=13 ;

--
-- Dumping data for table 'field_config_instance'
--

INSERT INTO `field_config_instance` VALUES
(1, 1, 'comment_body', 'comment', 'comment_node_page', 'a:6:{s:5:"label";s:7:"Comment";s:8:"settings";a:2:{s:15:"text_processing";i:1;s:18:"user_register_form";b:0;}s:8:"required";b:1;s:7:"display";a:1:{s:7:"default";a:5:{s:5:"label";s:6:"hidden";s:4:"type";s:12:"text_default";s:6:"weight";i:0;s:8:"settings";a:0:{}s:6:"module";s:4:"text";}}s:6:"widget";a:4:{s:4:"type";s:13:"text_textarea";s:8:"settings";a:1:{s:4:"rows";i:5;}s:6:"weight";i:0;s:6:"module";s:4:"text";}s:11:"description";s:0:"";}', 0),
(2, 2, 'body', 'node', 'page', 'a:7:{s:5:"label";s:4:"Body";s:11:"widget_type";s:26:"text_textarea_with_summary";s:8:"settings";a:3:{s:15:"display_summary";b:1;s:15:"text_processing";i:1;s:18:"user_register_form";b:0;}s:7:"display";a:2:{s:7:"default";a:5:{s:5:"label";s:6:"hidden";s:4:"type";s:12:"text_default";s:8:"settings";a:0:{}s:6:"module";s:4:"text";s:6:"weight";i:0;}s:6:"teaser";a:5:{s:5:"label";s:6:"hidden";s:4:"type";s:23:"text_summary_or_trimmed";s:8:"settings";a:1:{s:11:"trim_length";i:600;}s:6:"module";s:4:"text";s:6:"weight";i:0;}}s:6:"widget";a:4:{s:4:"type";s:26:"text_textarea_with_summary";s:8:"settings";a:2:{s:4:"rows";i:20;s:12:"summary_rows";i:5;}s:6:"weight";i:-4;s:6:"module";s:4:"text";}s:8:"required";b:0;s:11:"description";s:0:"";}', 0),
(3, 1, 'comment_body', 'comment', 'comment_node_article', 'a:6:{s:5:"label";s:7:"Comment";s:8:"settings";a:2:{s:15:"text_processing";i:1;s:18:"user_register_form";b:0;}s:8:"required";b:1;s:7:"display";a:1:{s:7:"default";a:5:{s:5:"label";s:6:"hidden";s:4:"type";s:12:"text_default";s:6:"weight";i:0;s:8:"settings";a:0:{}s:6:"module";s:4:"text";}}s:6:"widget";a:4:{s:4:"type";s:13:"text_textarea";s:8:"settings";a:1:{s:4:"rows";i:5;}s:6:"weight";i:0;s:6:"module";s:4:"text";}s:11:"description";s:0:"";}', 0),
(4, 2, 'body', 'node', 'article', 'a:7:{s:5:"label";s:4:"Body";s:11:"widget_type";s:26:"text_textarea_with_summary";s:8:"settings";a:3:{s:15:"display_summary";b:1;s:15:"text_processing";i:1;s:18:"user_register_form";b:0;}s:7:"display";a:2:{s:7:"default";a:5:{s:5:"label";s:6:"hidden";s:4:"type";s:12:"text_default";s:8:"settings";a:0:{}s:6:"module";s:4:"text";s:6:"weight";i:0;}s:6:"teaser";a:5:{s:5:"label";s:6:"hidden";s:4:"type";s:23:"text_summary_or_trimmed";s:8:"settings";a:1:{s:11:"trim_length";i:600;}s:6:"module";s:4:"text";s:6:"weight";i:0;}}s:6:"widget";a:4:{s:4:"type";s:26:"text_textarea_with_summary";s:8:"settings";a:2:{s:4:"rows";i:20;s:12:"summary_rows";i:5;}s:6:"weight";i:-4;s:6:"module";s:4:"text";}s:8:"required";b:0;s:11:"description";s:0:"";}', 0),
(5, 3, 'field_tags', 'node', 'article', 'a:6:{s:5:"label";s:4:"Tags";s:11:"description";s:63:"Enter a comma-separated list of words to describe your content.";s:6:"widget";a:4:{s:4:"type";s:21:"taxonomy_autocomplete";s:6:"weight";i:-4;s:8:"settings";a:2:{s:4:"size";i:60;s:17:"autocomplete_path";s:21:"taxonomy/autocomplete";}s:6:"module";s:8:"taxonomy";}s:7:"display";a:2:{s:7:"default";a:5:{s:4:"type";s:28:"taxonomy_term_reference_link";s:6:"weight";i:10;s:5:"label";s:5:"above";s:8:"settings";a:0:{}s:6:"module";s:8:"taxonomy";}s:6:"teaser";a:5:{s:4:"type";s:28:"taxonomy_term_reference_link";s:6:"weight";i:10;s:5:"label";s:5:"above";s:8:"settings";a:0:{}s:6:"module";s:8:"taxonomy";}}s:8:"settings";a:1:{s:18:"user_register_form";b:0;}s:8:"required";b:0;}', 0),
(6, 4, 'field_image', 'node', 'article', 'a:6:{s:5:"label";s:5:"Image";s:11:"description";s:40:"Upload an image to go with this article.";s:8:"required";b:0;s:8:"settings";a:8:{s:14:"file_directory";s:11:"field/image";s:15:"file_extensions";s:16:"png gif jpg jpeg";s:12:"max_filesize";s:0:"";s:14:"max_resolution";s:0:"";s:14:"min_resolution";s:0:"";s:9:"alt_field";b:1;s:11:"title_field";s:0:"";s:18:"user_register_form";b:0;}s:6:"widget";a:4:{s:4:"type";s:11:"image_image";s:8:"settings";a:2:{s:18:"progress_indicator";s:8:"throbber";s:19:"preview_image_style";s:9:"thumbnail";}s:6:"weight";i:-1;s:6:"module";s:5:"image";}s:7:"display";a:2:{s:7:"default";a:5:{s:5:"label";s:6:"hidden";s:4:"type";s:5:"image";s:8:"settings";a:2:{s:11:"image_style";s:5:"large";s:10:"image_link";s:0:"";}s:6:"weight";i:-1;s:6:"module";s:5:"image";}s:6:"teaser";a:5:{s:5:"label";s:6:"hidden";s:4:"type";s:5:"image";s:8:"settings";a:2:{s:11:"image_style";s:6:"medium";s:10:"image_link";s:7:"content";}s:6:"weight";i:-1;s:6:"module";s:5:"image";}}}', 0),
(7, 1, 'comment_body', 'comment', 'comment_node_blog', 'a:6:{s:5:"label";s:7:"Comment";s:8:"settings";a:2:{s:15:"text_processing";i:1;s:18:"user_register_form";b:0;}s:8:"required";b:1;s:7:"display";a:1:{s:7:"default";a:5:{s:5:"label";s:6:"hidden";s:4:"type";s:12:"text_default";s:6:"weight";i:0;s:8:"settings";a:0:{}s:6:"module";s:4:"text";}}s:6:"widget";a:4:{s:4:"type";s:13:"text_textarea";s:8:"settings";a:1:{s:4:"rows";i:5;}s:6:"weight";i:0;s:6:"module";s:4:"text";}s:11:"description";s:0:"";}', 0),
(8, 2, 'body', 'node', 'blog', 'a:6:{s:5:"label";s:4:"Body";s:6:"widget";a:4:{s:4:"type";s:26:"text_textarea_with_summary";s:8:"settings";a:2:{s:4:"rows";i:20;s:12:"summary_rows";i:5;}s:6:"weight";i:-4;s:6:"module";s:4:"text";}s:8:"settings";a:3:{s:15:"display_summary";b:1;s:15:"text_processing";i:1;s:18:"user_register_form";b:0;}s:7:"display";a:2:{s:7:"default";a:5:{s:5:"label";s:6:"hidden";s:4:"type";s:12:"text_default";s:8:"settings";a:0:{}s:6:"module";s:4:"text";s:6:"weight";i:0;}s:6:"teaser";a:5:{s:5:"label";s:6:"hidden";s:4:"type";s:23:"text_summary_or_trimmed";s:8:"settings";a:1:{s:11:"trim_length";i:600;}s:6:"module";s:4:"text";s:6:"weight";i:0;}}s:8:"required";b:0;s:11:"description";s:0:"";}', 0),
(9, 1, 'comment_body', 'comment', 'comment_node_poll', 'a:6:{s:5:"label";s:7:"Comment";s:8:"settings";a:2:{s:15:"text_processing";i:1;s:18:"user_register_form";b:0;}s:8:"required";b:1;s:7:"display";a:1:{s:7:"default";a:5:{s:5:"label";s:6:"hidden";s:4:"type";s:12:"text_default";s:6:"weight";i:0;s:8:"settings";a:0:{}s:6:"module";s:4:"text";}}s:6:"widget";a:4:{s:4:"type";s:13:"text_textarea";s:8:"settings";a:1:{s:4:"rows";i:5;}s:6:"weight";i:0;s:6:"module";s:4:"text";}s:11:"description";s:0:"";}', 0),
(10, 5, 'taxonomy_forums', 'node', 'forum', 'a:6:{s:5:"label";s:6:"Forums";s:8:"required";b:1;s:6:"widget";a:4:{s:4:"type";s:14:"options_select";s:8:"settings";a:0:{}s:6:"weight";i:0;s:6:"module";s:7:"options";}s:7:"display";a:2:{s:7:"default";a:5:{s:4:"type";s:28:"taxonomy_term_reference_link";s:6:"weight";i:10;s:5:"label";s:5:"above";s:8:"settings";a:0:{}s:6:"module";s:8:"taxonomy";}s:6:"teaser";a:5:{s:4:"type";s:28:"taxonomy_term_reference_link";s:6:"weight";i:10;s:5:"label";s:5:"above";s:8:"settings";a:0:{}s:6:"module";s:8:"taxonomy";}}s:8:"settings";a:1:{s:18:"user_register_form";b:0;}s:11:"description";s:0:"";}', 0),
(11, 1, 'comment_body', 'comment', 'comment_node_forum', 'a:6:{s:5:"label";s:7:"Comment";s:8:"settings";a:2:{s:15:"text_processing";i:1;s:18:"user_register_form";b:0;}s:8:"required";b:1;s:7:"display";a:1:{s:7:"default";a:5:{s:5:"label";s:6:"hidden";s:4:"type";s:12:"text_default";s:6:"weight";i:0;s:8:"settings";a:0:{}s:6:"module";s:4:"text";}}s:6:"widget";a:4:{s:4:"type";s:13:"text_textarea";s:8:"settings";a:1:{s:4:"rows";i:5;}s:6:"weight";i:0;s:6:"module";s:4:"text";}s:11:"description";s:0:"";}', 0),
(12, 2, 'body', 'node', 'forum', 'a:6:{s:5:"label";s:4:"Body";s:6:"widget";a:4:{s:4:"type";s:26:"text_textarea_with_summary";s:8:"settings";a:2:{s:4:"rows";i:20;s:12:"summary_rows";i:5;}s:6:"weight";i:1;s:6:"module";s:4:"text";}s:8:"settings";a:3:{s:15:"display_summary";b:1;s:15:"text_processing";i:1;s:18:"user_register_form";b:0;}s:7:"display";a:2:{s:7:"default";a:5:{s:5:"label";s:6:"hidden";s:4:"type";s:12:"text_default";s:8:"settings";a:0:{}s:6:"module";s:4:"text";s:6:"weight";i:11;}s:6:"teaser";a:5:{s:5:"label";s:6:"hidden";s:4:"type";s:23:"text_summary_or_trimmed";s:8:"settings";a:1:{s:11:"trim_length";i:600;}s:6:"module";s:4:"text";s:6:"weight";i:11;}}s:8:"required";b:0;s:11:"description";s:0:"";}', 0);

-- --------------------------------------------------------

--
-- Table structure for table`field_data_body`
--

CREATE TABLE `field_data_body` (
  `entity_type` varchar(128) NOT NULL DEFAULT '' COMMENT 'The entity type this data is attached to',
  `bundle` varchar(128) NOT NULL DEFAULT '' COMMENT 'The field instance bundle to which this row belongs, used when deleting a field instance',
  `deleted` tinyint(4) NOT NULL DEFAULT '0' COMMENT 'A boolean indicating whether this data item has been deleted',
  `entity_id` int(10) unsigned NOT NULL COMMENT 'The entity id this data is attached to',
  `revision_id` int(10) unsigned DEFAULT NULL COMMENT 'The entity revision id this data is attached to, or NULL if the entity type is not versioned',
  `language` varchar(32) NOT NULL DEFAULT '' COMMENT 'The language for this data item.',
  `delta` int(10) unsigned NOT NULL COMMENT 'The sequence number for this data item, used for multi-value fields',
  `body_value` longtext,
  `body_summary` longtext,
  `body_format` varchar(255) DEFAULT NULL,
  PRIMARY KEY (`entity_type`,`entity_id`,`deleted`,`delta`,`language`),
  KEY `entity_type` (`entity_type`),
  KEY `bundle` (`bundle`),
  KEY `deleted` (`deleted`),
  KEY `entity_id` (`entity_id`),
  KEY `revision_id` (`revision_id`),
  KEY `language` (`language`),
  KEY `body_format` (`body_format`)
) ENGINE=MyISAM DEFAULT CHARSET=latin1;

--
-- Dumping data for table 'field_data_body'
--

INSERT INTO `field_data_body` VALUES
('node', 'blog', 0, 2, 2, 'und', 0, 'Content soon to come...', '', 'filtered_html'),
('node', 'forum', 0, 4, 4, 'und', 0, 'Stuff You Want to Talk About', '', 'filtered_html');

-- --------------------------------------------------------

--
-- Table structure for table`field_data_comment_body`
--

CREATE TABLE `field_data_comment_body` (
  `entity_type` varchar(128) NOT NULL DEFAULT '' COMMENT 'The entity type this data is attached to',
  `bundle` varchar(128) NOT NULL DEFAULT '' COMMENT 'The field instance bundle to which this row belongs, used when deleting a field instance',
  `deleted` tinyint(4) NOT NULL DEFAULT '0' COMMENT 'A boolean indicating whether this data item has been deleted',
  `entity_id` int(10) unsigned NOT NULL COMMENT 'The entity id this data is attached to',
  `revision_id` int(10) unsigned DEFAULT NULL COMMENT 'The entity revision id this data is attached to, or NULL if the entity type is not versioned',
  `language` varchar(32) NOT NULL DEFAULT '' COMMENT 'The language for this data item.',
  `delta` int(10) unsigned NOT NULL COMMENT 'The sequence number for this data item, used for multi-value fields',
  `comment_body_value` longtext,
  `comment_body_format` varchar(255) DEFAULT NULL,
  PRIMARY KEY (`entity_type`,`entity_id`,`deleted`,`delta`,`language`),
  KEY `entity_type` (`entity_type`),
  KEY `bundle` (`bundle`),
  KEY `deleted` (`deleted`),
  KEY `entity_id` (`entity_id`),
  KEY `revision_id` (`revision_id`),
  KEY `language` (`language`),
  KEY `comment_body_format` (`comment_body_format`)
) ENGINE=MyISAM DEFAULT CHARSET=latin1;

--
-- Dumping data for table 'field_data_comment_body'
--

INSERT INTO `field_data_comment_body` VALUES
('comment', 'comment_node_forum', 0, 1, 1, 'und', 0, 'I have an account at Bert''s Concepts!!!', 'plain_text'),
('comment', 'comment_node_forum', 0, 2, 2, 'und', 0, 'This is my second post!  Wow!', 'plain_text');

-- --------------------------------------------------------

--
-- Table structure for table`field_data_field_image`
--

CREATE TABLE `field_data_field_image` (
  `entity_type` varchar(128) NOT NULL DEFAULT '' COMMENT 'The entity type this data is attached to',
  `bundle` varchar(128) NOT NULL DEFAULT '' COMMENT 'The field instance bundle to which this row belongs, used when deleting a field instance',
  `deleted` tinyint(4) NOT NULL DEFAULT '0' COMMENT 'A boolean indicating whether this data item has been deleted',
  `entity_id` int(10) unsigned NOT NULL COMMENT 'The entity id this data is attached to',
  `revision_id` int(10) unsigned DEFAULT NULL COMMENT 'The entity revision id this data is attached to, or NULL if the entity type is not versioned',
  `language` varchar(32) NOT NULL DEFAULT '' COMMENT 'The language for this data item.',
  `delta` int(10) unsigned NOT NULL COMMENT 'The sequence number for this data item, used for multi-value fields',
  `field_image_fid` int(10) unsigned DEFAULT NULL COMMENT 'The file_managed.fid being referenced in this field.',
  `field_image_alt` varchar(128) DEFAULT NULL COMMENT 'Alternative image text, for the image’s ’alt’ attribute.',
  `field_image_title` varchar(128) DEFAULT NULL COMMENT 'Image title text, for the image’s ’title’ attribute.',
  PRIMARY KEY (`entity_type`,`entity_id`,`deleted`,`delta`,`language`),
  KEY `entity_type` (`entity_type`),
  KEY `bundle` (`bundle`),
  KEY `deleted` (`deleted`),
  KEY `entity_id` (`entity_id`),
  KEY `revision_id` (`revision_id`),
  KEY `language` (`language`),
  KEY `field_image_fid` (`field_image_fid`)
) ENGINE=MyISAM DEFAULT CHARSET=latin1;

-- --------------------------------------------------------

--
-- Table structure for table`field_data_field_tags`
--

CREATE TABLE `field_data_field_tags` (
  `entity_type` varchar(128) NOT NULL DEFAULT '' COMMENT 'The entity type this data is attached to',
  `bundle` varchar(128) NOT NULL DEFAULT '' COMMENT 'The field instance bundle to which this row belongs, used when deleting a field instance',
  `deleted` tinyint(4) NOT NULL DEFAULT '0' COMMENT 'A boolean indicating whether this data item has been deleted',
  `entity_id` int(10) unsigned NOT NULL COMMENT 'The entity id this data is attached to',
  `revision_id` int(10) unsigned DEFAULT NULL COMMENT 'The entity revision id this data is attached to, or NULL if the entity type is not versioned',
  `language` varchar(32) NOT NULL DEFAULT '' COMMENT 'The language for this data item.',
  `delta` int(10) unsigned NOT NULL COMMENT 'The sequence number for this data item, used for multi-value fields',
  `field_tags_tid` int(10) unsigned DEFAULT NULL,
  PRIMARY KEY (`entity_type`,`entity_id`,`deleted`,`delta`,`language`),
  KEY `entity_type` (`entity_type`),
  KEY `bundle` (`bundle`),
  KEY `deleted` (`deleted`),
  KEY `entity_id` (`entity_id`),
  KEY `revision_id` (`revision_id`),
  KEY `language` (`language`),
  KEY `field_tags_tid` (`field_tags_tid`)
) ENGINE=MyISAM DEFAULT CHARSET=latin1;

-- --------------------------------------------------------

--
-- Table structure for table`field_data_taxonomy_forums`
--

CREATE TABLE `field_data_taxonomy_forums` (
  `entity_type` varchar(128) NOT NULL DEFAULT '' COMMENT 'The entity type this data is attached to',
  `bundle` varchar(128) NOT NULL DEFAULT '' COMMENT 'The field instance bundle to which this row belongs, used when deleting a field instance',
  `deleted` tinyint(4) NOT NULL DEFAULT '0' COMMENT 'A boolean indicating whether this data item has been deleted',
  `entity_id` int(10) unsigned NOT NULL COMMENT 'The entity id this data is attached to',
  `revision_id` int(10) unsigned DEFAULT NULL COMMENT 'The entity revision id this data is attached to, or NULL if the entity type is not versioned',
  `language` varchar(32) NOT NULL DEFAULT '' COMMENT 'The language for this data item.',
  `delta` int(10) unsigned NOT NULL COMMENT 'The sequence number for this data item, used for multi-value fields',
  `taxonomy_forums_tid` int(10) unsigned DEFAULT NULL,
  PRIMARY KEY (`entity_type`,`entity_id`,`deleted`,`delta`,`language`),
  KEY `entity_type` (`entity_type`),
  KEY `bundle` (`bundle`),
  KEY `deleted` (`deleted`),
  KEY `entity_id` (`entity_id`),
  KEY `revision_id` (`revision_id`),
  KEY `language` (`language`),
  KEY `taxonomy_forums_tid` (`taxonomy_forums_tid`)
) ENGINE=InnoDB DEFAULT CHARSET=utf8 COMMENT='Data storage for field 5 (taxonomy_forums)';

--
-- Dumping data for table 'field_data_taxonomy_forums'
--

INSERT INTO `field_data_taxonomy_forums` VALUES
('node', 'forum', 0, 4, 4, 'und', 0, 1);

-- --------------------------------------------------------

--
-- Table structure for table`field_revision_body`
--

CREATE TABLE `field_revision_body` (
  `entity_type` varchar(128) NOT NULL DEFAULT '' COMMENT 'The entity type this data is attached to',
  `bundle` varchar(128) NOT NULL DEFAULT '' COMMENT 'The field instance bundle to which this row belongs, used when deleting a field instance',
  `deleted` tinyint(4) NOT NULL DEFAULT '0' COMMENT 'A boolean indicating whether this data item has been deleted',
  `entity_id` int(10) unsigned NOT NULL COMMENT 'The entity id this data is attached to',
  `revision_id` int(10) unsigned NOT NULL COMMENT 'The entity revision id this data is attached to',
  `language` varchar(32) NOT NULL DEFAULT '' COMMENT 'The language for this data item.',
  `delta` int(10) unsigned NOT NULL COMMENT 'The sequence number for this data item, used for multi-value fields',
  `body_value` longtext,
  `body_summary` longtext,
  `body_format` varchar(255) DEFAULT NULL,
  PRIMARY KEY (`entity_type`,`entity_id`,`revision_id`,`deleted`,`delta`,`language`),
  KEY `entity_type` (`entity_type`),
  KEY `bundle` (`bundle`),
  KEY `deleted` (`deleted`),
  KEY `entity_id` (`entity_id`),
  KEY `revision_id` (`revision_id`),
  KEY `language` (`language`),
  KEY `body_format` (`body_format`)
) ENGINE=MyISAM DEFAULT CHARSET=latin1;

--
-- Dumping data for table 'field_revision_body'
--

INSERT INTO `field_revision_body` VALUES
('node', 'blog', 0, 2, 2, 'und', 0, 'Content soon to come...', '', 'filtered_html'),
('node', 'forum', 0, 4, 4, 'und', 0, 'Stuff You Want to Talk About', '', 'filtered_html');

-- --------------------------------------------------------

--
-- Table structure for table`field_revision_comment_body`
--

CREATE TABLE `field_revision_comment_body` (
  `entity_type` varchar(128) NOT NULL DEFAULT '' COMMENT 'The entity type this data is attached to',
  `bundle` varchar(128) NOT NULL DEFAULT '' COMMENT 'The field instance bundle to which this row belongs, used when deleting a field instance',
  `deleted` tinyint(4) NOT NULL DEFAULT '0' COMMENT 'A boolean indicating whether this data item has been deleted',
  `entity_id` int(10) unsigned NOT NULL COMMENT 'The entity id this data is attached to',
  `revision_id` int(10) unsigned NOT NULL COMMENT 'The entity revision id this data is attached to',
  `language` varchar(32) NOT NULL DEFAULT '' COMMENT 'The language for this data item.',
  `delta` int(10) unsigned NOT NULL COMMENT 'The sequence number for this data item, used for multi-value fields',
  `comment_body_value` longtext,
  `comment_body_format` varchar(255) DEFAULT NULL,
  PRIMARY KEY (`entity_type`,`entity_id`,`revision_id`,`deleted`,`delta`,`language`),
  KEY `entity_type` (`entity_type`),
  KEY `bundle` (`bundle`),
  KEY `deleted` (`deleted`),
  KEY `entity_id` (`entity_id`),
  KEY `revision_id` (`revision_id`),
  KEY `language` (`language`),
  KEY `comment_body_format` (`comment_body_format`)
) ENGINE=MyISAM DEFAULT CHARSET=latin1;

--
-- Dumping data for table 'field_revision_comment_body'
--

INSERT INTO `field_revision_comment_body` VALUES
('comment', 'comment_node_forum', 0, 1, 1, 'und', 0, 'I have an account at Bert''s Concepts!!!', 'plain_text'),
('comment', 'comment_node_forum', 0, 2, 2, 'und', 0, 'This is my second post!  Wow!', 'plain_text');

-- --------------------------------------------------------

--
-- Table structure for table`field_revision_field_image`
--

CREATE TABLE `field_revision_field_image` (
  `entity_type` varchar(128) NOT NULL DEFAULT '' COMMENT 'The entity type this data is attached to',
  `bundle` varchar(128) NOT NULL DEFAULT '' COMMENT 'The field instance bundle to which this row belongs, used when deleting a field instance',
  `deleted` tinyint(4) NOT NULL DEFAULT '0' COMMENT 'A boolean indicating whether this data item has been deleted',
  `entity_id` int(10) unsigned NOT NULL COMMENT 'The entity id this data is attached to',
  `revision_id` int(10) unsigned NOT NULL COMMENT 'The entity revision id this data is attached to',
  `language` varchar(32) NOT NULL DEFAULT '' COMMENT 'The language for this data item.',
  `delta` int(10) unsigned NOT NULL COMMENT 'The sequence number for this data item, used for multi-value fields',
  `field_image_fid` int(10) unsigned DEFAULT NULL COMMENT 'The file_managed.fid being referenced in this field.',
  `field_image_alt` varchar(128) DEFAULT NULL COMMENT 'Alternative image text, for the image’s ’alt’ attribute.',
  `field_image_title` varchar(128) DEFAULT NULL COMMENT 'Image title text, for the image’s ’title’ attribute.',
  PRIMARY KEY (`entity_type`,`entity_id`,`revision_id`,`deleted`,`delta`,`language`),
  KEY `entity_type` (`entity_type`),
  KEY `bundle` (`bundle`),
  KEY `deleted` (`deleted`),
  KEY `entity_id` (`entity_id`),
  KEY `revision_id` (`revision_id`),
  KEY `language` (`language`),
  KEY `field_image_fid` (`field_image_fid`)
) ENGINE=MyISAM DEFAULT CHARSET=latin1;

-- --------------------------------------------------------

--
-- Table structure for table`field_revision_field_tags`
--

CREATE TABLE `field_revision_field_tags` (
  `entity_type` varchar(128) NOT NULL DEFAULT '' COMMENT 'The entity type this data is attached to',
  `bundle` varchar(128) NOT NULL DEFAULT '' COMMENT 'The field instance bundle to which this row belongs, used when deleting a field instance',
  `deleted` tinyint(4) NOT NULL DEFAULT '0' COMMENT 'A boolean indicating whether this data item has been deleted',
  `entity_id` int(10) unsigned NOT NULL COMMENT 'The entity id this data is attached to',
  `revision_id` int(10) unsigned NOT NULL COMMENT 'The entity revision id this data is attached to',
  `language` varchar(32) NOT NULL DEFAULT '' COMMENT 'The language for this data item.',
  `delta` int(10) unsigned NOT NULL COMMENT 'The sequence number for this data item, used for multi-value fields',
  `field_tags_tid` int(10) unsigned DEFAULT NULL,
  PRIMARY KEY (`entity_type`,`entity_id`,`revision_id`,`deleted`,`delta`,`language`),
  KEY `entity_type` (`entity_type`),
  KEY `bundle` (`bundle`),
  KEY `deleted` (`deleted`),
  KEY `entity_id` (`entity_id`),
  KEY `revision_id` (`revision_id`),
  KEY `language` (`language`),
  KEY `field_tags_tid` (`field_tags_tid`)
) ENGINE=MyISAM DEFAULT CHARSET=latin1;

-- --------------------------------------------------------

--
-- Table structure for table`field_revision_taxonomy_forums`
--

CREATE TABLE `field_revision_taxonomy_forums` (
  `entity_type` varchar(128) NOT NULL DEFAULT '' COMMENT 'The entity type this data is attached to',
  `bundle` varchar(128) NOT NULL DEFAULT '' COMMENT 'The field instance bundle to which this row belongs, used when deleting a field instance',
  `deleted` tinyint(4) NOT NULL DEFAULT '0' COMMENT 'A boolean indicating whether this data item has been deleted',
  `entity_id` int(10) unsigned NOT NULL COMMENT 'The entity id this data is attached to',
  `revision_id` int(10) unsigned NOT NULL COMMENT 'The entity revision id this data is attached to',
  `language` varchar(32) NOT NULL DEFAULT '' COMMENT 'The language for this data item.',
  `delta` int(10) unsigned NOT NULL COMMENT 'The sequence number for this data item, used for multi-value fields',
  `taxonomy_forums_tid` int(10) unsigned DEFAULT NULL,
  PRIMARY KEY (`entity_type`,`entity_id`,`revision_id`,`deleted`,`delta`,`language`),
  KEY `entity_type` (`entity_type`),
  KEY `bundle` (`bundle`),
  KEY `deleted` (`deleted`),
  KEY `entity_id` (`entity_id`),
  KEY `revision_id` (`revision_id`),
  KEY `language` (`language`),
  KEY `taxonomy_forums_tid` (`taxonomy_forums_tid`)
) ENGINE=InnoDB DEFAULT CHARSET=utf8 COMMENT='Revision archive storage for field 5 (taxonomy_forums)';

--
-- Dumping data for table 'field_revision_taxonomy_forums'
--

INSERT INTO `field_revision_taxonomy_forums` VALUES
('node', 'forum', 0, 4, 4, 'und', 0, 1);

-- --------------------------------------------------------

--
-- Table structure for table`file_managed`
--

CREATE TABLE `file_managed` (
  `fid` int(10) unsigned NOT NULL AUTO_INCREMENT COMMENT 'File ID.',
  `uid` int(10) unsigned NOT NULL DEFAULT '0' COMMENT 'The users.uid of the user who is associated with the file.',
  `filename` varchar(255) NOT NULL DEFAULT '' COMMENT 'Name of the file with no path components. This may differ from the basename of the URI if the file is renamed to avoid overwriting an existing file.',
  `uri` varchar(255) NOT NULL DEFAULT '' COMMENT 'The URI to access the file (either local or remote).',
  `filemime` varchar(255) NOT NULL DEFAULT '' COMMENT 'The file’s MIME type.',
  `filesize` int(10) unsigned NOT NULL DEFAULT '0' COMMENT 'The size of the file in bytes.',
  `status` tinyint(4) NOT NULL DEFAULT '0' COMMENT 'A field indicating the status of the file. Two status are defined in core: temporary (0) and permanent (1). Temporary files older than DRUPAL_MAXIMUM_TEMP_FILE_AGE will be removed during a cron run.',
  `timestamp` int(10) unsigned NOT NULL DEFAULT '0' COMMENT 'UNIX timestamp for when the file was added.',
  PRIMARY KEY (`fid`),
  UNIQUE KEY `uri` (`uri`),
  KEY `uid` (`uid`),
  KEY `status` (`status`),
  KEY `timestamp` (`timestamp`)
) ENGINE=MyISAM  DEFAULT CHARSET=latin1 AUTO_INCREMENT=3 ;

--
-- Dumping data for table 'file_managed'
--

INSERT INTO `file_managed` VALUES
(2, 6, 'picture-6-1307504253.png', 'public://pictures/picture-6-1307504253.png', 'image/png', 17395, 1, 1307504253);

-- --------------------------------------------------------

--
-- Table structure for table`file_usage`
--

CREATE TABLE `file_usage` (
  `fid` int(10) unsigned NOT NULL COMMENT 'File ID.',
  `module` varchar(255) NOT NULL DEFAULT '' COMMENT 'The name of the module that is using the file.',
  `type` varchar(64) NOT NULL DEFAULT '' COMMENT 'The name of the object type in which the file is used.',
  `id` int(10) unsigned NOT NULL DEFAULT '0' COMMENT 'The primary key of the object using the file.',
  `count` int(10) unsigned NOT NULL DEFAULT '0' COMMENT 'The number of times this file is used by this object.',
  PRIMARY KEY (`fid`,`type`,`id`,`module`),
  KEY `type_id` (`type`,`id`),
  KEY `fid_count` (`fid`,`count`),
  KEY `fid_module` (`fid`,`module`)
) ENGINE=MyISAM DEFAULT CHARSET=latin1;

--
-- Dumping data for table 'file_usage'
--

INSERT INTO `file_usage` VALUES
(2, 'user', 'user', 6, 1);

-- --------------------------------------------------------

--
-- Table structure for table`filter`
--

CREATE TABLE `filter` (
  `format` varchar(255) NOT NULL COMMENT 'Foreign key: The filter_format.format to which this filter is assigned.',
  `module` varchar(64) NOT NULL DEFAULT '' COMMENT 'The origin module of the filter.',
  `name` varchar(32) NOT NULL DEFAULT '' COMMENT 'Name of the filter being referenced.',
  `weight` int(11) NOT NULL DEFAULT '0' COMMENT 'Weight of filter within format.',
  `status` int(11) NOT NULL DEFAULT '0' COMMENT 'Filter enabled status. (1 = enabled, 0 = disabled)',
  `settings` longblob COMMENT 'A serialized array of name value pairs that store the filter settings for the specific format.',
  PRIMARY KEY (`format`,`name`),
  KEY `list` (`weight`,`module`,`name`)
) ENGINE=MyISAM DEFAULT CHARSET=latin1;

--
-- Dumping data for table 'filter'
--

INSERT INTO `filter` VALUES
('filtered_html', 'filter', 'filter_autop', 2, 1, 'a:0:{}'),
('filtered_html', 'filter', 'filter_html', 1, 1, 'a:3:{s:12:"allowed_html";s:74:"<a> <em> <strong> <cite> <blockquote> <code> <ul> <ol> <li> <dl> <dt> <dd>";s:16:"filter_html_help";i:1;s:20:"filter_html_nofollow";i:0;}'),
('filtered_html', 'filter', 'filter_htmlcorrector', 10, 1, 'a:0:{}'),
('filtered_html', 'filter', 'filter_html_escape', 10, 0, 'a:0:{}'),
('filtered_html', 'filter', 'filter_url', 0, 1, 'a:1:{s:17:"filter_url_length";i:72;}'),
('full_html', 'filter', 'filter_autop', 1, 1, 'a:0:{}'),
('full_html', 'filter', 'filter_html', 10, 0, 'a:3:{s:12:"allowed_html";s:74:"<a> <em> <strong> <cite> <blockquote> <code> <ul> <ol> <li> <dl> <dt> <dd>";s:16:"filter_html_help";i:1;s:20:"filter_html_nofollow";i:0;}'),
('full_html', 'filter', 'filter_htmlcorrector', 10, 1, 'a:0:{}'),
('full_html', 'filter', 'filter_html_escape', 10, 0, 'a:0:{}'),
('full_html', 'filter', 'filter_url', 0, 1, 'a:1:{s:17:"filter_url_length";i:72;}'),
('plain_text', 'filter', 'filter_autop', 2, 1, 'a:0:{}'),
('plain_text', 'filter', 'filter_html', 10, 0, 'a:3:{s:12:"allowed_html";s:74:"<a> <em> <strong> <cite> <blockquote> <code> <ul> <ol> <li> <dl> <dt> <dd>";s:16:"filter_html_help";i:1;s:20:"filter_html_nofollow";i:0;}'),
('plain_text', 'filter', 'filter_htmlcorrector', 10, 0, 'a:0:{}'),
('plain_text', 'filter', 'filter_html_escape', 0, 1, 'a:0:{}'),
('plain_text', 'filter', 'filter_url', 1, 1, 'a:1:{s:17:"filter_url_length";i:72;}');

-- --------------------------------------------------------

--
-- Table structure for table`filter_format`
--

CREATE TABLE `filter_format` (
  `format` varchar(255) NOT NULL COMMENT 'Primary Key: Unique machine name of the format.',
  `name` varchar(255) NOT NULL DEFAULT '' COMMENT 'Name of the text format (Filtered HTML).',
  `cache` tinyint(4) NOT NULL DEFAULT '0' COMMENT 'Flag to indicate whether format is cacheable. (1 = cacheable, 0 = not cacheable)',
  `status` tinyint(3) unsigned NOT NULL DEFAULT '1' COMMENT 'The status of the text format. (1 = enabled, 0 = disabled)',
  `weight` int(11) NOT NULL DEFAULT '0' COMMENT 'Weight of text format to use when listing.',
  PRIMARY KEY (`format`),
  UNIQUE KEY `name` (`name`),
  KEY `status_weight` (`status`,`weight`)
) ENGINE=MyISAM DEFAULT CHARSET=latin1;

--
-- Dumping data for table 'filter_format'
--

INSERT INTO `filter_format` VALUES
('filtered_html', 'Filtered HTML', 1, 1, 0),
('full_html', 'Full HTML', 1, 1, 1),
('plain_text', 'Plain text', 1, 1, 10);

-- --------------------------------------------------------

--
-- Table structure for table`flood`
--

CREATE TABLE `flood` (
  `fid` int(11) NOT NULL AUTO_INCREMENT COMMENT 'Unique flood event ID.',
  `event` varchar(64) NOT NULL DEFAULT '' COMMENT 'Name of event (e.g. contact).',
  `identifier` varchar(128) NOT NULL DEFAULT '' COMMENT 'Identifier of the visitor, such as an IP address or hostname.',
  `timestamp` int(11) NOT NULL DEFAULT '0' COMMENT 'Timestamp of the event.',
  `expiration` int(11) NOT NULL DEFAULT '0' COMMENT 'Expiration timestamp. Expired events are purged on cron run.',
  PRIMARY KEY (`fid`),
  KEY `allow` (`event`,`identifier`,`timestamp`),
  KEY `purge` (`expiration`)
) ENGINE=MyISAM  DEFAULT CHARSET=latin1 AUTO_INCREMENT=205 ;

--
-- Dumping data for table 'flood'
--

INSERT INTO `flood` VALUES
(204, 'failed_login_attempt_ip', '188.165.240.186', 1348010477, 1348014077);

-- --------------------------------------------------------

--
-- Table structure for table`forum`
--

CREATE TABLE `forum` (
  `nid` int(10) unsigned NOT NULL DEFAULT '0' COMMENT 'The node.nid of the node.',
  `vid` int(10) unsigned NOT NULL DEFAULT '0' COMMENT 'Primary Key: The node.vid of the node.',
  `tid` int(10) unsigned NOT NULL DEFAULT '0' COMMENT 'The taxonomy_term_data.tid of the forum term assigned to the node.',
  PRIMARY KEY (`vid`),
  KEY `forum_topic` (`nid`,`tid`),
  KEY `tid` (`tid`)
) ENGINE=InnoDB DEFAULT CHARSET=utf8 COMMENT='Stores the relationship of nodes to forum terms.';

--
-- Dumping data for table 'forum'
--

INSERT INTO `forum` VALUES
(4, 4, 1);

-- --------------------------------------------------------

--
-- Table structure for table`forum_index`
--

CREATE TABLE `forum_index` (
  `nid` int(10) unsigned NOT NULL DEFAULT '0' COMMENT 'The node.nid this record tracks.',
  `title` varchar(255) NOT NULL DEFAULT '' COMMENT 'The title of this node, always treated as non-markup plain text.',
  `tid` int(10) unsigned NOT NULL DEFAULT '0' COMMENT 'The term ID.',
  `sticky` tinyint(4) DEFAULT '0' COMMENT 'Boolean indicating whether the node is sticky.',
  `created` int(10) unsigned NOT NULL DEFAULT '0' COMMENT 'The Unix timestamp when the node was created.',
  `last_comment_timestamp` int(11) NOT NULL DEFAULT '0' COMMENT 'The Unix timestamp of the last comment that was posted within this node, from comment.timestamp.',
  `comment_count` int(10) unsigned NOT NULL DEFAULT '0' COMMENT 'The total number of comments on this node.',
  KEY `forum_topics` (`nid`,`tid`,`sticky`,`last_comment_timestamp`)
) ENGINE=InnoDB DEFAULT CHARSET=utf8 COMMENT='Maintains denormalized information about node/term...';

--
-- Dumping data for table 'forum_index'
--

INSERT INTO `forum_index` VALUES
(4, 'Cuss or Discuss', 1, 0, 1307163164, 1307504573, 2);

-- --------------------------------------------------------

--
-- Table structure for table`history`
--

CREATE TABLE `history` (
  `uid` int(11) NOT NULL DEFAULT '0' COMMENT 'The users.uid that read the node nid.',
  `nid` int(11) NOT NULL DEFAULT '0' COMMENT 'The node.nid that was read.',
  `timestamp` int(11) NOT NULL DEFAULT '0' COMMENT 'The Unix timestamp at which the read occurred.',
  PRIMARY KEY (`uid`,`nid`),
  KEY `nid` (`nid`)
) ENGINE=MyISAM DEFAULT CHARSET=latin1;

-- --------------------------------------------------------

--
-- Table structure for table`image_effects`
--

CREATE TABLE `image_effects` (
  `ieid` int(10) unsigned NOT NULL AUTO_INCREMENT COMMENT 'The primary identifier for an image effect.',
  `isid` int(10) unsigned NOT NULL DEFAULT '0' COMMENT 'The image_styles.isid for an image style.',
  `weight` int(11) NOT NULL DEFAULT '0' COMMENT 'The weight of the effect in the style.',
  `name` varchar(255) NOT NULL COMMENT 'The unique name of the effect to be executed.',
  `data` longblob NOT NULL COMMENT 'The configuration data for the effect.',
  PRIMARY KEY (`ieid`),
  KEY `isid` (`isid`),
  KEY `weight` (`weight`)
) ENGINE=MyISAM DEFAULT CHARSET=latin1 AUTO_INCREMENT=1 ;

-- --------------------------------------------------------

--
-- Table structure for table`image_styles`
--

CREATE TABLE `image_styles` (
  `isid` int(10) unsigned NOT NULL AUTO_INCREMENT COMMENT 'The primary identifier for an image style.',
  `name` varchar(255) NOT NULL COMMENT 'The style name.',
  PRIMARY KEY (`isid`),
  UNIQUE KEY `name` (`name`)
) ENGINE=MyISAM DEFAULT CHARSET=latin1 AUTO_INCREMENT=1 ;

-- --------------------------------------------------------

--
-- Table structure for table`menu_custom`
--

CREATE TABLE `menu_custom` (
  `menu_name` varchar(32) NOT NULL DEFAULT '' COMMENT 'Primary Key: Unique key for menu. This is used as a block delta so length is 32.',
  `title` varchar(255) NOT NULL DEFAULT '' COMMENT 'Menu title; displayed at top of block.',
  `description` text COMMENT 'Menu description.',
  PRIMARY KEY (`menu_name`)
) ENGINE=MyISAM DEFAULT CHARSET=latin1;

--
-- Dumping data for table 'menu_custom'
--

INSERT INTO `menu_custom` VALUES
('main-menu', 'Main menu', 'The <em>Main</em> menu is used on many sites to show the major sections of the site, often in a top navigation bar.'),
('management', 'Management', 'The <em>Management</em> menu contains links for administrative tasks.'),
('navigation', 'Navigation', 'The <em>Navigation</em> menu contains links intended for site visitors. Links are added to the <em>Navigation</em> menu automatically by some modules.'),
('user-menu', 'User menu', 'The <em>User</em> menu contains links related to the user''s account, as well as the ''Log out'' link.');

-- --------------------------------------------------------

--
-- Table structure for table`menu_links`
--

CREATE TABLE `menu_links` (
  `menu_name` varchar(32) NOT NULL DEFAULT '' COMMENT 'The menu name. All links with the same menu name (such as ’navigation’) are part of the same menu.',
  `mlid` int(10) unsigned NOT NULL AUTO_INCREMENT COMMENT 'The menu link ID (mlid) is the integer primary key.',
  `plid` int(10) unsigned NOT NULL DEFAULT '0' COMMENT 'The parent link ID (plid) is the mlid of the link above in the hierarchy, or zero if the link is at the top level in its menu.',
  `link_path` varchar(255) NOT NULL DEFAULT '' COMMENT 'The Drupal path or external path this link points to.',
  `router_path` varchar(255) NOT NULL DEFAULT '' COMMENT 'For links corresponding to a Drupal path (external = 0), this connects the link to a menu_router.path for joins.',
  `link_title` varchar(255) NOT NULL DEFAULT '' COMMENT 'The text displayed for the link, which may be modified by a title callback stored in menu_router.',
  `options` blob COMMENT 'A serialized array of options to be passed to the url() or l() function, such as a query string or HTML attributes.',
  `module` varchar(255) NOT NULL DEFAULT 'system' COMMENT 'The name of the module that generated this link.',
  `hidden` smallint(6) NOT NULL DEFAULT '0' COMMENT 'A flag for whether the link should be rendered in menus. (1 = a disabled menu item that may be shown on admin screens, -1 = a menu callback, 0 = a normal, visible link)',
  `external` smallint(6) NOT NULL DEFAULT '0' COMMENT 'A flag to indicate if the link points to a full URL starting with a protocol, like http:// (1 = external, 0 = internal).',
  `has_children` smallint(6) NOT NULL DEFAULT '0' COMMENT 'Flag indicating whether any links have this link as a parent (1 = children exist, 0 = no children).',
  `expanded` smallint(6) NOT NULL DEFAULT '0' COMMENT 'Flag for whether this link should be rendered as expanded in menus - expanded links always have their child links displayed, instead of only when the link is in the active trail (1 = expanded, 0 = not expanded)',
  `weight` int(11) NOT NULL DEFAULT '0' COMMENT 'Link weight among links in the same menu at the same depth.',
  `depth` smallint(6) NOT NULL DEFAULT '0' COMMENT 'The depth relative to the top level. A link with plid == 0 will have depth == 1.',
  `customized` smallint(6) NOT NULL DEFAULT '0' COMMENT 'A flag to indicate that the user has manually created or edited the link (1 = customized, 0 = not customized).',
  `p1` int(10) unsigned NOT NULL DEFAULT '0' COMMENT 'The first mlid in the materialized path. If N = depth, then pN must equal the mlid. If depth > 1 then p(N-1) must equal the plid. All pX where X > depth must equal zero. The columns p1 .. p9 are also called the parents.',
  `p2` int(10) unsigned NOT NULL DEFAULT '0' COMMENT 'The second mlid in the materialized path. See p1.',
  `p3` int(10) unsigned NOT NULL DEFAULT '0' COMMENT 'The third mlid in the materialized path. See p1.',
  `p4` int(10) unsigned NOT NULL DEFAULT '0' COMMENT 'The fourth mlid in the materialized path. See p1.',
  `p5` int(10) unsigned NOT NULL DEFAULT '0' COMMENT 'The fifth mlid in the materialized path. See p1.',
  `p6` int(10) unsigned NOT NULL DEFAULT '0' COMMENT 'The sixth mlid in the materialized path. See p1.',
  `p7` int(10) unsigned NOT NULL DEFAULT '0' COMMENT 'The seventh mlid in the materialized path. See p1.',
  `p8` int(10) unsigned NOT NULL DEFAULT '0' COMMENT 'The eighth mlid in the materialized path. See p1.',
  `p9` int(10) unsigned NOT NULL DEFAULT '0' COMMENT 'The ninth mlid in the materialized path. See p1.',
  `updated` smallint(6) NOT NULL DEFAULT '0' COMMENT 'Flag that indicates that this link was generated during the update from Drupal 5.',
  PRIMARY KEY (`mlid`),
  KEY `path_menu` (`link_path`(128),`menu_name`),
  KEY `menu_plid_expand_child` (`menu_name`,`plid`,`expanded`,`has_children`),
  KEY `menu_parents` (`menu_name`,`p1`,`p2`,`p3`,`p4`,`p5`,`p6`,`p7`,`p8`,`p9`),
  KEY `router_path` (`router_path`(128))
) ENGINE=MyISAM  DEFAULT CHARSET=latin1 AUTO_INCREMENT=384 ;


INSERT INTO `menu_links` VALUES
('management', 317, 127, 'admin/structure/taxonomy/%/display', 'admin/structure/taxonomy/%/display', 'Manage display', 'a:0:{}', 'system', -1, 0, 0, 0, 2, 5, 0, 1, 21, 57, 127, 317, 0, 0, 0, 0, 0),
('management', 318, 89, 'admin/config/people/accounts/display', 'admin/config/people/accounts/display', 'Manage display', 'a:0:{}', 'system', -1, 0, 0, 0, 2, 5, 0, 1, 8, 48, 89, 318, 0, 0, 0, 0, 0),
('management', 319, 127, 'admin/structure/taxonomy/%/fields', 'admin/structure/taxonomy/%/fields', 'Manage fields', 'a:0:{}', 'system', -1, 0, 1, 0, 1, 5, 0, 1, 21, 57, 127, 319, 0, 0, 0, 0, 0),
('management', 320, 89, 'admin/config/people/accounts/fields', 'admin/config/people/accounts/fields', 'Manage fields', 'a:0:{}', 'system', -1, 0, 1, 0, 1, 5, 0, 1, 8, 48, 89, 320, 0, 0, 0, 0, 0),
('management', 321, 317, 'admin/structure/taxonomy/%/display/default', 'admin/structure/taxonomy/%/display/default', 'Default', 'a:0:{}', 'system', -1, 0, 0, 0, -10, 6, 0, 1, 21, 57, 127, 317, 321, 0, 0, 0, 0),
('management', 322, 318, 'admin/config/people/accounts/display/default', 'admin/config/people/accounts/display/default', 'Default', 'a:0:{}', 'system', -1, 0, 0, 0, -10, 6, 0, 1, 8, 48, 89, 318, 322, 0, 0, 0, 0),
('management', 323, 138, 'admin/structure/types/manage/%/display', 'admin/structure/types/manage/%/display', 'Manage display', 'a:0:{}', 'system', -1, 0, 0, 0, 2, 5, 0, 1, 21, 36, 138, 323, 0, 0, 0, 0, 0),
('management', 324, 138, 'admin/structure/types/manage/%/fields', 'admin/structure/types/manage/%/fields', 'Manage fields', 'a:0:{}', 'system', -1, 0, 1, 0, 1, 5, 0, 1, 21, 36, 138, 324, 0, 0, 0, 0, 0),
('management', 325, 317, 'admin/structure/taxonomy/%/display/full', 'admin/structure/taxonomy/%/display/full', 'Taxonomy term page', 'a:0:{}', 'system', -1, 0, 0, 0, 0, 6, 0, 1, 21, 57, 127, 317, 325, 0, 0, 0, 0),
('management', 326, 318, 'admin/config/people/accounts/display/full', 'admin/config/people/accounts/display/full', 'User account', 'a:0:{}', 'system', -1, 0, 0, 0, 0, 6, 0, 1, 8, 48, 89, 318, 326, 0, 0, 0, 0),
('management', 327, 319, 'admin/structure/taxonomy/%/fields/%', 'admin/structure/taxonomy/%/fields/%', '', 'a:0:{}', 'system', 0, 0, 0, 0, 0, 6, 0, 1, 21, 57, 127, 319, 327, 0, 0, 0, 0),
('management', 328, 320, 'admin/config/people/accounts/fields/%', 'admin/config/people/accounts/fields/%', '', 'a:0:{}', 'system', 0, 0, 0, 0, 0, 6, 0, 1, 8, 48, 89, 320, 328, 0, 0, 0, 0),
('management', 329, 323, 'admin/structure/types/manage/%/display/default', 'admin/structure/types/manage/%/display/default', 'Default', 'a:0:{}', 'system', -1, 0, 0, 0, -10, 6, 0, 1, 21, 36, 138, 323, 329, 0, 0, 0, 0),
('management', 330, 323, 'admin/structure/types/manage/%/display/full', 'admin/structure/types/manage/%/display/full', 'Full content', 'a:0:{}', 'system', -1, 0, 0, 0, 0, 6, 0, 1, 21, 36, 138, 323, 330, 0, 0, 0, 0),
('management', 331, 323, 'admin/structure/types/manage/%/display/rss', 'admin/structure/types/manage/%/display/rss', 'RSS', 'a:0:{}', 'system', -1, 0, 0, 0, 2, 6, 0, 1, 21, 36, 138, 323, 331, 0, 0, 0, 0),
('management', 332, 323, 'admin/structure/types/manage/%/display/search_index', 'admin/structure/types/manage/%/display/search_index', 'Search index', 'a:0:{}', 'system', -1, 0, 0, 0, 3, 6, 0, 1, 21, 36, 138, 323, 332, 0, 0, 0, 0),
('management', 333, 323, 'admin/structure/types/manage/%/display/search_result', 'admin/structure/types/manage/%/display/search_result', 'Search result', 'a:0:{}', 'system', -1, 0, 0, 0, 4, 6, 0, 1, 21, 36, 138, 323, 333, 0, 0, 0, 0),
('management', 334, 323, 'admin/structure/types/manage/%/display/teaser', 'admin/structure/types/manage/%/display/teaser', 'Teaser', 'a:0:{}', 'system', -1, 0, 0, 0, 1, 6, 0, 1, 21, 36, 138, 323, 334, 0, 0, 0, 0),
('management', 335, 324, 'admin/structure/types/manage/%/fields/%', 'admin/structure/types/manage/%/fields/%', '', 'a:0:{}', 'system', 0, 0, 0, 0, 0, 6, 0, 1, 21, 36, 138, 324, 335, 0, 0, 0, 0),
('management', 336, 327, 'admin/structure/taxonomy/%/fields/%/delete', 'admin/structure/taxonomy/%/fields/%/delete', 'Delete', 'a:0:{}', 'system', -1, 0, 0, 0, 10, 7, 0, 1, 21, 57, 127, 319, 327, 336, 0, 0, 0),
('management', 337, 327, 'admin/structure/taxonomy/%/fields/%/edit', 'admin/structure/taxonomy/%/fields/%/edit', 'Edit', 'a:0:{}', 'system', -1, 0, 0, 0, 0, 7, 0, 1, 21, 57, 127, 319, 327, 337, 0, 0, 0),
('management', 338, 327, 'admin/structure/taxonomy/%/fields/%/field-settings', 'admin/structure/taxonomy/%/fields/%/field-settings', 'Field settings', 'a:0:{}', 'system', -1, 0, 0, 0, 0, 7, 0, 1, 21, 57, 127, 319, 327, 338, 0, 0, 0),
('management', 339, 327, 'admin/structure/taxonomy/%/fields/%/widget-type', 'admin/structure/taxonomy/%/fields/%/widget-type', 'Widget type', 'a:0:{}', 'system', -1, 0, 0, 0, 0, 7, 0, 1, 21, 57, 127, 319, 327, 339, 0, 0, 0),
('management', 340, 328, 'admin/config/people/accounts/fields/%/delete', 'admin/config/people/accounts/fields/%/delete', 'Delete', 'a:0:{}', 'system', -1, 0, 0, 0, 10, 7, 0, 1, 8, 48, 89, 320, 328, 340, 0, 0, 0),
('management', 341, 328, 'admin/config/people/accounts/fields/%/edit', 'admin/config/people/accounts/fields/%/edit', 'Edit', 'a:0:{}', 'system', -1, 0, 0, 0, 0, 7, 0, 1, 8, 48, 89, 320, 328, 341, 0, 0, 0),
('management', 342, 328, 'admin/config/people/accounts/fields/%/field-settings', 'admin/config/people/accounts/fields/%/field-settings', 'Field settings', 'a:0:{}', 'system', -1, 0, 0, 0, 0, 7, 0, 1, 8, 48, 89, 320, 328, 342, 0, 0, 0),
('management', 343, 328, 'admin/config/people/accounts/fields/%/widget-type', 'admin/config/people/accounts/fields/%/widget-type', 'Widget type', 'a:0:{}', 'system', -1, 0, 0, 0, 0, 7, 0, 1, 8, 48, 89, 320, 328, 343, 0, 0, 0),
('management', 344, 182, 'admin/structure/types/manage/%/comment/display/default', 'admin/structure/types/manage/%/comment/display/default', 'Default', 'a:0:{}', 'system', -1, 0, 0, 0, -10, 6, 0, 1, 21, 36, 138, 182, 344, 0, 0, 0, 0),
('management', 345, 182, 'admin/structure/types/manage/%/comment/display/full', 'admin/structure/types/manage/%/comment/display/full', 'Full comment', 'a:0:{}', 'system', -1, 0, 0, 0, 0, 6, 0, 1, 21, 36, 138, 182, 345, 0, 0, 0, 0),
('management', 346, 183, 'admin/structure/types/manage/%/comment/fields/%', 'admin/structure/types/manage/%/comment/fields/%', '', 'a:0:{}', 'system', 0, 0, 0, 0, 0, 6, 0, 1, 21, 36, 138, 183, 346, 0, 0, 0, 0),
('management', 353, 346, 'admin/structure/types/manage/%/comment/fields/%/field-settings', 'admin/structure/types/manage/%/comment/fields/%/field-settings', 'Field settings', 'a:0:{}', 'system', -1, 0, 0, 0, 0, 7, 0, 1, 21, 36, 138, 183, 346, 353, 0, 0, 0),
('management', 354, 346, 'admin/structure/types/manage/%/comment/fields/%/widget-type', 'admin/structure/types/manage/%/comment/fields/%/widget-type', 'Widget type', 'a:0:{}', 'system', -1, 0, 0, 0, 0, 7, 0, 1, 21, 36, 138, 183, 346, 354, 0, 0, 0),
('navigation', 355, 0, 'blog', 'blog', 'Blogs', 'a:0:{}', 'system', 1, 0, 1, 0, 0, 1, 0, 355, 0, 0, 0, 0, 0, 0, 0, 0, 0),
('navigation', 356, 0, 'poll', 'poll', 'Polls', 'a:0:{}', 'system', 1, 0, 0, 0, 0, 1, 0, 356, 0, 0, 0, 0, 0, 0, 0, 0, 0),
('navigation', 357, 355, 'blog/%', 'blog/%', 'My blog', 'a:0:{}', 'system', 0, 0, 0, 0, 0, 2, 0, 355, 357, 0, 0, 0, 0, 0, 0, 0, 0),
('navigation', 358, 6, 'node/add/blog', 'node/add/blog', 'Blog entry', 'a:1:{s:10:"attributes";a:1:{s:5:"title";s:58:"Use for multi-user blogs. Every user gets a personal blog.";}}', 'system', 0, 0, 0, 0, 0, 2, 0, 6, 358, 0, 0, 0, 0, 0, 0, 0, 0),
('navigation', 359, 6, 'node/add/poll', 'node/add/poll', 'Poll', 'a:1:{s:10:"attributes";a:1:{s:5:"title";s:191:"A <em>poll</em> is a question with a set of possible responses. A <em>poll</em>, once created, automatically provides a simple running count of the number of votes received for each response.";}}', 'system', 0, 0, 0, 0, 0, 2, 0, 6, 359, 0, 0, 0, 0, 0, 0, 0, 0),
('navigation', 360, 5, 'node/%/results', 'node/%/results', 'Results', 'a:0:{}', 'system', -1, 0, 0, 0, 3, 2, 0, 5, 360, 0, 0, 0, 0, 0, 0, 0, 0),
('navigation', 361, 5, 'node/%/votes', 'node/%/votes', 'Votes', 'a:0:{}', 'system', -1, 0, 0, 0, 3, 2, 0, 5, 361, 0, 0, 0, 0, 0, 0, 0, 0),
('management', 362, 12, 'admin/help/blog', 'admin/help/blog', 'blog', 'a:0:{}', 'system', -1, 0, 0, 0, 0, 3, 0, 1, 12, 362, 0, 0, 0, 0, 0, 0, 0),
('management', 363, 12, 'admin/help/poll', 'admin/help/poll', 'poll', 'a:0:{}', 'system', -1, 0, 0, 0, 0, 3, 0, 1, 12, 363, 0, 0, 0, 0, 0, 0, 0),
('main-menu', 365, 0, 'node/2', 'node/%', 'Pathetic Little Blog', 'a:1:{s:10:"attributes";a:1:{s:5:"title";s:11:"It''s a blog";}}', 'menu', 0, 0, 0, 0, 1, 1, 0, 365, 0, 0, 0, 0, 0, 0, 0, 0, 0),
('navigation', 369, 0, 'forum', 'forum', 'Forums', 'a:0:{}', 'system', 0, 0, 1, 0, 0, 1, 0, 369, 0, 0, 0, 0, 0, 0, 0, 0, 0),
('navigation', 370, 369, 'forum/%', 'forum/%', 'Forums', 'a:0:{}', 'system', 0, 0, 0, 0, 0, 2, 0, 369, 370, 0, 0, 0, 0, 0, 0, 0, 0),
('navigation', 371, 6, 'node/add/forum', 'node/add/forum', 'Forum topic', 'a:1:{s:10:"attributes";a:1:{s:5:"title";s:69:"A <em>forum topic</em> starts a new discussion thread within a forum.";}}', 'system', 0, 0, 0, 0, 0, 2, 0, 6, 371, 0, 0, 0, 0, 0, 0, 0, 0),
('management', 372, 21, 'admin/structure/forum', 'admin/structure/forum', 'Forums', 'a:1:{s:10:"attributes";a:1:{s:5:"title";s:33:"Control forum hierarchy settings.";}}', 'system', 0, 0, 1, 0, 0, 3, 0, 1, 21, 372, 0, 0, 0, 0, 0, 0, 0),
('management', 373, 12, 'admin/help/forum', 'admin/help/forum', 'forum', 'a:0:{}', 'system', -1, 0, 0, 0, 0, 3, 0, 1, 12, 373, 0, 0, 0, 0, 0, 0, 0),
('management', 374, 372, 'admin/structure/forum/list', 'admin/structure/forum/list', 'List', 'a:0:{}', 'system', -1, 0, 0, 0, -10, 4, 0, 1, 21, 372, 374, 0, 0, 0, 0, 0, 0),
('management', 375, 372, 'admin/structure/forum/settings', 'admin/structure/forum/settings', 'Settings', 'a:0:{}', 'system', -1, 0, 0, 0, 5, 4, 0, 1, 21, 372, 375, 0, 0, 0, 0, 0, 0),
('management', 376, 372, 'admin/structure/forum/add/container', 'admin/structure/forum/add/container', 'Add container', 'a:0:{}', 'system', -1, 0, 0, 0, 0, 4, 0, 1, 21, 372, 376, 0, 0, 0, 0, 0, 0),
('management', 377, 372, 'admin/structure/forum/add/forum', 'admin/structure/forum/add/forum', 'Add forum', 'a:0:{}', 'system', -1, 0, 0, 0, 0, 4, 0, 1, 21, 372, 377, 0, 0, 0, 0, 0, 0),
('management', 378, 372, 'admin/structure/forum/edit/container/%', 'admin/structure/forum/edit/container/%', 'Edit container', 'a:0:{}', 'system', 0, 0, 0, 0, 0, 4, 0, 1, 21, 372, 378, 0, 0, 0, 0, 0, 0),
('management', 379, 372, 'admin/structure/forum/edit/forum/%', 'admin/structure/forum/edit/forum/%', 'Edit forum', 'a:0:{}', 'system', 0, 0, 0, 0, 0, 4, 0, 1, 21, 372, 379, 0, 0, 0, 0, 0, 0),
('management', 382, 147, 'admin/structure/block/list/stark/add', 'admin/structure/block/list/stark/add', 'Add block', 'a:0:{}', 'system', -1, 0, 0, 0, 0, 5, 0, 1, 21, 30, 147, 382, 0, 0, 0, 0, 0),
('main-menu', 383, 0, 'node/4', 'node/%', 'Cuss or Discuss', 'a:1:{s:10:"attributes";a:1:{s:5:"title";s:29:"Either option is fine with me";}}', 'menu', 0, 0, 0, 0, 3, 1, 0, 383, 0, 0, 0, 0, 0, 0, 0, 0, 0);

-- --------------------------------------------------------

--
-- Table structure for table`menu_router`
--

CREATE TABLE `menu_router` (
  `path` varchar(255) NOT NULL DEFAULT '' COMMENT 'Primary Key: the Drupal path this entry describes',
  `load_functions` blob NOT NULL COMMENT 'A serialized array of function names (like node_load) to be called to load an object corresponding to a part of the current path.',
  `to_arg_functions` blob NOT NULL COMMENT 'A serialized array of function names (like user_uid_optional_to_arg) to be called to replace a part of the router path with another string.',
  `access_callback` varchar(255) NOT NULL DEFAULT '' COMMENT 'The callback which determines the access to this router path. Defaults to user_access.',
  `access_arguments` blob COMMENT 'A serialized array of arguments for the access callback.',
  `page_callback` varchar(255) NOT NULL DEFAULT '' COMMENT 'The name of the function that renders the page.',
  `page_arguments` blob COMMENT 'A serialized array of arguments for the page callback.',
  `delivery_callback` varchar(255) NOT NULL DEFAULT '' COMMENT 'The name of the function that sends the result of the page_callback function to the browser.',
  `fit` int(11) NOT NULL DEFAULT '0' COMMENT 'A numeric representation of how specific the path is.',
  `number_parts` smallint(6) NOT NULL DEFAULT '0' COMMENT 'Number of parts in this router path.',
  `context` int(11) NOT NULL DEFAULT '0' COMMENT 'Only for local tasks (tabs) - the context of a local task to control its placement.',
  `tab_parent` varchar(255) NOT NULL DEFAULT '' COMMENT 'Only for local tasks (tabs) - the router path of the parent page (which may also be a local task).',
  `tab_root` varchar(255) NOT NULL DEFAULT '' COMMENT 'Router path of the closest non-tab parent page. For pages that are not local tasks, this will be the same as the path.',
  `title` varchar(255) NOT NULL DEFAULT '' COMMENT 'The title for the current page, or the title for the tab if this is a local task.',
  `title_callback` varchar(255) NOT NULL DEFAULT '' COMMENT 'A function which will alter the title. Defaults to t()',
  `title_arguments` varchar(255) NOT NULL DEFAULT '' COMMENT 'A serialized array of arguments for the title callback. If empty, the title will be used as the sole argument for the title callback.',
  `theme_callback` varchar(255) NOT NULL DEFAULT '' COMMENT 'A function which returns the name of the theme that will be used to render this page. If left empty, the default theme will be used.',
  `theme_arguments` varchar(255) NOT NULL DEFAULT '' COMMENT 'A serialized array of arguments for the theme callback.',
  `type` int(11) NOT NULL DEFAULT '0' COMMENT 'Numeric representation of the type of the menu item, like MENU_LOCAL_TASK.',
  `description` text NOT NULL COMMENT 'A description of this item.',
  `position` varchar(255) NOT NULL DEFAULT '' COMMENT 'The position of the block (left or right) on the system administration page for this item.',
  `weight` int(11) NOT NULL DEFAULT '0' COMMENT 'Weight of the element. Lighter weights are higher up, heavier weights go down.',
  `include_file` mediumtext COMMENT 'The file to include for this element, usually the page callback function lives in this file.',
  PRIMARY KEY (`path`),
  KEY `fit` (`fit`),
  KEY `tab_parent` (`tab_parent`(64),`weight`,`title`),
  KEY `tab_root_weight_title` (`tab_root`(64),`weight`,`title`)
) ENGINE=MyISAM DEFAULT CHARSET=latin1;



INSERT INTO `menu_router` VALUES
('admin/config/content/formats/%', 'a:1:{i:4;s:18:"filter_format_load";}', '', 'user_access', 'a:1:{i:0;s:18:"administer filters";}', 'filter_admin_format_page', 'a:1:{i:0;i:4;}', '', 30, 5, 0, '', 'admin/config/content/formats/%', '', 'filter_admin_format_title', 'a:1:{i:0;i:4;}', '', 'a:0:{}', 6, '', '', 0, 'modules/filter/filter.admin.inc'),
('admin/structure/types/manage/%', 'a:1:{i:4;s:14:"node_type_load";}', '', 'user_access', 'a:1:{i:0;s:24:"administer content types";}', 'drupal_get_form', 'a:2:{i:0;s:14:"node_type_form";i:1;i:4;}', '', 30, 5, 0, '', 'admin/structure/types/manage/%', 'Edit content type', 'node_type_page_title', 'a:1:{i:0;i:4;}', '', 'a:0:{}', 6, '', '', 0, 'modules/node/content_types.inc'),
('node/%/revisions/%/revert', 'a:2:{i:1;a:1:{s:9:"node_load";a:1:{i:0;i:3;}}i:3;N;}', '', '_node_revision_access', 'a:2:{i:0;i:1;i:1;s:6:"update";}', 'drupal_get_form', 'a:2:{i:0;s:28:"node_revision_revert_confirm";i:1;i:1;}', '', 21, 5, 0, '', 'node/%/revisions/%/revert', 'Revert to earlier revision', 't', '', '', 'a:0:{}', 6, '', '', 0, 'modules/node/node.pages.inc'),
('admin/structure/block/demo/bartik', '', '', '_block_themes_access', 'a:1:{i:0;O:8:"stdClass":11:{s:8:"filename";s:25:"themes/bartik/bartik.info";s:4:"name";s:6:"bartik";s:4:"type";s:5:"theme";s:5:"owner";s:45:"themes/engines/phptemplate/phptemplate.engine";s:6:"status";s:1:"1";s:9:"bootstrap";s:1:"0";s:14:"schema_version";s:2:"-1";s:6:"weight";s:1:"0";s:4:"info";a:18:{s:4:"name";s:6:"Bartik";s:11:"description";s:48:"A flexible, recolorable theme with many regions.";s:7:"package";s:4:"Core";s:7:"version";s:3:"7.2";s:4:"core";s:3:"7.x";s:11:"stylesheets";a:2:{s:3:"all";a:3:{s:14:"css/layout.css";s:28:"themes/bartik/css/layout.css";s:13:"css/style.css";s:27:"themes/bartik/css/style.css";s:14:"css/colors.css";s:28:"themes/bartik/css/colors.css";}s:5:"print";a:1:{s:13:"css/print.css";s:27:"themes/bartik/css/print.css";}}s:7:"regions";a:20:{s:6:"header";s:6:"Header";s:4:"help";s:4:"Help";s:8:"page_top";s:8:"Page top";s:11:"page_bottom";s:11:"Page bottom";s:11:"highlighted";s:11:"Highlighted";s:8:"featured";s:8:"Featured";s:7:"content";s:7:"Content";s:13:"sidebar_first";s:13:"Sidebar first";s:14:"sidebar_second";s:14:"Sidebar second";s:14:"triptych_first";s:14:"Triptych first";s:15:"triptych_middle";s:15:"Triptych middle";s:13:"triptych_last";s:13:"Triptych last";s:18:"footer_firstcolumn";s:19:"Footer first column";s:19:"footer_secondcolumn";s:20:"Footer second column";s:18:"footer_thirdcolumn";s:19:"Footer third column";s:19:"footer_fourthcolumn";s:20:"Footer fourth column";s:6:"footer";s:6:"Footer";s:14:"dashboard_main";s:16:"Dashboard (main)";s:17:"dashboard_sidebar";s:19:"Dashboard (sidebar)";s:18:"dashboard_inactive";s:20:"Dashboard (inactive)";}s:8:"settings";a:1:{s:20:"shortcut_module_link";s:1:"0";}s:7:"project";s:6:"drupal";s:9:"datestamp";s:10:"1306357016";s:6:"engine";s:11:"phptemplate";s:8:"features";a:9:{i:0;s:4:"logo";i:1;s:7:"favicon";i:2;s:4:"name";i:3;s:6:"slogan";i:4;s:17:"node_user_picture";i:5;s:20:"comment_user_picture";i:6;s:25:"comment_user_verification";i:7;s:9:"main_menu";i:8;s:14:"secondary_menu";}s:10:"screenshot";s:28:"themes/bartik/screenshot.png";s:3:"php";s:5:"5.2.4";s:7:"scripts";a:0:{}s:15:"overlay_regions";a:5:{i:0;s:14:"dashboard_main";i:1;s:17:"dashboard_sidebar";i:2;s:18:"dashboard_inactive";i:3;s:7:"content";i:4;s:4:"help";}s:14:"regions_hidden";a:2:{i:0;s:8:"page_top";i:1;s:11:"page_bottom";}s:28:"overlay_supplemental_regions";a:1:{i:0;s:8:"page_top";}}s:11:"stylesheets";a:2:{s:3:"all";a:3:{s:14:"css/layout.css";s:28:"themes/bartik/css/layout.css";s:13:"css/style.css";s:27:"themes/bartik/css/style.css";s:14:"css/colors.css";s:28:"themes/bartik/css/colors.css";}s:5:"print";a:1:{s:13:"css/print.css";s:27:"themes/bartik/css/print.css";}}s:6:"engine";s:11:"phptemplate";}}', 'block_admin_demo', 'a:1:{i:0;s:6:"bartik";}', '', 31, 5, 0, '', 'admin/structure/block/demo/bartik', 'Bartik', 't', '', '_block_custom_theme', 'a:1:{i:0;s:6:"bartik";}', 0, '', '', 0, 'modules/block/block.admin.inc'),
('admin/config/user-interface/shortcut/%', 'a:1:{i:4;s:17:"shortcut_set_load";}', '', 'shortcut_set_edit_access', 'a:1:{i:0;i:4;}', 'drupal_get_form', 'a:2:{i:0;s:22:"shortcut_set_customize";i:1;i:4;}', '', 30, 5, 0, '', 'admin/config/user-interface/shortcut/%', 'Edit shortcuts', 'shortcut_set_title', 'a:1:{i:0;i:4;}', '', 'a:0:{}', 6, '', '', 0, 'modules/shortcut/shortcut.admin.inc'),
('admin/structure/block/demo/garland', '', '', '_block_themes_access', 'a:1:{i:0;O:8:"stdClass":11:{s:8:"filename";s:27:"themes/garland/garland.info";s:4:"name";s:7:"garland";s:4:"type";s:5:"theme";s:5:"owner";s:45:"themes/engines/phptemplate/phptemplate.engine";s:6:"status";s:1:"1";s:9:"bootstrap";s:1:"0";s:14:"schema_version";s:2:"-1";s:6:"weight";s:1:"0";s:4:"info";a:18:{s:4:"name";s:7:"Garland";s:11:"description";s:111:"A multi-column theme which can be configured to modify colors and switch between fixed and fluid width layouts.";s:7:"package";s:4:"Core";s:7:"version";s:3:"7.2";s:4:"core";s:3:"7.x";s:11:"stylesheets";a:2:{s:3:"all";a:1:{s:9:"style.css";s:24:"themes/garland/style.css";}s:5:"print";a:1:{s:9:"print.css";s:24:"themes/garland/print.css";}}s:8:"settings";a:1:{s:13:"garland_width";s:5:"fluid";}s:7:"project";s:6:"drupal";s:9:"datestamp";s:10:"1306357016";s:6:"engine";s:11:"phptemplate";s:7:"regions";a:12:{s:13:"sidebar_first";s:12:"Left sidebar";s:14:"sidebar_second";s:13:"Right sidebar";s:7:"content";s:7:"Content";s:6:"header";s:6:"Header";s:6:"footer";s:6:"Footer";s:11:"highlighted";s:11:"Highlighted";s:4:"help";s:4:"Help";s:8:"page_top";s:8:"Page top";s:11:"page_bottom";s:11:"Page bottom";s:14:"dashboard_main";s:16:"Dashboard (main)";s:17:"dashboard_sidebar";s:19:"Dashboard (sidebar)";s:18:"dashboard_inactive";s:20:"Dashboard (inactive)";}s:8:"features";a:9:{i:0;s:4:"logo";i:1;s:7:"favicon";i:2;s:4:"name";i:3;s:6:"slogan";i:4;s:17:"node_user_picture";i:5;s:20:"comment_user_picture";i:6;s:25:"comment_user_verification";i:7;s:9:"main_menu";i:8;s:14:"secondary_menu";}s:10:"screenshot";s:29:"themes/garland/screenshot.png";s:3:"php";s:5:"5.2.4";s:7:"scripts";a:0:{}s:15:"overlay_regions";a:5:{i:0;s:14:"dashboard_main";i:1;s:17:"dashboard_sidebar";i:2;s:18:"dashboard_inactive";i:3;s:7:"content";i:4;s:4:"help";}s:14:"regions_hidden";a:2:{i:0;s:8:"page_top";i:1;s:11:"page_bottom";}s:28:"overlay_supplemental_regions";a:1:{i:0;s:8:"page_top";}}s:11:"stylesheets";a:2:{s:3:"all";a:1:{s:9:"style.css";s:24:"themes/garland/style.css";}s:5:"print";a:1:{s:9:"print.css";s:24:"themes/garland/print.css";}}s:6:"engine";s:11:"phptemplate";}}', 'block_admin_demo', 'a:1:{i:0;s:7:"garland";}', '', 31, 5, 0, '', 'admin/structure/block/demo/garland', 'Garland', 't', '', '_block_custom_theme', 'a:1:{i:0;s:7:"garland";}', 0, '', '', 0, 'modules/block/block.admin.inc'),
('admin/structure/block/demo/seven', '', '', '_block_themes_access', 'a:1:{i:0;O:8:"stdClass":11:{s:8:"filename";s:23:"themes/seven/seven.info";s:4:"name";s:5:"seven";s:4:"type";s:5:"theme";s:5:"owner";s:45:"themes/engines/phptemplate/phptemplate.engine";s:6:"status";s:1:"1";s:9:"bootstrap";s:1:"0";s:14:"schema_version";s:2:"-1";s:6:"weight";s:1:"0";s:4:"info";a:18:{s:4:"name";s:5:"Seven";s:11:"description";s:65:"A simple one-column, tableless, fluid width administration theme.";s:7:"package";s:4:"Core";s:7:"version";s:3:"7.2";s:4:"core";s:3:"7.x";s:11:"stylesheets";a:1:{s:6:"screen";a:2:{s:9:"reset.css";s:22:"themes/seven/reset.css";s:9:"style.css";s:22:"themes/seven/style.css";}}s:8:"settings";a:1:{s:20:"shortcut_module_link";s:1:"1";}s:7:"regions";a:8:{s:7:"content";s:7:"Content";s:4:"help";s:4:"Help";s:8:"page_top";s:8:"Page top";s:11:"page_bottom";s:11:"Page bottom";s:13:"sidebar_first";s:13:"First sidebar";s:14:"dashboard_main";s:16:"Dashboard (main)";s:17:"dashboard_sidebar";s:19:"Dashboard (sidebar)";s:18:"dashboard_inactive";s:20:"Dashboard (inactive)";}s:14:"regions_hidden";a:3:{i:0;s:13:"sidebar_first";i:1;s:8:"page_top";i:2;s:11:"page_bottom";}s:7:"project";s:6:"drupal";s:9:"datestamp";s:10:"1306357016";s:6:"engine";s:11:"phptemplate";s:8:"features";a:9:{i:0;s:4:"logo";i:1;s:7:"favicon";i:2;s:4:"name";i:3;s:6:"slogan";i:4;s:17:"node_user_picture";i:5;s:20:"comment_user_picture";i:6;s:25:"comment_user_verification";i:7;s:9:"main_menu";i:8;s:14:"secondary_menu";}s:10:"screenshot";s:27:"themes/seven/screenshot.png";s:3:"php";s:5:"5.2.4";s:7:"scripts";a:0:{}s:15:"overlay_regions";a:5:{i:0;s:14:"dashboard_main";i:1;s:17:"dashboard_sidebar";i:2;s:18:"dashboard_inactive";i:3;s:7:"content";i:4;s:4:"help";}s:28:"overlay_supplemental_regions";a:1:{i:0;s:8:"page_top";}}s:11:"stylesheets";a:1:{s:6:"screen";a:2:{s:9:"reset.css";s:22:"themes/seven/reset.css";s:9:"style.css";s:22:"themes/seven/style.css";}}s:6:"engine";s:11:"phptemplate";}}', 'block_admin_demo', 'a:1:{i:0;s:5:"seven";}', '', 31, 5, 0, '', 'admin/structure/block/demo/seven', 'Seven', 't', '', '_block_custom_theme', 'a:1:{i:0;s:5:"seven";}', 0, '', '', 0, 'modules/block/block.admin.inc'),
('admin/structure/block/demo/stark', '', '', '_block_themes_access', 'a:1:{i:0;O:8:"stdClass":11:{s:8:"filename";s:23:"themes/stark/stark.info";s:4:"name";s:5:"stark";s:4:"type";s:5:"theme";s:5:"owner";s:45:"themes/engines/phptemplate/phptemplate.engine";s:6:"status";s:1:"1";s:9:"bootstrap";s:1:"0";s:14:"schema_version";s:2:"-1";s:6:"weight";s:1:"0";s:4:"info";a:17:{s:4:"name";s:5:"Stark";s:11:"description";s:208:"This theme demonstrates Drupal''s default HTML markup and CSS styles. To learn how to build your own theme and override Drupal''s default code, see the <a href="http://drupal.org/theme-guide">Theming Guide</a>.";s:7:"package";s:4:"Core";s:7:"version";s:3:"7.2";s:4:"core";s:3:"7.x";s:11:"stylesheets";a:1:{s:3:"all";a:1:{s:10:"layout.css";s:23:"themes/stark/layout.css";}}s:7:"project";s:6:"drupal";s:9:"datestamp";s:10:"1306357016";s:6:"engine";s:11:"phptemplate";s:7:"regions";a:12:{s:13:"sidebar_first";s:12:"Left sidebar";s:14:"sidebar_second";s:13:"Right sidebar";s:7:"content";s:7:"Content";s:6:"header";s:6:"Header";s:6:"footer";s:6:"Footer";s:11:"highlighted";s:11:"Highlighted";s:4:"help";s:4:"Help";s:8:"page_top";s:8:"Page top";s:11:"page_bottom";s:11:"Page bottom";s:14:"dashboard_main";s:16:"Dashboard (main)";s:17:"dashboard_sidebar";s:19:"Dashboard (sidebar)";s:18:"dashboard_inactive";s:20:"Dashboard (inactive)";}s:8:"features";a:9:{i:0;s:4:"logo";i:1;s:7:"favicon";i:2;s:4:"name";i:3;s:6:"slogan";i:4;s:17:"node_user_picture";i:5;s:20:"comment_user_picture";i:6;s:25:"comment_user_verification";i:7;s:9:"main_menu";i:8;s:14:"secondary_menu";}s:10:"screenshot";s:27:"themes/stark/screenshot.png";s:3:"php";s:5:"5.2.4";s:7:"scripts";a:0:{}s:15:"overlay_regions";a:5:{i:0;s:14:"dashboard_main";i:1;s:17:"dashboard_sidebar";i:2;s:18:"dashboard_inactive";i:3;s:7:"content";i:4;s:4:"help";}s:14:"regions_hidden";a:2:{i:0;s:8:"page_top";i:1;s:11:"page_bottom";}s:28:"overlay_supplemental_regions";a:1:{i:0;s:8:"page_top";}}s:11:"stylesheets";a:1:{s:3:"all";a:1:{s:10:"layout.css";s:23:"themes/stark/layout.css";}}s:6:"engine";s:11:"phptemplate";}}', 'block_admin_demo', 'a:1:{i:0;s:5:"stark";}', '', 31, 5, 0, '', 'admin/structure/block/demo/stark', 'Stark', 't', '', '_block_custom_theme', 'a:1:{i:0;s:5:"stark";}', 0, '', '', 0, 'modules/block/block.admin.inc'),
('admin/structure/block/demo/test_theme', '', '', '_block_themes_access', 'a:1:{i:0;O:8:"stdClass":11:{s:8:"filename";s:39:"themes/tests/test_theme/test_theme.info";s:4:"name";s:10:"test_theme";s:4:"type";s:5:"theme";s:5:"owner";s:45:"themes/engines/phptemplate/phptemplate.engine";s:6:"status";s:1:"0";s:9:"bootstrap";s:1:"0";s:14:"schema_version";s:2:"-1";s:6:"weight";s:1:"0";s:4:"info";a:17:{s:4:"name";s:10:"Test theme";s:11:"description";s:34:"Theme for testing the theme system";s:4:"core";s:3:"7.x";s:6:"hidden";b:1;s:11:"stylesheets";a:1:{s:3:"all";a:1:{s:15:"system.base.css";s:39:"themes/tests/test_theme/system.base.css";}}s:7:"version";s:3:"7.2";s:7:"project";s:6:"drupal";s:9:"datestamp";s:10:"1306357016";s:6:"engine";s:11:"phptemplate";s:7:"regions";a:12:{s:13:"sidebar_first";s:12:"Left sidebar";s:14:"sidebar_second";s:13:"Right sidebar";s:7:"content";s:7:"Content";s:6:"header";s:6:"Header";s:6:"footer";s:6:"Footer";s:11:"highlighted";s:11:"Highlighted";s:4:"help";s:4:"Help";s:8:"page_top";s:8:"Page top";s:11:"page_bottom";s:11:"Page bottom";s:14:"dashboard_main";s:16:"Dashboard (main)";s:17:"dashboard_sidebar";s:19:"Dashboard (sidebar)";s:18:"dashboard_inactive";s:20:"Dashboard (inactive)";}s:8:"features";a:9:{i:0;s:4:"logo";i:1;s:7:"favicon";i:2;s:4:"name";i:3;s:6:"slogan";i:4;s:17:"node_user_picture";i:5;s:20:"comment_user_picture";i:6;s:25:"comment_user_verification";i:7;s:9:"main_menu";i:8;s:14:"secondary_menu";}s:10:"screenshot";s:38:"themes/tests/test_theme/screenshot.png";s:3:"php";s:5:"5.2.4";s:7:"scripts";a:0:{}s:15:"overlay_regions";a:5:{i:0;s:14:"dashboard_main";i:1;s:17:"dashboard_sidebar";i:2;s:18:"dashboard_inactive";i:3;s:7:"content";i:4;s:4:"help";}s:14:"regions_hidden";a:2:{i:0;s:8:"page_top";i:1;s:11:"page_bottom";}s:28:"overlay_supplemental_regions";a:1:{i:0;s:8:"page_top";}}s:11:"stylesheets";a:1:{s:3:"all";a:1:{s:15:"system.base.css";s:39:"themes/tests/test_theme/system.base.css";}}s:6:"engine";s:11:"phptemplate";}}', 'block_admin_demo', 'a:1:{i:0;s:10:"test_theme";}', '', 31, 5, 0, '', 'admin/structure/block/demo/test_theme', 'Test theme', 't', '', '_block_custom_theme', 'a:1:{i:0;s:10:"test_theme";}', 0, '', '', 0, 'modules/block/block.admin.inc'),
('admin/structure/block/demo/update_test_basetheme', '', '', '_block_themes_access', 'a:1:{i:0;O:8:"stdClass":10:{s:8:"filename";s:61:"themes/tests/update_test_basetheme/update_test_basetheme.info";s:4:"name";s:21:"update_test_basetheme";s:4:"type";s:5:"theme";s:5:"owner";s:45:"themes/engines/phptemplate/phptemplate.engine";s:6:"status";s:1:"0";s:9:"bootstrap";s:1:"0";s:14:"schema_version";s:2:"-1";s:6:"weight";s:1:"0";s:4:"info";a:17:{s:4:"name";s:22:"Update test base theme";s:11:"description";s:63:"Test theme which acts as a base theme for other test subthemes.";s:4:"core";s:3:"7.x";s:6:"hidden";b:1;s:7:"version";s:3:"7.2";s:7:"project";s:6:"drupal";s:9:"datestamp";s:10:"1306357016";s:6:"engine";s:11:"phptemplate";s:7:"regions";a:12:{s:13:"sidebar_first";s:12:"Left sidebar";s:14:"sidebar_second";s:13:"Right sidebar";s:7:"content";s:7:"Content";s:6:"header";s:6:"Header";s:6:"footer";s:6:"Footer";s:11:"highlighted";s:11:"Highlighted";s:4:"help";s:4:"Help";s:8:"page_top";s:8:"Page top";s:11:"page_bottom";s:11:"Page bottom";s:14:"dashboard_main";s:16:"Dashboard (main)";s:17:"dashboard_sidebar";s:19:"Dashboard (sidebar)";s:18:"dashboard_inactive";s:20:"Dashboard (inactive)";}s:8:"features";a:9:{i:0;s:4:"logo";i:1;s:7:"favicon";i:2;s:4:"name";i:3;s:6:"slogan";i:4;s:17:"node_user_picture";i:5;s:20:"comment_user_picture";i:6;s:25:"comment_user_verification";i:7;s:9:"main_menu";i:8;s:14:"secondary_menu";}s:10:"screenshot";s:49:"themes/tests/update_test_basetheme/screenshot.png";s:3:"php";s:5:"5.2.4";s:11:"stylesheets";a:0:{}s:7:"scripts";a:0:{}s:15:"overlay_regions";a:5:{i:0;s:14:"dashboard_main";i:1;s:17:"dashboard_sidebar";i:2;s:18:"dashboard_inactive";i:3;s:7:"content";i:4;s:4:"help";}s:14:"regions_hidden";a:2:{i:0;s:8:"page_top";i:1;s:11:"page_bottom";}s:28:"overlay_supplemental_regions";a:1:{i:0;s:8:"page_top";}}s:6:"engine";s:11:"phptemplate";}}', 'block_admin_demo', 'a:1:{i:0;s:21:"update_test_basetheme";}', '', 31, 5, 0, '', 'admin/structure/block/demo/update_test_basetheme', 'Update test base theme', 't', '', '_block_custom_theme', 'a:1:{i:0;s:21:"update_test_basetheme";}', 0, '', '', 0, 'modules/block/block.admin.inc'),
('admin/structure/block/demo/update_test_subtheme', '', '', '_block_themes_access', 'a:1:{i:0;O:8:"stdClass":11:{s:8:"filename";s:59:"themes/tests/update_test_subtheme/update_test_subtheme.info";s:4:"name";s:20:"update_test_subtheme";s:4:"type";s:5:"theme";s:5:"owner";s:45:"themes/engines/phptemplate/phptemplate.engine";s:6:"status";s:1:"0";s:9:"bootstrap";s:1:"0";s:14:"schema_version";s:2:"-1";s:6:"weight";s:1:"0";s:4:"info";a:18:{s:4:"name";s:20:"Update test subtheme";s:11:"description";s:62:"Test theme which uses update_test_basetheme as the base theme.";s:4:"core";s:3:"7.x";s:10:"base theme";s:21:"update_test_basetheme";s:6:"hidden";b:1;s:7:"version";s:3:"7.2";s:7:"project";s:6:"drupal";s:9:"datestamp";s:10:"1306357016";s:6:"engine";s:11:"phptemplate";s:7:"regions";a:12:{s:13:"sidebar_first";s:12:"Left sidebar";s:14:"sidebar_second";s:13:"Right sidebar";s:7:"content";s:7:"Content";s:6:"header";s:6:"Header";s:6:"footer";s:6:"Footer";s:11:"highlighted";s:11:"Highlighted";s:4:"help";s:4:"Help";s:8:"page_top";s:8:"Page top";s:11:"page_bottom";s:11:"Page bottom";s:14:"dashboard_main";s:16:"Dashboard (main)";s:17:"dashboard_sidebar";s:19:"Dashboard (sidebar)";s:18:"dashboard_inactive";s:20:"Dashboard (inactive)";}s:8:"features";a:9:{i:0;s:4:"logo";i:1;s:7:"favicon";i:2;s:4:"name";i:3;s:6:"slogan";i:4;s:17:"node_user_picture";i:5;s:20:"comment_user_picture";i:6;s:25:"comment_user_verification";i:7;s:9:"main_menu";i:8;s:14:"secondary_menu";}s:10:"screenshot";s:48:"themes/tests/update_test_subtheme/screenshot.png";s:3:"php";s:5:"5.2.4";s:11:"stylesheets";a:0:{}s:7:"scripts";a:0:{}s:15:"overlay_regions";a:5:{i:0;s:14:"dashboard_main";i:1;s:17:"dashboard_sidebar";i:2;s:18:"dashboard_inactive";i:3;s:7:"content";i:4;s:4:"help";}s:14:"regions_hidden";a:2:{i:0;s:8:"page_top";i:1;s:11:"page_bottom";}s:28:"overlay_supplemental_regions";a:1:{i:0;s:8:"page_top";}}s:6:"engine";s:11:"phptemplate";s:10:"base_theme";s:21:"update_test_basetheme";}}', 'block_admin_demo', 'a:1:{i:0;s:20:"update_test_subtheme";}', '', 31, 5, 0, '', 'admin/structure/block/demo/update_test_subtheme', 'Update test subtheme', 't', '', '_block_custom_theme', 'a:1:{i:0;s:20:"update_test_subtheme";}', 0, '', '', 0, 'modules/block/block.admin.inc'),
('admin/structure/types/manage/%/edit', 'a:1:{i:4;s:14:"node_type_load";}', '', 'user_access', 'a:1:{i:0;s:24:"administer content types";}', 'drupal_get_form', 'a:2:{i:0;s:14:"node_type_form";i:1;i:4;}', '', 61, 6, 1, 'admin/structure/types/manage/%', 'admin/structure/types/manage/%', 'Edit', 't', '', '', 'a:0:{}', 140, '', '', 0, 'modules/node/content_types.inc'),
('admin/config/user-interface/shortcut/%/links', 'a:1:{i:4;s:17:"shortcut_set_load";}', '', 'shortcut_set_edit_access', 'a:1:{i:0;i:4;}', 'drupal_get_form', 'a:2:{i:0;s:22:"shortcut_set_customize";i:1;i:4;}', '', 61, 6, 1, 'admin/config/user-interface/shortcut/%', 'admin/config/user-interface/shortcut/%', 'List links', 't', '', '', 'a:0:{}', 140, '', '', 0, 'modules/shortcut/shortcut.admin.inc'),
('admin/structure/menu/manage/%/list', 'a:1:{i:4;s:9:"menu_load";}', '', 'user_access', 'a:1:{i:0;s:15:"administer menu";}', 'drupal_get_form', 'a:2:{i:0;s:18:"menu_overview_form";i:1;i:4;}', '', 61, 6, 3, 'admin/structure/menu/manage/%', 'admin/structure/menu/manage/%', 'List links', 't', '', '', 'a:0:{}', 140, '', '', -10, 'modules/menu/menu.admin.inc'),
('admin/config/regional/date-time/formats/lookup', '', '', 'user_access', 'a:1:{i:0;s:29:"administer site configuration";}', 'system_date_time_lookup', 'a:0:{}', '', 63, 6, 0, '', 'admin/config/regional/date-time/formats/lookup', 'Date and time lookup', 't', '', '', 'a:0:{}', 0, '', '', 0, 'modules/system/system.admin.inc'),
('admin/structure/types/manage/%/delete', 'a:1:{i:4;s:14:"node_type_load";}', '', 'user_access', 'a:1:{i:0;s:24:"administer content types";}', 'drupal_get_form', 'a:2:{i:0;s:24:"node_type_delete_confirm";i:1;i:4;}', '', 61, 6, 0, '', 'admin/structure/types/manage/%/delete', 'Delete', 't', '', '', 'a:0:{}', 6, '', '', 0, 'modules/node/content_types.inc'),
('admin/people/permissions/roles/edit/%', 'a:1:{i:5;s:14:"user_role_load";}', '', 'user_role_edit_access', 'a:1:{i:0;i:5;}', 'drupal_get_form', 'a:2:{i:0;s:15:"user_admin_role";i:1;i:5;}', '', 62, 6, 0, '', 'admin/people/permissions/roles/edit/%', 'Edit role', 't', '', '', 'a:0:{}', 6, '', '', 0, 'modules/user/user.admin.inc'),
('admin/structure/block/list/garland/add', '', '', 'user_access', 'a:1:{i:0;s:17:"administer blocks";}', 'drupal_get_form', 'a:1:{i:0;s:20:"block_add_block_form";}', '', 63, 6, 1, 'admin/structure/block/list/garland', 'admin/structure/block', 'Add block', 't', '', '', 'a:0:{}', 388, '', '', 0, 'modules/block/block.admin.inc'),
('admin/structure/block/list/seven/add', '', '', 'user_access', 'a:1:{i:0;s:17:"administer blocks";}', 'drupal_get_form', 'a:1:{i:0;s:20:"block_add_block_form";}', '', 63, 6, 1, 'admin/structure/block/list/seven', 'admin/structure/block', 'Add block', 't', '', '', 'a:0:{}', 388, '', '', 0, 'modules/block/block.admin.inc'),
('admin/structure/block/list/stark/add', '', '', 'user_access', 'a:1:{i:0;s:17:"administer blocks";}', 'drupal_get_form', 'a:1:{i:0;s:20:"block_add_block_form";}', '', 63, 6, 1, 'admin/structure/block/list/stark', 'admin/structure/block', 'Add block', 't', '', '', 'a:0:{}', 388, '', '', 0, 'modules/block/block.admin.inc'),
('admin/structure/block/list/test_theme/add', '', '', 'user_access', 'a:1:{i:0;s:17:"administer blocks";}', 'drupal_get_form', 'a:1:{i:0;s:20:"block_add_block_form";}', '', 63, 6, 1, 'admin/structure/block/list/test_theme', 'admin/structure/block', 'Add block', 't', '', '', 'a:0:{}', 388, '', '', 0, 'modules/block/block.admin.inc'),
('admin/structure/block/list/update_test_basetheme/add', '', '', 'user_access', 'a:1:{i:0;s:17:"administer blocks";}', 'drupal_get_form', 'a:1:{i:0;s:20:"block_add_block_form";}', '', 63, 6, 1, 'admin/structure/block/list/update_test_basetheme', 'admin/structure/block', 'Add block', 't', '', '', 'a:0:{}', 388, '', '', 0, 'modules/block/block.admin.inc'),
('admin/structure/block/list/update_test_subtheme/add', '', '', 'user_access', 'a:1:{i:0;s:17:"administer blocks";}', 'drupal_get_form', 'a:1:{i:0;s:20:"block_add_block_form";}', '', 63, 6, 1, 'admin/structure/block/list/update_test_subtheme', 'admin/structure/block', 'Add block', 't', '', '', 'a:0:{}', 388, '', '', 0, 'modules/block/block.admin.inc'),
('admin/structure/menu/manage/%/add', 'a:1:{i:4;s:9:"menu_load";}', '', 'user_access', 'a:1:{i:0;s:15:"administer menu";}', 'drupal_get_form', 'a:4:{i:0;s:14:"menu_edit_item";i:1;s:3:"add";i:2;N;i:3;i:4;}', '', 61, 6, 1, 'admin/structure/menu/manage/%', 'admin/structure/menu/manage/%', 'Add link', 't', '', '', 'a:0:{}', 388, '', '', 0, 'modules/menu/menu.admin.inc'),
('admin/structure/block/manage/%/%', 'a:2:{i:4;N;i:5;N;}', '', 'user_access', 'a:1:{i:0;s:17:"administer blocks";}', 'drupal_get_form', 'a:3:{i:0;s:21:"block_admin_configure";i:1;i:4;i:2;i:5;}', '', 60, 6, 0, '', 'admin/structure/block/manage/%/%', 'Configure block', 't', '', '', 'a:0:{}', 6, '', '', 0, 'modules/block/block.admin.inc'),
('admin/structure/taxonomy/%/display/default', 'a:1:{i:3;s:37:"taxonomy_vocabulary_machine_name_load";}', '', '_field_ui_view_mode_menu_access', 'a:5:{i:0;s:13:"taxonomy_term";i:1;i:3;i:2;s:7:"default";i:3;s:11:"user_access";i:4;s:19:"administer taxonomy";}', 'drupal_get_form', 'a:4:{i:0;s:30:"field_ui_display_overview_form";i:1;s:13:"taxonomy_term";i:2;i:3;i:3;s:7:"default";}', '', 59, 6, 1, 'admin/structure/taxonomy/%/display', 'admin/structure/taxonomy/%', 'Default', 't', '', '', 'a:0:{}', 140, '', '', -10, 'modules/field_ui/field_ui.admin.inc'),
('admin/config/people/accounts/display/default', '', '', '_field_ui_view_mode_menu_access', 'a:5:{i:0;s:4:"user";i:1;s:4:"user";i:2;s:7:"default";i:3;s:11:"user_access";i:4;s:16:"administer users";}', 'drupal_get_form', 'a:4:{i:0;s:30:"field_ui_display_overview_form";i:1;s:4:"user";i:2;s:4:"user";i:3;s:7:"default";}', '', 63, 6, 1, 'admin/config/people/accounts/display', 'admin/config/people/accounts', 'Default', 't', '', '', 'a:0:{}', 140, '', '', -10, 'modules/field_ui/field_ui.admin.inc'),
('admin/config/people/ip-blocking/delete/%', 'a:1:{i:5;s:15:"blocked_ip_load";}', '', 'user_access', 'a:1:{i:0;s:18:"block IP addresses";}', 'drupal_get_form', 'a:2:{i:0;s:25:"system_ip_blocking_delete";i:1;i:5;}', '', 62, 6, 0, '', 'admin/config/people/ip-blocking/delete/%', 'Delete IP address', 't', '', '', 'a:0:{}', 6, '', '', 0, 'modules/system/system.admin.inc'),
('admin/config/search/path/delete/%', 'a:1:{i:5;s:9:"path_load";}', '', 'user_access', 'a:1:{i:0;s:22:"administer url aliases";}', 'drupal_get_form', 'a:2:{i:0;s:25:"path_admin_delete_confirm";i:1;i:5;}', '', 62, 6, 0, '', 'admin/config/search/path/delete/%', 'Delete alias', 't', '', '', 'a:0:{}', 6, '', '', 0, 'modules/path/path.admin.inc'),
('admin/structure/menu/manage/%/delete', 'a:1:{i:4;s:9:"menu_load";}', '', 'user_access', 'a:1:{i:0;s:15:"administer menu";}', 'menu_delete_menu_page', 'a:1:{i:0;i:4;}', '', 61, 6, 0, '', 'admin/structure/menu/manage/%/delete', 'Delete menu', 't', '', '', 'a:0:{}', 6, '', '', 0, 'modules/menu/menu.admin.inc'),
('admin/structure/menu/item/%/delete', 'a:1:{i:4;s:14:"menu_link_load";}', '', 'user_access', 'a:1:{i:0;s:15:"administer menu";}', 'menu_item_delete_page', 'a:1:{i:0;i:4;}', '', 61, 6, 0, '', 'admin/structure/menu/item/%/delete', 'Delete menu link', 't', '', '', 'a:0:{}', 6, '', '', 0, 'modules/menu/menu.admin.inc'),
('admin/config/search/path/edit/%', 'a:1:{i:5;s:9:"path_load";}', '', 'user_access', 'a:1:{i:0;s:22:"administer url aliases";}', 'path_admin_edit', 'a:1:{i:0;i:5;}', '', 62, 6, 0, '', 'admin/config/search/path/edit/%', 'Edit alias', 't', '', '', 'a:0:{}', 6, '', '', 0, 'modules/path/path.admin.inc'),
('admin/structure/forum/edit/container/%', 'a:1:{i:5;s:18:"taxonomy_term_load";}', '', 'user_access', 'a:1:{i:0;s:17:"administer forums";}', 'forum_form_main', 'a:2:{i:0;s:9:"container";i:1;i:5;}', '', 62, 6, 0, '', 'admin/structure/forum/edit/container/%', 'Edit container', 't', '', '', 'a:0:{}', 6, '', '', 0, 'modules/forum/forum.admin.inc'),
('admin/structure/forum/edit/forum/%', 'a:1:{i:5;s:18:"taxonomy_term_load";}', '', 'user_access', 'a:1:{i:0;s:17:"administer forums";}', 'forum_form_main', 'a:2:{i:0;s:5:"forum";i:1;i:5;}', '', 62, 6, 0, '', 'admin/structure/forum/edit/forum/%', 'Edit forum', 't', '', '', 'a:0:{}', 6, '', '', 0, 'modules/forum/forum.admin.inc'),
('admin/structure/menu/item/%/edit', 'a:1:{i:4;s:14:"menu_link_load";}', '', 'user_access', 'a:1:{i:0;s:15:"administer menu";}', 'drupal_get_form', 'a:4:{i:0;s:14:"menu_edit_item";i:1;s:4:"edit";i:2;i:4;i:3;N;}', '', 61, 6, 0, '', 'admin/structure/menu/item/%/edit', 'Edit menu link', 't', '', '', 'a:0:{}', 6, '', '', 0, 'modules/menu/menu.admin.inc'),
('admin/structure/menu/item/%/reset', 'a:1:{i:4;s:14:"menu_link_load";}', '', 'user_access', 'a:1:{i:0;s:15:"administer menu";}', 'drupal_get_form', 'a:2:{i:0;s:23:"menu_reset_item_confirm";i:1;i:4;}', '', 61, 6, 0, '', 'admin/structure/menu/item/%/reset', 'Reset menu link', 't', '', '', 'a:0:{}', 6, '', '', 0, 'modules/menu/menu.admin.inc'),
('admin/structure/taxonomy/%/display/full', 'a:1:{i:3;s:37:"taxonomy_vocabulary_machine_name_load";}', '', '_field_ui_view_mode_menu_access', 'a:5:{i:0;s:13:"taxonomy_term";i:1;i:3;i:2;s:4:"full";i:3;s:11:"user_access";i:4;s:19:"administer taxonomy";}', 'drupal_get_form', 'a:4:{i:0;s:30:"field_ui_display_overview_form";i:1;s:13:"taxonomy_term";i:2;i:3;i:3;s:4:"full";}', '', 59, 6, 1, 'admin/structure/taxonomy/%/display', 'admin/structure/taxonomy/%', 'Taxonomy term page', 't', '', '', 'a:0:{}', 132, '', '', 0, 'modules/field_ui/field_ui.admin.inc'),
('admin/config/people/accounts/display/full', '', '', '_field_ui_view_mode_menu_access', 'a:5:{i:0;s:4:"user";i:1;s:4:"user";i:2;s:4:"full";i:3;s:11:"user_access";i:4;s:16:"administer users";}', 'drupal_get_form', 'a:4:{i:0;s:30:"field_ui_display_overview_form";i:1;s:4:"user";i:2;s:4:"user";i:3;s:4:"full";}', '', 63, 6, 1, 'admin/config/people/accounts/display', 'admin/config/people/accounts', 'User account', 't', '', '', 'a:0:{}', 132, '', '', 0, 'modules/field_ui/field_ui.admin.inc'),
('admin/config/regional/date-time/types/add', '', '', 'user_access', 'a:1:{i:0;s:29:"administer site configuration";}', 'drupal_get_form', 'a:1:{i:0;s:32:"system_add_date_format_type_form";}', '', 63, 6, 1, 'admin/config/regional/date-time/types', 'admin/config/regional/date-time', 'Add date type', 't', '', '', 'a:0:{}', 388, 'Add new date type.', '', -10, 'modules/system/system.admin.inc'),
('admin/config/regional/date-time/formats/add', '', '', 'user_access', 'a:1:{i:0;s:29:"administer site configuration";}', 'drupal_get_form', 'a:1:{i:0;s:34:"system_configure_date_formats_form";}', '', 63, 6, 1, 'admin/config/regional/date-time/formats', 'admin/config/regional/date-time', 'Add format', 't', '', '', 'a:0:{}', 388, 'Allow users to add additional date formats.', '', -10, 'modules/system/system.admin.inc'),
('admin/config/user-interface/shortcut/%/add-link', 'a:1:{i:4;s:17:"shortcut_set_load";}', '', 'shortcut_set_edit_access', 'a:1:{i:0;i:4;}', 'drupal_get_form', 'a:2:{i:0;s:17:"shortcut_link_add";i:1;i:4;}', '', 61, 6, 1, 'admin/config/user-interface/shortcut/%', 'admin/config/user-interface/shortcut/%', 'Add shortcut', 't', '', '', 'a:0:{}', 388, '', '', 0, 'modules/shortcut/shortcut.admin.inc'),
('admin/config/user-interface/shortcut/%/add-link-inline', 'a:1:{i:4;s:17:"shortcut_set_load";}', '', 'shortcut_set_edit_access', 'a:1:{i:0;i:4;}', 'shortcut_link_add_inline', 'a:1:{i:0;i:4;}', '', 61, 6, 0, '', 'admin/config/user-interface/shortcut/%/add-link-inline', 'Add shortcut', 't', '', '', 'a:0:{}', 0, '', '', 0, 'modules/shortcut/shortcut.admin.inc'),
('user/%/cancel/confirm/%/%', 'a:3:{i:1;s:9:"user_load";i:4;N;i:5;N;}', '', 'user_cancel_access', 'a:1:{i:0;i:1;}', 'user_cancel_confirm', 'a:3:{i:0;i:1;i:1;i:4;i:2;i:5;}', '', 44, 6, 0, '', 'user/%/cancel/confirm/%/%', 'Confirm account cancellation', 't', '', '', 'a:0:{}', 6, '', '', 0, 'modules/user/user.pages.inc'),
('admin/config/system/actions/delete/%', 'a:1:{i:5;s:12:"actions_load";}', '', 'user_access', 'a:1:{i:0;s:18:"administer actions";}', 'drupal_get_form', 'a:2:{i:0;s:26:"system_actions_delete_form";i:1;i:5;}', '', 62, 6, 0, '', 'admin/config/system/actions/delete/%', 'Delete action', 't', '', '', 'a:0:{}', 6, 'Delete an action.', '', 0, 'modules/system/system.admin.inc'),
('admin/people/permissions/roles/delete/%', 'a:1:{i:5;s:14:"user_role_load";}', '', 'user_role_edit_access', 'a:1:{i:0;i:5;}', 'drupal_get_form', 'a:2:{i:0;s:30:"user_admin_role_delete_confirm";i:1;i:5;}', '', 62, 6, 0, '', 'admin/people/permissions/roles/delete/%', 'Delete role', 't', '', '', 'a:0:{}', 6, '', '', 0, 'modules/user/user.admin.inc'),
('admin/config/user-interface/shortcut/%/delete', 'a:1:{i:4;s:17:"shortcut_set_load";}', '', 'shortcut_set_delete_access', 'a:1:{i:0;i:4;}', 'drupal_get_form', 'a:2:{i:0;s:24:"shortcut_set_delete_form";i:1;i:4;}', '', 61, 6, 0, '', 'admin/config/user-interface/shortcut/%/delete', 'Delete shortcut set', 't', '', '', 'a:0:{}', 6, '', '', 0, 'modules/shortcut/shortcut.admin.inc'),
('admin/config/content/formats/%/disable', 'a:1:{i:4;s:18:"filter_format_load";}', '', '_filter_disable_format_access', 'a:1:{i:0;i:4;}', 'drupal_get_form', 'a:2:{i:0;s:20:"filter_admin_disable";i:1;i:4;}', '', 61, 6, 0, '', 'admin/config/content/formats/%/disable', 'Disable text format', 't', '', '', 'a:0:{}', 6, '', '', 0, 'modules/filter/filter.admin.inc'),
('admin/structure/menu/manage/%/edit', 'a:1:{i:4;s:9:"menu_load";}', '', 'user_access', 'a:1:{i:0;s:15:"administer menu";}', 'drupal_get_form', 'a:3:{i:0;s:14:"menu_edit_menu";i:1;s:4:"edit";i:2;i:4;}', '', 61, 6, 3, 'admin/structure/menu/manage/%', 'admin/structure/menu/manage/%', 'Edit menu', 't', '', '', 'a:0:{}', 132, '', '', 0, 'modules/menu/menu.admin.inc'),
('admin/config/user-interface/shortcut/%/edit', 'a:1:{i:4;s:17:"shortcut_set_load";}', '', 'shortcut_set_edit_access', 'a:1:{i:0;i:4;}', 'drupal_get_form', 'a:2:{i:0;s:22:"shortcut_set_edit_form";i:1;i:4;}', '', 61, 6, 1, 'admin/config/user-interface/shortcut/%', 'admin/config/user-interface/shortcut/%', 'Edit set name', 't', '', '', 'a:0:{}', 132, '', '', 10, 'modules/shortcut/shortcut.admin.inc'),
('admin/config/user-interface/shortcut/link/%', 'a:1:{i:5;s:14:"menu_link_load";}', '', 'shortcut_link_access', 'a:1:{i:0;i:5;}', 'drupal_get_form', 'a:2:{i:0;s:18:"shortcut_link_edit";i:1;i:5;}', '', 62, 6, 0, '', 'admin/config/user-interface/shortcut/link/%', 'Edit shortcut', 't', '', '', 'a:0:{}', 6, '', '', 0, 'modules/shortcut/shortcut.admin.inc'),
('admin/config/media/image-styles/edit/%', 'a:1:{i:5;s:16:"image_style_load";}', '', 'user_access', 'a:1:{i:0;s:23:"administer image styles";}', 'drupal_get_form', 'a:2:{i:0;s:16:"image_style_form";i:1;i:5;}', '', 62, 6, 0, '', 'admin/config/media/image-styles/edit/%', 'Edit style', 't', '', '', 'a:0:{}', 6, 'Configure an image style.', '', 0, 'modules/image/image.admin.inc'),
('admin/structure/types/manage/%/display', 'a:1:{i:4;s:14:"node_type_load";}', '', 'user_access', 'a:1:{i:0;s:24:"administer content types";}', 'drupal_get_form', 'a:4:{i:0;s:30:"field_ui_display_overview_form";i:1;s:4:"node";i:2;i:4;i:3;s:7:"default";}', '', 61, 6, 1, 'admin/structure/types/manage/%', 'admin/structure/types/manage/%', 'Manage display', 't', '', '', 'a:0:{}', 132, '', '', 2, 'modules/field_ui/field_ui.admin.inc'),
('admin/structure/types/manage/%/fields', 'a:1:{i:4;s:14:"node_type_load";}', '', 'user_access', 'a:1:{i:0;s:24:"administer content types";}', 'drupal_get_form', 'a:3:{i:0;s:28:"field_ui_field_overview_form";i:1;s:4:"node";i:2;i:4;}', '', 61, 6, 1, 'admin/structure/types/manage/%', 'admin/structure/types/manage/%', 'Manage fields', 't', '', '', 'a:0:{}', 132, '', '', 1, 'modules/field_ui/field_ui.admin.inc'),
('admin/config/media/image-styles/delete/%', 'a:1:{i:5;a:1:{s:16:"image_style_load";a:2:{i:0;N;i:1;s:1:"1";}}}', '', 'user_access', 'a:1:{i:0;s:23:"administer image styles";}', 'drupal_get_form', 'a:2:{i:0;s:23:"image_style_delete_form";i:1;i:5;}', '', 62, 6, 0, '', 'admin/config/media/image-styles/delete/%', 'Delete style', 't', '', '', 'a:0:{}', 6, 'Delete an image style.', '', 0, 'modules/image/image.admin.inc'),
('admin/config/media/image-styles/revert/%', 'a:1:{i:5;a:1:{s:16:"image_style_load";a:2:{i:0;N;i:1;s:1:"2";}}}', '', 'user_access', 'a:1:{i:0;s:23:"administer image styles";}', 'drupal_get_form', 'a:2:{i:0;s:23:"image_style_revert_form";i:1;i:5;}', '', 62, 6, 0, '', 'admin/config/media/image-styles/revert/%', 'Revert style', 't', '', '', 'a:0:{}', 6, 'Revert an image style.', '', 0, 'modules/image/image.admin.inc'),
('admin/structure/taxonomy/%/fields/%', 'a:2:{i:3;a:1:{s:37:"taxonomy_vocabulary_machine_name_load";a:4:{i:0;s:13:"taxonomy_term";i:1;i:3;i:2;s:1:"3";i:3;s:4:"%map";}}i:5;a:1:{s:18:"field_ui_menu_load";a:4:{i:0;s:13:"taxonomy_term";i:1;i:3;i:2;s:1:"3";i:3;s:4:"%map";}}}', '', 'user_access', 'a:1:{i:0;s:19:"administer taxonomy";}', 'drupal_get_form', 'a:2:{i:0;s:24:"field_ui_field_edit_form";i:1;i:5;}', '', 58, 6, 0, '', 'admin/structure/taxonomy/%/fields/%', '', 'field_ui_menu_title', 'a:1:{i:0;i:5;}', '', 'a:0:{}', 6, '', '', 0, 'modules/field_ui/field_ui.admin.inc'),
('admin/config/people/accounts/fields/%', 'a:1:{i:5;a:1:{s:18:"field_ui_menu_load";a:4:{i:0;s:4:"user";i:1;s:4:"user";i:2;s:1:"0";i:3;s:4:"%map";}}}', '', 'user_access', 'a:1:{i:0;s:16:"administer users";}', 'drupal_get_form', 'a:2:{i:0;s:24:"field_ui_field_edit_form";i:1;i:5;}', '', 62, 6, 0, '', 'admin/config/people/accounts/fields/%', '', 'field_ui_menu_title', 'a:1:{i:0;i:5;}', '', 'a:0:{}', 6, '', '', 0, 'modules/field_ui/field_ui.admin.inc'),
('admin/structure/block/manage/%/%/configure', 'a:2:{i:4;N;i:5;N;}', '', 'user_access', 'a:1:{i:0;s:17:"administer blocks";}', 'drupal_get_form', 'a:3:{i:0;s:21:"block_admin_configure";i:1;i:4;i:2;i:5;}', '', 121, 7, 2, 'admin/structure/block/manage/%/%', 'admin/structure/block/manage/%/%', 'Configure block', 't', '', '', 'a:0:{}', 140, '', '', 0, 'modules/block/block.admin.inc'),
('admin/structure/types/manage/%/display/default', 'a:1:{i:4;s:14:"node_type_load";}', '', '_field_ui_view_mode_menu_access', 'a:5:{i:0;s:4:"node";i:1;i:4;i:2;s:7:"default";i:3;s:11:"user_access";i:4;s:24:"administer content types";}', 'drupal_get_form', 'a:4:{i:0;s:30:"field_ui_display_overview_form";i:1;s:4:"node";i:2;i:4;i:3;s:7:"default";}', '', 123, 7, 1, 'admin/structure/types/manage/%/display', 'admin/structure/types/manage/%', 'Default', 't', '', '', 'a:0:{}', 140, '', '', -10, 'modules/field_ui/field_ui.admin.inc'),
('admin/structure/types/manage/%/display/full', 'a:1:{i:4;s:14:"node_type_load";}', '', '_field_ui_view_mode_menu_access', 'a:5:{i:0;s:4:"node";i:1;i:4;i:2;s:4:"full";i:3;s:11:"user_access";i:4;s:24:"administer content types";}', 'drupal_get_form', 'a:4:{i:0;s:30:"field_ui_display_overview_form";i:1;s:4:"node";i:2;i:4;i:3;s:4:"full";}', '', 123, 7, 1, 'admin/structure/types/manage/%/display', 'admin/structure/types/manage/%', 'Full content', 't', '', '', 'a:0:{}', 132, '', '', 0, 'modules/field_ui/field_ui.admin.inc'),
('admin/structure/types/manage/%/display/rss', 'a:1:{i:4;s:14:"node_type_load";}', '', '_field_ui_view_mode_menu_access', 'a:5:{i:0;s:4:"node";i:1;i:4;i:2;s:3:"rss";i:3;s:11:"user_access";i:4;s:24:"administer content types";}', 'drupal_get_form', 'a:4:{i:0;s:30:"field_ui_display_overview_form";i:1;s:4:"node";i:2;i:4;i:3;s:3:"rss";}', '', 123, 7, 1, 'admin/structure/types/manage/%/display', 'admin/structure/types/manage/%', 'RSS', 't', '', '', 'a:0:{}', 132, '', '', 2, 'modules/field_ui/field_ui.admin.inc'),
('admin/structure/types/manage/%/display/search_index', 'a:1:{i:4;s:14:"node_type_load";}', '', '_field_ui_view_mode_menu_access', 'a:5:{i:0;s:4:"node";i:1;i:4;i:2;s:12:"search_index";i:3;s:11:"user_access";i:4;s:24:"administer content types";}', 'drupal_get_form', 'a:4:{i:0;s:30:"field_ui_display_overview_form";i:1;s:4:"node";i:2;i:4;i:3;s:12:"search_index";}', '', 123, 7, 1, 'admin/structure/types/manage/%/display', 'admin/structure/types/manage/%', 'Search index', 't', '', '', 'a:0:{}', 132, '', '', 3, 'modules/field_ui/field_ui.admin.inc'),
('admin/structure/types/manage/%/display/search_result', 'a:1:{i:4;s:14:"node_type_load";}', '', '_field_ui_view_mode_menu_access', 'a:5:{i:0;s:4:"node";i:1;i:4;i:2;s:13:"search_result";i:3;s:11:"user_access";i:4;s:24:"administer content types";}', 'drupal_get_form', 'a:4:{i:0;s:30:"field_ui_display_overview_form";i:1;s:4:"node";i:2;i:4;i:3;s:13:"search_result";}', '', 123, 7, 1, 'admin/structure/types/manage/%/display', 'admin/structure/types/manage/%', 'Search result', 't', '', '', 'a:0:{}', 132, '', '', 4, 'modules/field_ui/field_ui.admin.inc'),
('admin/structure/types/manage/%/display/teaser', 'a:1:{i:4;s:14:"node_type_load";}', '', '_field_ui_view_mode_menu_access', 'a:5:{i:0;s:4:"node";i:1;i:4;i:2;s:6:"teaser";i:3;s:11:"user_access";i:4;s:24:"administer content types";}', 'drupal_get_form', 'a:4:{i:0;s:30:"field_ui_display_overview_form";i:1;s:4:"node";i:2;i:4;i:3;s:6:"teaser";}', '', 123, 7, 1, 'admin/structure/types/manage/%/display', 'admin/structure/types/manage/%', 'Teaser', 't', '', '', 'a:0:{}', 132, '', '', 1, 'modules/field_ui/field_ui.admin.inc'),
('admin/structure/types/manage/%/comment/display', 'a:1:{i:4;s:22:"comment_node_type_load";}', '', 'user_access', 'a:1:{i:0;s:24:"administer content types";}', 'drupal_get_form', 'a:4:{i:0;s:30:"field_ui_display_overview_form";i:1;s:7:"comment";i:2;i:4;i:3;s:7:"default";}', '', 123, 7, 1, 'admin/structure/types/manage/%', 'admin/structure/types/manage/%', 'Comment display', 't', '', '', 'a:0:{}', 132, '', '', 4, 'modules/field_ui/field_ui.admin.inc'),
('admin/structure/types/manage/%/comment/fields', 'a:1:{i:4;s:22:"comment_node_type_load";}', '', 'user_access', 'a:1:{i:0;s:24:"administer content types";}', 'drupal_get_form', 'a:3:{i:0;s:28:"field_ui_field_overview_form";i:1;s:7:"comment";i:2;i:4;}', '', 123, 7, 1, 'admin/structure/types/manage/%', 'admin/structure/types/manage/%', 'Comment fields', 't', '', '', 'a:0:{}', 132, '', '', 3, 'modules/field_ui/field_ui.admin.inc'),
('admin/structure/block/manage/%/%/delete', 'a:2:{i:4;N;i:5;N;}', '', 'user_access', 'a:1:{i:0;s:17:"administer blocks";}', 'drupal_get_form', 'a:3:{i:0;s:25:"block_custom_block_delete";i:1;i:4;i:2;i:5;}', '', 121, 7, 0, 'admin/structure/block/manage/%/%', 'admin/structure/block/manage/%/%', 'Delete block', 't', '', '', 'a:0:{}', 132, '', '', 0, 'modules/block/block.admin.inc'),
('admin/config/regional/date-time/formats/%/delete', 'a:1:{i:5;N;}', '', 'user_access', 'a:1:{i:0;s:29:"administer site configuration";}', 'drupal_get_form', 'a:2:{i:0;s:30:"system_date_delete_format_form";i:1;i:5;}', '', 125, 7, 0, '', 'admin/config/regional/date-time/formats/%/delete', 'Delete date format', 't', '', '', 'a:0:{}', 6, 'Allow users to delete a configured date format.', '', 0, 'modules/system/system.admin.inc'),
('admin/config/regional/date-time/types/%/delete', 'a:1:{i:5;N;}', '', 'user_access', 'a:1:{i:0;s:29:"administer site configuration";}', 'drupal_get_form', 'a:2:{i:0;s:35:"system_delete_date_format_type_form";i:1;i:5;}', '', 125, 7, 0, '', 'admin/config/regional/date-time/types/%/delete', 'Delete date type', 't', '', '', 'a:0:{}', 6, 'Allow users to delete a configured date type.', '', 0, 'modules/system/system.admin.inc'),
('admin/config/user-interface/shortcut/link/%/delete', 'a:1:{i:5;s:14:"menu_link_load";}', '', 'shortcut_link_access', 'a:1:{i:0;i:5;}', 'drupal_get_form', 'a:2:{i:0;s:20:"shortcut_link_delete";i:1;i:5;}', '', 125, 7, 0, '', 'admin/config/user-interface/shortcut/link/%/delete', 'Delete shortcut', 't', '', '', 'a:0:{}', 6, '', '', 0, 'modules/shortcut/shortcut.admin.inc'),
('admin/config/regional/date-time/formats/%/edit', 'a:1:{i:5;N;}', '', 'user_access', 'a:1:{i:0;s:29:"administer site configuration";}', 'drupal_get_form', 'a:2:{i:0;s:34:"system_configure_date_formats_form";i:1;i:5;}', '', 125, 7, 0, '', 'admin/config/regional/date-time/formats/%/edit', 'Edit date format', 't', '', '', 'a:0:{}', 6, 'Allow users to edit a configured date format.', '', 0, 'modules/system/system.admin.inc'),
('admin/structure/taxonomy/%/fields/%/delete', 'a:2:{i:3;a:1:{s:37:"taxonomy_vocabulary_machine_name_load";a:4:{i:0;s:13:"taxonomy_term";i:1;i:3;i:2;s:1:"3";i:3;s:4:"%map";}}i:5;a:1:{s:18:"field_ui_menu_load";a:4:{i:0;s:13:"taxonomy_term";i:1;i:3;i:2;s:1:"3";i:3;s:4:"%map";}}}', '', 'user_access', 'a:1:{i:0;s:19:"administer taxonomy";}', 'drupal_get_form', 'a:2:{i:0;s:26:"field_ui_field_delete_form";i:1;i:5;}', '', 117, 7, 1, 'admin/structure/taxonomy/%/fields/%', 'admin/structure/taxonomy/%/fields/%', 'Delete', 't', '', '', 'a:0:{}', 132, '', '', 10, 'modules/field_ui/field_ui.admin.inc'),
('admin/structure/taxonomy/%/fields/%/edit', 'a:2:{i:3;a:1:{s:37:"taxonomy_vocabulary_machine_name_load";a:4:{i:0;s:13:"taxonomy_term";i:1;i:3;i:2;s:1:"3";i:3;s:4:"%map";}}i:5;a:1:{s:18:"field_ui_menu_load";a:4:{i:0;s:13:"taxonomy_term";i:1;i:3;i:2;s:1:"3";i:3;s:4:"%map";}}}', '', 'user_access', 'a:1:{i:0;s:19:"administer taxonomy";}', 'drupal_get_form', 'a:2:{i:0;s:24:"field_ui_field_edit_form";i:1;i:5;}', '', 117, 7, 1, 'admin/structure/taxonomy/%/fields/%', 'admin/structure/taxonomy/%/fields/%', 'Edit', 't', '', '', 'a:0:{}', 140, '', '', 0, 'modules/field_ui/field_ui.admin.inc'),
('admin/structure/taxonomy/%/fields/%/field-settings', 'a:2:{i:3;a:1:{s:37:"taxonomy_vocabulary_machine_name_load";a:4:{i:0;s:13:"taxonomy_term";i:1;i:3;i:2;s:1:"3";i:3;s:4:"%map";}}i:5;a:1:{s:18:"field_ui_menu_load";a:4:{i:0;s:13:"taxonomy_term";i:1;i:3;i:2;s:1:"3";i:3;s:4:"%map";}}}', '', 'user_access', 'a:1:{i:0;s:19:"administer taxonomy";}', 'drupal_get_form', 'a:2:{i:0;s:28:"field_ui_field_settings_form";i:1;i:5;}', '', 117, 7, 1, 'admin/structure/taxonomy/%/fields/%', 'admin/structure/taxonomy/%/fields/%', 'Field settings', 't', '', '', 'a:0:{}', 132, '', '', 0, 'modules/field_ui/field_ui.admin.inc'),
('admin/structure/taxonomy/%/fields/%/widget-type', 'a:2:{i:3;a:1:{s:37:"taxonomy_vocabulary_machine_name_load";a:4:{i:0;s:13:"taxonomy_term";i:1;i:3;i:2;s:1:"3";i:3;s:4:"%map";}}i:5;a:1:{s:18:"field_ui_menu_load";a:4:{i:0;s:13:"taxonomy_term";i:1;i:3;i:2;s:1:"3";i:3;s:4:"%map";}}}', '', 'user_access', 'a:1:{i:0;s:19:"administer taxonomy";}', 'drupal_get_form', 'a:2:{i:0;s:25:"field_ui_widget_type_form";i:1;i:5;}', '', 117, 7, 1, 'admin/structure/taxonomy/%/fields/%', 'admin/structure/taxonomy/%/fields/%', 'Widget type', 't', '', '', 'a:0:{}', 132, '', '', 0, 'modules/field_ui/field_ui.admin.inc'),
('admin/config/people/accounts/fields/%/delete', 'a:1:{i:5;a:1:{s:18:"field_ui_menu_load";a:4:{i:0;s:4:"user";i:1;s:4:"user";i:2;s:1:"0";i:3;s:4:"%map";}}}', '', 'user_access', 'a:1:{i:0;s:16:"administer users";}', 'drupal_get_form', 'a:2:{i:0;s:26:"field_ui_field_delete_form";i:1;i:5;}', '', 125, 7, 1, 'admin/config/people/accounts/fields/%', 'admin/config/people/accounts/fields/%', 'Delete', 't', '', '', 'a:0:{}', 132, '', '', 10, 'modules/field_ui/field_ui.admin.inc'),
('admin/config/people/accounts/fields/%/edit', 'a:1:{i:5;a:1:{s:18:"field_ui_menu_load";a:4:{i:0;s:4:"user";i:1;s:4:"user";i:2;s:1:"0";i:3;s:4:"%map";}}}', '', 'user_access', 'a:1:{i:0;s:16:"administer users";}', 'drupal_get_form', 'a:2:{i:0;s:24:"field_ui_field_edit_form";i:1;i:5;}', '', 125, 7, 1, 'admin/config/people/accounts/fields/%', 'admin/config/people/accounts/fields/%', 'Edit', 't', '', '', 'a:0:{}', 140, '', '', 0, 'modules/field_ui/field_ui.admin.inc'),
('admin/config/people/accounts/fields/%/field-settings', 'a:1:{i:5;a:1:{s:18:"field_ui_menu_load";a:4:{i:0;s:4:"user";i:1;s:4:"user";i:2;s:1:"0";i:3;s:4:"%map";}}}', '', 'user_access', 'a:1:{i:0;s:16:"administer users";}', 'drupal_get_form', 'a:2:{i:0;s:28:"field_ui_field_settings_form";i:1;i:5;}', '', 125, 7, 1, 'admin/config/people/accounts/fields/%', 'admin/config/people/accounts/fields/%', 'Field settings', 't', '', '', 'a:0:{}', 132, '', '', 0, 'modules/field_ui/field_ui.admin.inc'),
('admin/config/people/accounts/fields/%/widget-type', 'a:1:{i:5;a:1:{s:18:"field_ui_menu_load";a:4:{i:0;s:4:"user";i:1;s:4:"user";i:2;s:1:"0";i:3;s:4:"%map";}}}', '', 'user_access', 'a:1:{i:0;s:16:"administer users";}', 'drupal_get_form', 'a:2:{i:0;s:25:"field_ui_widget_type_form";i:1;i:5;}', '', 125, 7, 1, 'admin/config/people/accounts/fields/%', 'admin/config/people/accounts/fields/%', 'Widget type', 't', '', '', 'a:0:{}', 132, '', '', 0, 'modules/field_ui/field_ui.admin.inc'),
('admin/structure/types/manage/%/fields/%', 'a:2:{i:4;a:1:{s:14:"node_type_load";a:4:{i:0;s:4:"node";i:1;i:4;i:2;s:1:"4";i:3;s:4:"%map";}}i:6;a:1:{s:18:"field_ui_menu_load";a:4:{i:0;s:4:"node";i:1;i:4;i:2;s:1:"4";i:3;s:4:"%map";}}}', '', 'user_access', 'a:1:{i:0;s:24:"administer content types";}', 'drupal_get_form', 'a:2:{i:0;s:24:"field_ui_field_edit_form";i:1;i:6;}', '', 122, 7, 0, '', 'admin/structure/types/manage/%/fields/%', '', 'field_ui_menu_title', 'a:1:{i:0;i:6;}', '', 'a:0:{}', 6, '', '', 0, 'modules/field_ui/field_ui.admin.inc'),
('admin/structure/types/manage/%/comment/display/default', 'a:1:{i:4;s:22:"comment_node_type_load";}', '', '_field_ui_view_mode_menu_access', 'a:5:{i:0;s:7:"comment";i:1;i:4;i:2;s:7:"default";i:3;s:11:"user_access";i:4;s:24:"administer content types";}', 'drupal_get_form', 'a:4:{i:0;s:30:"field_ui_display_overview_form";i:1;s:7:"comment";i:2;i:4;i:3;s:7:"default";}', '', 247, 8, 1, 'admin/structure/types/manage/%/comment/display', 'admin/structure/types/manage/%', 'Default', 't', '', '', 'a:0:{}', 140, '', '', -10, 'modules/field_ui/field_ui.admin.inc'),
('admin/structure/types/manage/%/comment/display/full', 'a:1:{i:4;s:22:"comment_node_type_load";}', '', '_field_ui_view_mode_menu_access', 'a:5:{i:0;s:7:"comment";i:1;i:4;i:2;s:4:"full";i:3;s:11:"user_access";i:4;s:24:"administer content types";}', 'drupal_get_form', 'a:4:{i:0;s:30:"field_ui_display_overview_form";i:1;s:7:"comment";i:2;i:4;i:3;s:4:"full";}', '', 247, 8, 1, 'admin/structure/types/manage/%/comment/display', 'admin/structure/types/manage/%', 'Full comment', 't', '', '', 'a:0:{}', 132, '', '', 0, 'modules/field_ui/field_ui.admin.inc'),
('admin/config/media/image-styles/edit/%/add/%', 'a:2:{i:5;a:1:{s:16:"image_style_load";a:1:{i:0;i:5;}}i:7;a:1:{s:28:"image_effect_definition_load";a:1:{i:0;i:5;}}}', '', 'user_access', 'a:1:{i:0;s:23:"administer image styles";}', 'drupal_get_form', 'a:3:{i:0;s:17:"image_effect_form";i:1;i:5;i:2;i:7;}', '', 250, 8, 0, '', 'admin/config/media/image-styles/edit/%/add/%', 'Add image effect', 't', '', '', 'a:0:{}', 6, 'Add a new effect to a style.', '', 0, 'modules/image/image.admin.inc'),
('admin/config/media/image-styles/edit/%/effects/%', 'a:2:{i:5;a:1:{s:16:"image_style_load";a:2:{i:0;i:5;i:1;s:1:"3";}}i:7;a:1:{s:17:"image_effect_load";a:2:{i:0;i:5;i:1;s:1:"3";}}}', '', 'user_access', 'a:1:{i:0;s:23:"administer image styles";}', 'drupal_get_form', 'a:3:{i:0;s:17:"image_effect_form";i:1;i:5;i:2;i:7;}', '', 250, 8, 0, '', 'admin/config/media/image-styles/edit/%/effects/%', 'Edit image effect', 't', '', '', 'a:0:{}', 6, 'Edit an existing effect within a style.', '', 0, 'modules/image/image.admin.inc'),
('admin/structure/types/manage/%/fields/%/delete', 'a:2:{i:4;a:1:{s:14:"node_type_load";a:4:{i:0;s:4:"node";i:1;i:4;i:2;s:1:"4";i:3;s:4:"%map";}}i:6;a:1:{s:18:"field_ui_menu_load";a:4:{i:0;s:4:"node";i:1;i:4;i:2;s:1:"4";i:3;s:4:"%map";}}}', '', 'user_access', 'a:1:{i:0;s:24:"administer content types";}', 'drupal_get_form', 'a:2:{i:0;s:26:"field_ui_field_delete_form";i:1;i:6;}', '', 245, 8, 1, 'admin/structure/types/manage/%/fields/%', 'admin/structure/types/manage/%/fields/%', 'Delete', 't', '', '', 'a:0:{}', 132, '', '', 10, 'modules/field_ui/field_ui.admin.inc');
INSERT INTO `menu_router` VALUES
('admin/structure/types/manage/%/fields/%/edit', 'a:2:{i:4;a:1:{s:14:"node_type_load";a:4:{i:0;s:4:"node";i:1;i:4;i:2;s:1:"4";i:3;s:4:"%map";}}i:6;a:1:{s:18:"field_ui_menu_load";a:4:{i:0;s:4:"node";i:1;i:4;i:2;s:1:"4";i:3;s:4:"%map";}}}', '', 'user_access', 'a:1:{i:0;s:24:"administer content types";}', 'drupal_get_form', 'a:2:{i:0;s:24:"field_ui_field_edit_form";i:1;i:6;}', '', 245, 8, 1, 'admin/structure/types/manage/%/fields/%', 'admin/structure/types/manage/%/fields/%', 'Edit', 't', '', '', 'a:0:{}', 140, '', '', 0, 'modules/field_ui/field_ui.admin.inc'),
('admin/structure/types/manage/%/fields/%/field-settings', 'a:2:{i:4;a:1:{s:14:"node_type_load";a:4:{i:0;s:4:"node";i:1;i:4;i:2;s:1:"4";i:3;s:4:"%map";}}i:6;a:1:{s:18:"field_ui_menu_load";a:4:{i:0;s:4:"node";i:1;i:4;i:2;s:1:"4";i:3;s:4:"%map";}}}', '', 'user_access', 'a:1:{i:0;s:24:"administer content types";}', 'drupal_get_form', 'a:2:{i:0;s:28:"field_ui_field_settings_form";i:1;i:6;}', '', 245, 8, 1, 'admin/structure/types/manage/%/fields/%', 'admin/structure/types/manage/%/fields/%', 'Field settings', 't', '', '', 'a:0:{}', 132, '', '', 0, 'modules/field_ui/field_ui.admin.inc'),
('admin/structure/types/manage/%/fields/%/widget-type', 'a:2:{i:4;a:1:{s:14:"node_type_load";a:4:{i:0;s:4:"node";i:1;i:4;i:2;s:1:"4";i:3;s:4:"%map";}}i:6;a:1:{s:18:"field_ui_menu_load";a:4:{i:0;s:4:"node";i:1;i:4;i:2;s:1:"4";i:3;s:4:"%map";}}}', '', 'user_access', 'a:1:{i:0;s:24:"administer content types";}', 'drupal_get_form', 'a:2:{i:0;s:25:"field_ui_widget_type_form";i:1;i:6;}', '', 245, 8, 1, 'admin/structure/types/manage/%/fields/%', 'admin/structure/types/manage/%/fields/%', 'Widget type', 't', '', '', 'a:0:{}', 132, '', '', 0, 'modules/field_ui/field_ui.admin.inc'),
('admin/structure/types/manage/%/comment/fields/%', 'a:2:{i:4;a:1:{s:22:"comment_node_type_load";a:4:{i:0;s:7:"comment";i:1;i:4;i:2;s:1:"4";i:3;s:4:"%map";}}i:7;a:1:{s:18:"field_ui_menu_load";a:4:{i:0;s:7:"comment";i:1;i:4;i:2;s:1:"4";i:3;s:4:"%map";}}}', '', 'user_access', 'a:1:{i:0;s:24:"administer content types";}', 'drupal_get_form', 'a:2:{i:0;s:24:"field_ui_field_edit_form";i:1;i:7;}', '', 246, 8, 0, '', 'admin/structure/types/manage/%/comment/fields/%', '', 'field_ui_menu_title', 'a:1:{i:0;i:7;}', '', 'a:0:{}', 6, '', '', 0, 'modules/field_ui/field_ui.admin.inc'),
('admin/config/media/image-styles/edit/%/effects/%/delete', 'a:2:{i:5;a:1:{s:16:"image_style_load";a:2:{i:0;i:5;i:1;s:1:"3";}}i:7;a:1:{s:17:"image_effect_load";a:2:{i:0;i:5;i:1;s:1:"3";}}}', '', 'user_access', 'a:1:{i:0;s:23:"administer image styles";}', 'drupal_get_form', 'a:3:{i:0;s:24:"image_effect_delete_form";i:1;i:5;i:2;i:7;}', '', 501, 9, 0, '', 'admin/config/media/image-styles/edit/%/effects/%/delete', 'Delete image effect', 't', '', '', 'a:0:{}', 6, 'Delete an existing effect from a style.', '', 0, 'modules/image/image.admin.inc'),
('admin/structure/types/manage/%/comment/fields/%/delete', 'a:2:{i:4;a:1:{s:22:"comment_node_type_load";a:4:{i:0;s:7:"comment";i:1;i:4;i:2;s:1:"4";i:3;s:4:"%map";}}i:7;a:1:{s:18:"field_ui_menu_load";a:4:{i:0;s:7:"comment";i:1;i:4;i:2;s:1:"4";i:3;s:4:"%map";}}}', '', 'user_access', 'a:1:{i:0;s:24:"administer content types";}', 'drupal_get_form', 'a:2:{i:0;s:26:"field_ui_field_delete_form";i:1;i:7;}', '', 493, 9, 1, 'admin/structure/types/manage/%/comment/fields/%', 'admin/structure/types/manage/%/comment/fields/%', 'Delete', 't', '', '', 'a:0:{}', 132, '', '', 10, 'modules/field_ui/field_ui.admin.inc'),
('admin/structure/types/manage/%/comment/fields/%/edit', 'a:2:{i:4;a:1:{s:22:"comment_node_type_load";a:4:{i:0;s:7:"comment";i:1;i:4;i:2;s:1:"4";i:3;s:4:"%map";}}i:7;a:1:{s:18:"field_ui_menu_load";a:4:{i:0;s:7:"comment";i:1;i:4;i:2;s:1:"4";i:3;s:4:"%map";}}}', '', 'user_access', 'a:1:{i:0;s:24:"administer content types";}', 'drupal_get_form', 'a:2:{i:0;s:24:"field_ui_field_edit_form";i:1;i:7;}', '', 493, 9, 1, 'admin/structure/types/manage/%/comment/fields/%', 'admin/structure/types/manage/%/comment/fields/%', 'Edit', 't', '', '', 'a:0:{}', 140, '', '', 0, 'modules/field_ui/field_ui.admin.inc'),
('admin/structure/types/manage/%/comment/fields/%/field-settings', 'a:2:{i:4;a:1:{s:22:"comment_node_type_load";a:4:{i:0;s:7:"comment";i:1;i:4;i:2;s:1:"4";i:3;s:4:"%map";}}i:7;a:1:{s:18:"field_ui_menu_load";a:4:{i:0;s:7:"comment";i:1;i:4;i:2;s:1:"4";i:3;s:4:"%map";}}}', '', 'user_access', 'a:1:{i:0;s:24:"administer content types";}', 'drupal_get_form', 'a:2:{i:0;s:28:"field_ui_field_settings_form";i:1;i:7;}', '', 493, 9, 1, 'admin/structure/types/manage/%/comment/fields/%', 'admin/structure/types/manage/%/comment/fields/%', 'Field settings', 't', '', '', 'a:0:{}', 132, '', '', 0, 'modules/field_ui/field_ui.admin.inc'),
('admin/structure/types/manage/%/comment/fields/%/widget-type', 'a:2:{i:4;a:1:{s:22:"comment_node_type_load";a:4:{i:0;s:7:"comment";i:1;i:4;i:2;s:1:"4";i:3;s:4:"%map";}}i:7;a:1:{s:18:"field_ui_menu_load";a:4:{i:0;s:7:"comment";i:1;i:4;i:2;s:1:"4";i:3;s:4:"%map";}}}', '', 'user_access', 'a:1:{i:0;s:24:"administer content types";}', 'drupal_get_form', 'a:2:{i:0;s:25:"field_ui_widget_type_form";i:1;i:7;}', '', 493, 9, 1, 'admin/structure/types/manage/%/comment/fields/%', 'admin/structure/types/manage/%/comment/fields/%', 'Widget type', 't', '', '', 'a:0:{}', 132, '', '', 0, 'modules/field_ui/field_ui.admin.inc');

-- --------------------------------------------------------

--
-- Table structure for table`node`
--

CREATE TABLE `node` (
  `nid` int(10) unsigned NOT NULL AUTO_INCREMENT COMMENT 'The primary identifier for a node.',
  `vid` int(10) unsigned NOT NULL DEFAULT '0' COMMENT 'The current node_revision.vid version identifier.',
  `type` varchar(32) NOT NULL DEFAULT '' COMMENT 'The node_type.type of this node.',
  `language` varchar(12) NOT NULL DEFAULT '' COMMENT 'The languages.language of this node.',
  `title` varchar(255) NOT NULL DEFAULT '' COMMENT 'The title of this node, always treated as non-markup plain text.',
  `uid` int(11) NOT NULL DEFAULT '0' COMMENT 'The users.uid that owns this node; initially, this is the user that created it.',
  `status` int(11) NOT NULL DEFAULT '1' COMMENT 'Boolean indicating whether the node is published (visible to non-administrators).',
  `created` int(11) NOT NULL DEFAULT '0' COMMENT 'The Unix timestamp when the node was created.',
  `changed` int(11) NOT NULL DEFAULT '0' COMMENT 'The Unix timestamp when the node was most recently saved.',
  `comment` int(11) NOT NULL DEFAULT '0' COMMENT 'Whether comments are allowed on this node: 0 = no, 1 = closed (read only), 2 = open (read/write).',
  `promote` int(11) NOT NULL DEFAULT '0' COMMENT 'Boolean indicating whether the node should be displayed on the front page.',
  `sticky` int(11) NOT NULL DEFAULT '0' COMMENT 'Boolean indicating whether the node should be displayed at the top of lists in which it appears.',
  `tnid` int(10) unsigned NOT NULL DEFAULT '0' COMMENT 'The translation set id for this node, which equals the node id of the source post in each set.',
  `translate` int(11) NOT NULL DEFAULT '0' COMMENT 'A boolean indicating whether this translation page needs to be updated.',
  PRIMARY KEY (`nid`),
  UNIQUE KEY `vid` (`vid`),
  KEY `node_changed` (`changed`),
  KEY `node_created` (`created`),
  KEY `node_frontpage` (`promote`,`status`,`sticky`,`created`),
  KEY `node_status_type` (`status`,`type`,`nid`),
  KEY `node_title_type` (`title`,`type`(4)),
  KEY `node_type` (`type`(4)),
  KEY `uid` (`uid`),
  KEY `tnid` (`tnid`),
  KEY `translate` (`translate`)
) ENGINE=MyISAM  DEFAULT CHARSET=latin1 AUTO_INCREMENT=5 ;

--
-- Dumping data for table 'node'
--

INSERT INTO `node` VALUES
(2, 2, 'blog', 'und', 'Please stand by', 3, 1, 1306817856, 1308111175, 2, 1, 0, 0, 0),
(4, 4, 'forum', 'und', 'Cuss or Discuss', 3, 1, 1307163164, 1308111260, 2, 0, 0, 0, 0);

-- --------------------------------------------------------

--
-- Table structure for table`node_access`
--

CREATE TABLE `node_access` (
  `nid` int(10) unsigned NOT NULL DEFAULT '0' COMMENT 'The node.nid this record affects.',
  `gid` int(10) unsigned NOT NULL DEFAULT '0' COMMENT 'The grant ID a user must possess in the specified realm to gain this row’s privileges on the node.',
  `realm` varchar(255) NOT NULL DEFAULT '' COMMENT 'The realm in which the user must possess the grant ID. Each node access node can define one or more realms.',
  `grant_view` tinyint(3) unsigned NOT NULL DEFAULT '0' COMMENT 'Boolean indicating whether a user with the realm/grant pair can view this node.',
  `grant_update` tinyint(3) unsigned NOT NULL DEFAULT '0' COMMENT 'Boolean indicating whether a user with the realm/grant pair can edit this node.',
  `grant_delete` tinyint(3) unsigned NOT NULL DEFAULT '0' COMMENT 'Boolean indicating whether a user with the realm/grant pair can delete this node.',
  PRIMARY KEY (`nid`,`gid`,`realm`)
) ENGINE=MyISAM DEFAULT CHARSET=latin1;

--
-- Dumping data for table 'node_access'
--

INSERT INTO `node_access` VALUES
(0, 0, 'all', 1, 0, 0);

-- --------------------------------------------------------

--
-- Table structure for table`node_comment_statistics`
--

CREATE TABLE `node_comment_statistics` (
  `nid` int(10) unsigned NOT NULL DEFAULT '0' COMMENT 'The node.nid for which the statistics are compiled.',
  `cid` int(11) NOT NULL DEFAULT '0' COMMENT 'The comment.cid of the last comment.',
  `last_comment_timestamp` int(11) NOT NULL DEFAULT '0' COMMENT 'The Unix timestamp of the last comment that was posted within this node, from comment.timestamp.',
  `last_comment_name` varchar(60) DEFAULT NULL COMMENT 'The name of the latest author to post a comment on this node, from comment.name.',
  `last_comment_uid` int(11) NOT NULL DEFAULT '0' COMMENT 'The user ID of the latest author to post a comment on this node, from comment.uid.',
  `comment_count` int(10) unsigned NOT NULL DEFAULT '0' COMMENT 'The total number of comments on this node.',
  PRIMARY KEY (`nid`),
  KEY `node_comment_timestamp` (`last_comment_timestamp`),
  KEY `comment_count` (`comment_count`),
  KEY `last_comment_uid` (`last_comment_uid`)
) ENGINE=MyISAM DEFAULT CHARSET=latin1;

--
-- Dumping data for table 'node_comment_statistics'
--

INSERT INTO `node_comment_statistics` VALUES
(2, 0, 1306817856, NULL, 3, 0),
(4, 2, 1307504573, '', 6, 2);

-- --------------------------------------------------------

--
-- Table structure for table`node_revision`
--

CREATE TABLE `node_revision` (
  `nid` int(10) unsigned NOT NULL DEFAULT '0' COMMENT 'The node this version belongs to.',
  `vid` int(10) unsigned NOT NULL AUTO_INCREMENT COMMENT 'The primary identifier for this version.',
  `uid` int(11) NOT NULL DEFAULT '0' COMMENT 'The users.uid that created this version.',
  `title` varchar(255) NOT NULL DEFAULT '' COMMENT 'The title of this version.',
  `log` longtext NOT NULL COMMENT 'The log entry explaining the changes in this version.',
  `timestamp` int(11) NOT NULL DEFAULT '0' COMMENT 'A Unix timestamp indicating when this version was created.',
  `status` int(11) NOT NULL DEFAULT '1',
  `comment` int(11) NOT NULL DEFAULT '0' COMMENT 'Whether comments are allowed on this node (at the time of this revision): 0 = no, 1 = closed (read only), 2 = open (read/write).',
  `promote` int(11) NOT NULL DEFAULT '0' COMMENT 'Boolean indicating whether the node (at the time of this revision) should be displayed on the front page.',
  `sticky` int(11) NOT NULL DEFAULT '0' COMMENT 'Boolean indicating whether the node (at the time of this revision) should be displayed at the top of lists in which it appears.',
  PRIMARY KEY (`vid`),
  KEY `nid` (`nid`),
  KEY `uid` (`uid`)
) ENGINE=MyISAM  DEFAULT CHARSET=latin1 AUTO_INCREMENT=5 ;

--
-- Dumping data for table 'node_revision'
--

INSERT INTO `node_revision` VALUES
(2, 2, 3, 'Please stand by', '', 1308111175, 1, 2, 1, 0),
(4, 4, 3, 'Cuss or Discuss', '', 1308111260, 1, 2, 0, 0);

-- --------------------------------------------------------

--
-- Table structure for table`node_type`
--

CREATE TABLE `node_type` (
  `type` varchar(32) NOT NULL COMMENT 'The machine-readable name of this type.',
  `name` varchar(255) NOT NULL DEFAULT '' COMMENT 'The human-readable name of this type.',
  `base` varchar(255) NOT NULL COMMENT 'The base string used to construct callbacks corresponding to this node type.',
  `module` varchar(255) NOT NULL,
  `description` mediumtext NOT NULL COMMENT 'A brief description of this type.',
  `help` mediumtext NOT NULL COMMENT 'Help information shown to the user when creating a node of this type.',
  `has_title` tinyint(3) unsigned NOT NULL COMMENT 'Boolean indicating whether this type uses the node.title field.',
  `title_label` varchar(255) NOT NULL DEFAULT '' COMMENT 'The label displayed for the title field on the edit form.',
  `custom` tinyint(4) NOT NULL DEFAULT '0' COMMENT 'A boolean indicating whether this type is defined by a module (FALSE) or by a user via Add content type (TRUE).',
  `modified` tinyint(4) NOT NULL DEFAULT '0' COMMENT 'A boolean indicating whether this type has been modified by an administrator; currently not used in any way.',
  `locked` tinyint(4) NOT NULL DEFAULT '0' COMMENT 'A boolean indicating whether the administrator can change the machine name of this type.',
  `disabled` tinyint(4) NOT NULL DEFAULT '0' COMMENT 'A boolean indicating whether the node type is disabled.',
  `orig_type` varchar(255) NOT NULL DEFAULT '' COMMENT 'The original machine-readable name of this node type. This may be different from the current type name if the locked field is 0.',
  PRIMARY KEY (`type`)
) ENGINE=MyISAM DEFAULT CHARSET=latin1;

--
-- Dumping data for table 'node_type'
--

INSERT INTO `node_type` VALUES
('article', 'Article', 'node_content', 'node', 'Use <em>articles</em> for time-sensitive content like news, press releases or blog posts.', '', 1, 'Title', 1, 1, 0, 0, 'article'),
('page', 'Basic page', 'node_content', 'node', 'Use <em>basic pages</em> for your static content, such as an ''About us'' page.', '', 1, 'Title', 1, 1, 0, 0, 'page'),
('blog', 'Blog entry', 'blog', 'blog', 'Use for multi-user blogs. Every user gets a personal blog.', '', 1, 'Title', 0, 0, 1, 0, 'blog'),
('poll', 'Poll', 'poll', 'poll', 'A <em>poll</em> is a question with a set of possible responses. A <em>poll</em>, once created, automatically provides a simple running count of the number of votes received for each response.', '', 1, 'Question', 0, 0, 1, 0, 'poll'),
('forum', 'Forum topic', 'forum', 'forum', 'A <em>forum topic</em> starts a new discussion thread within a forum.', '', 1, 'Subject', 0, 0, 1, 0, 'forum');

-- --------------------------------------------------------

--
-- Table structure for table`poll`
--

CREATE TABLE `poll` (
  `nid` int(10) unsigned NOT NULL DEFAULT '0' COMMENT 'The poll’s node.nid.',
  `runtime` int(11) NOT NULL DEFAULT '0' COMMENT 'The number of seconds past node.created during which the poll is open.',
  `active` int(10) unsigned NOT NULL DEFAULT '0' COMMENT 'Boolean indicating whether or not the poll is open.',
  PRIMARY KEY (`nid`)
) ENGINE=InnoDB DEFAULT CHARSET=utf8 COMMENT='Stores poll-specific information for poll nodes.';

-- --------------------------------------------------------

--
-- Table structure for table`poll_choice`
--

CREATE TABLE `poll_choice` (
  `chid` int(10) unsigned NOT NULL AUTO_INCREMENT COMMENT 'Unique identifier for a poll choice.',
  `nid` int(10) unsigned NOT NULL DEFAULT '0' COMMENT 'The node.nid this choice belongs to.',
  `chtext` varchar(128) NOT NULL DEFAULT '' COMMENT 'The text for this choice.',
  `chvotes` int(11) NOT NULL DEFAULT '0' COMMENT 'The total number of votes this choice has received by all users.',
  `weight` int(11) NOT NULL DEFAULT '0' COMMENT 'The sort order of this choice among all choices for the same node.',
  PRIMARY KEY (`chid`),
  KEY `nid` (`nid`)
) ENGINE=InnoDB DEFAULT CHARSET=utf8 COMMENT='Stores information about all choices for all polls.' AUTO_INCREMENT=1 ;

-- --------------------------------------------------------

--
-- Table structure for table`poll_vote`
--

CREATE TABLE `poll_vote` (
  `chid` int(10) unsigned NOT NULL COMMENT 'The users’s vote for this poll.',
  `nid` int(10) unsigned NOT NULL COMMENT 'The poll node this vote is for.',
  `uid` int(10) unsigned NOT NULL DEFAULT '0' COMMENT 'The users.uid this vote is from unless the voter was anonymous.',
  `hostname` varchar(128) NOT NULL DEFAULT '' COMMENT 'The IP address this vote is from unless the voter was logged in.',
  `timestamp` int(11) NOT NULL DEFAULT '0' COMMENT 'The timestamp of the vote creation.',
  PRIMARY KEY (`nid`,`uid`,`hostname`),
  KEY `chid` (`chid`),
  KEY `hostname` (`hostname`),
  KEY `uid` (`uid`)
) ENGINE=InnoDB DEFAULT CHARSET=utf8 COMMENT='Stores per-users votes for each poll.';

-- --------------------------------------------------------

--
-- Table structure for table`queue`
--

CREATE TABLE `queue` (
  `item_id` int(10) unsigned NOT NULL AUTO_INCREMENT COMMENT 'Primary Key: Unique item ID.',
  `name` varchar(255) NOT NULL DEFAULT '' COMMENT 'The queue name.',
  `data` longblob COMMENT 'The arbitrary data for the item.',
  `expire` int(11) NOT NULL DEFAULT '0' COMMENT 'Timestamp when the claim lease expires on the item.',
  `created` int(11) NOT NULL DEFAULT '0' COMMENT 'Timestamp when the item was created.',
  PRIMARY KEY (`item_id`),
  KEY `name_created` (`name`,`created`),
  KEY `expire` (`expire`)
) ENGINE=MyISAM  DEFAULT CHARSET=latin1 AUTO_INCREMENT=51 ;

--
-- Dumping data for table 'queue'
--

INSERT INTO `queue` VALUES
(50, 'update_fetch_tasks', 'a:8:{s:4:"name";s:6:"drupal";s:4:"info";a:6:{s:4:"name";s:5:"Block";s:7:"package";s:4:"Core";s:7:"version";s:3:"7.2";s:7:"project";s:6:"drupal";s:9:"datestamp";s:10:"1306357016";s:16:"_info_file_ctime";i:1306553667;}s:9:"datestamp";s:10:"1306357016";s:8:"includes";a:36:{s:5:"block";s:5:"Block";s:4:"blog";s:4:"Blog";s:5:"color";s:5:"Color";s:7:"comment";s:7:"Comment";s:10:"contextual";s:16:"Contextual links";s:9:"dashboard";s:9:"Dashboard";s:5:"dblog";s:16:"Database logging";s:5:"field";s:5:"Field";s:17:"field_sql_storage";s:17:"Field SQL storage";s:8:"field_ui";s:8:"Field UI";s:4:"file";s:4:"File";s:6:"filter";s:6:"Filter";s:5:"forum";s:5:"Forum";s:4:"help";s:4:"Help";s:5:"image";s:5:"Image";s:4:"list";s:4:"List";s:4:"menu";s:4:"Menu";s:4:"node";s:4:"Node";s:6:"number";s:6:"Number";s:7:"options";s:7:"Options";s:7:"overlay";s:7:"Overlay";s:4:"path";s:4:"Path";s:4:"poll";s:4:"Poll";s:3:"rdf";s:3:"RDF";s:6:"search";s:6:"Search";s:8:"shortcut";s:8:"Shortcut";s:6:"system";s:6:"System";s:8:"taxonomy";s:8:"Taxonomy";s:4:"text";s:4:"Text";s:7:"toolbar";s:7:"Toolbar";s:6:"update";s:14:"Update manager";s:4:"user";s:4:"User";s:6:"bartik";s:6:"Bartik";s:7:"garland";s:7:"Garland";s:5:"seven";s:5:"Seven";s:5:"stark";s:5:"Stark";}s:12:"project_type";s:4:"core";s:14:"project_status";b:1;s:10:"sub_themes";a:0:{}s:11:"base_themes";a:0:{}}', 0, 1307290688);

-- --------------------------------------------------------

--
-- Table structure for table`rdf_mapping`
--

CREATE TABLE `rdf_mapping` (
  `type` varchar(128) NOT NULL COMMENT 'The name of the entity type a mapping applies to (node, user, comment, etc.).',
  `bundle` varchar(128) NOT NULL COMMENT 'The name of the bundle a mapping applies to.',
  `mapping` longblob COMMENT 'The serialized mapping of the bundle type and fields to RDF terms.',
  PRIMARY KEY (`type`,`bundle`)
) ENGINE=MyISAM DEFAULT CHARSET=latin1;

--
-- Dumping data for table 'rdf_mapping'
--

INSERT INTO `rdf_mapping` VALUES
('node', 'article', 'a:11:{s:11:"field_image";a:2:{s:10:"predicates";a:2:{i:0;s:8:"og:image";i:1;s:12:"rdfs:seeAlso";}s:4:"type";s:3:"rel";}s:10:"field_tags";a:2:{s:10:"predicates";a:1:{i:0;s:10:"dc:subject";}s:4:"type";s:3:"rel";}s:7:"rdftype";a:2:{i:0;s:9:"sioc:Item";i:1;s:13:"foaf:Document";}s:5:"title";a:1:{s:10:"predicates";a:1:{i:0;s:8:"dc:title";}}s:7:"created";a:3:{s:10:"predicates";a:2:{i:0;s:7:"dc:date";i:1;s:10:"dc:created";}s:8:"datatype";s:12:"xsd:dateTime";s:8:"callback";s:12:"date_iso8601";}s:7:"changed";a:3:{s:10:"predicates";a:1:{i:0;s:11:"dc:modified";}s:8:"datatype";s:12:"xsd:dateTime";s:8:"callback";s:12:"date_iso8601";}s:4:"body";a:1:{s:10:"predicates";a:1:{i:0;s:15:"content:encoded";}}s:3:"uid";a:2:{s:10:"predicates";a:1:{i:0;s:16:"sioc:has_creator";}s:4:"type";s:3:"rel";}s:4:"name";a:1:{s:10:"predicates";a:1:{i:0;s:9:"foaf:name";}}s:13:"comment_count";a:2:{s:10:"predicates";a:1:{i:0;s:16:"sioc:num_replies";}s:8:"datatype";s:11:"xsd:integer";}s:13:"last_activity";a:3:{s:10:"predicates";a:1:{i:0;s:23:"sioc:last_activity_date";}s:8:"datatype";s:12:"xsd:dateTime";s:8:"callback";s:12:"date_iso8601";}}'),
('node', 'page', 'a:9:{s:7:"rdftype";a:1:{i:0;s:13:"foaf:Document";}s:5:"title";a:1:{s:10:"predicates";a:1:{i:0;s:8:"dc:title";}}s:7:"created";a:3:{s:10:"predicates";a:2:{i:0;s:7:"dc:date";i:1;s:10:"dc:created";}s:8:"datatype";s:12:"xsd:dateTime";s:8:"callback";s:12:"date_iso8601";}s:7:"changed";a:3:{s:10:"predicates";a:1:{i:0;s:11:"dc:modified";}s:8:"datatype";s:12:"xsd:dateTime";s:8:"callback";s:12:"date_iso8601";}s:4:"body";a:1:{s:10:"predicates";a:1:{i:0;s:15:"content:encoded";}}s:3:"uid";a:2:{s:10:"predicates";a:1:{i:0;s:16:"sioc:has_creator";}s:4:"type";s:3:"rel";}s:4:"name";a:1:{s:10:"predicates";a:1:{i:0;s:9:"foaf:name";}}s:13:"comment_count";a:2:{s:10:"predicates";a:1:{i:0;s:16:"sioc:num_replies";}s:8:"datatype";s:11:"xsd:integer";}s:13:"last_activity";a:3:{s:10:"predicates";a:1:{i:0;s:23:"sioc:last_activity_date";}s:8:"datatype";s:12:"xsd:dateTime";s:8:"callback";s:12:"date_iso8601";}}'),
('node', 'blog', 'a:9:{s:7:"rdftype";a:2:{i:0;s:9:"sioc:Post";i:1;s:14:"sioct:BlogPost";}s:5:"title";a:1:{s:10:"predicates";a:1:{i:0;s:8:"dc:title";}}s:7:"created";a:3:{s:10:"predicates";a:2:{i:0;s:7:"dc:date";i:1;s:10:"dc:created";}s:8:"datatype";s:12:"xsd:dateTime";s:8:"callback";s:12:"date_iso8601";}s:7:"changed";a:3:{s:10:"predicates";a:1:{i:0;s:11:"dc:modified";}s:8:"datatype";s:12:"xsd:dateTime";s:8:"callback";s:12:"date_iso8601";}s:4:"body";a:1:{s:10:"predicates";a:1:{i:0;s:15:"content:encoded";}}s:3:"uid";a:2:{s:10:"predicates";a:1:{i:0;s:16:"sioc:has_creator";}s:4:"type";s:3:"rel";}s:4:"name";a:1:{s:10:"predicates";a:1:{i:0;s:9:"foaf:name";}}s:13:"comment_count";a:2:{s:10:"predicates";a:1:{i:0;s:16:"sioc:num_replies";}s:8:"datatype";s:11:"xsd:integer";}s:13:"last_activity";a:3:{s:10:"predicates";a:1:{i:0;s:23:"sioc:last_activity_date";}s:8:"datatype";s:12:"xsd:dateTime";s:8:"callback";s:12:"date_iso8601";}}'),
('node', 'poll', 'a:9:{s:7:"rdftype";a:2:{i:0;s:9:"sioc:Post";i:1;s:10:"sioct:Poll";}s:5:"title";a:1:{s:10:"predicates";a:1:{i:0;s:8:"dc:title";}}s:7:"created";a:3:{s:10:"predicates";a:2:{i:0;s:7:"dc:date";i:1;s:10:"dc:created";}s:8:"datatype";s:12:"xsd:dateTime";s:8:"callback";s:12:"date_iso8601";}s:7:"changed";a:3:{s:10:"predicates";a:1:{i:0;s:11:"dc:modified";}s:8:"datatype";s:12:"xsd:dateTime";s:8:"callback";s:12:"date_iso8601";}s:4:"body";a:1:{s:10:"predicates";a:1:{i:0;s:15:"content:encoded";}}s:3:"uid";a:2:{s:10:"predicates";a:1:{i:0;s:16:"sioc:has_creator";}s:4:"type";s:3:"rel";}s:4:"name";a:1:{s:10:"predicates";a:1:{i:0;s:9:"foaf:name";}}s:13:"comment_count";a:2:{s:10:"predicates";a:1:{i:0;s:16:"sioc:num_replies";}s:8:"datatype";s:11:"xsd:integer";}s:13:"last_activity";a:3:{s:10:"predicates";a:1:{i:0;s:23:"sioc:last_activity_date";}s:8:"datatype";s:12:"xsd:dateTime";s:8:"callback";s:12:"date_iso8601";}}'),
('node', 'forum', 'a:10:{s:7:"rdftype";a:2:{i:0;s:9:"sioc:Post";i:1;s:15:"sioct:BoardPost";}s:15:"taxonomy_forums";a:2:{s:10:"predicates";a:1:{i:0;s:18:"sioc:has_container";}s:4:"type";s:3:"rel";}s:5:"title";a:1:{s:10:"predicates";a:1:{i:0;s:8:"dc:title";}}s:7:"created";a:3:{s:10:"predicates";a:2:{i:0;s:7:"dc:date";i:1;s:10:"dc:created";}s:8:"datatype";s:12:"xsd:dateTime";s:8:"callback";s:12:"date_iso8601";}s:7:"changed";a:3:{s:10:"predicates";a:1:{i:0;s:11:"dc:modified";}s:8:"datatype";s:12:"xsd:dateTime";s:8:"callback";s:12:"date_iso8601";}s:4:"body";a:1:{s:10:"predicates";a:1:{i:0;s:15:"content:encoded";}}s:3:"uid";a:2:{s:10:"predicates";a:1:{i:0;s:16:"sioc:has_creator";}s:4:"type";s:3:"rel";}s:4:"name";a:1:{s:10:"predicates";a:1:{i:0;s:9:"foaf:name";}}s:13:"comment_count";a:2:{s:10:"predicates";a:1:{i:0;s:16:"sioc:num_replies";}s:8:"datatype";s:11:"xsd:integer";}s:13:"last_activity";a:3:{s:10:"predicates";a:1:{i:0;s:23:"sioc:last_activity_date";}s:8:"datatype";s:12:"xsd:dateTime";s:8:"callback";s:12:"date_iso8601";}}'),
('taxonomy_term', 'forums', 'a:5:{s:7:"rdftype";a:2:{i:0;s:14:"sioc:Container";i:1;s:10:"sioc:Forum";}s:4:"name";a:1:{s:10:"predicates";a:2:{i:0;s:10:"rdfs:label";i:1;s:14:"skos:prefLabel";}}s:11:"description";a:1:{s:10:"predicates";a:1:{i:0;s:15:"skos:definition";}}s:3:"vid";a:2:{s:10:"predicates";a:1:{i:0;s:13:"skos:inScheme";}s:4:"type";s:3:"rel";}s:6:"parent";a:2:{s:10:"predicates";a:1:{i:0;s:12:"skos:broader";}s:4:"type";s:3:"rel";}}');

-- --------------------------------------------------------

--
-- Table structure for table`registry`
--

CREATE TABLE `registry` (
  `name` varchar(255) NOT NULL DEFAULT '' COMMENT 'The name of the function, class, or interface.',
  `type` varchar(9) NOT NULL DEFAULT '' COMMENT 'Either function or class or interface.',
  `filename` varchar(255) NOT NULL,
  `module` varchar(255) NOT NULL DEFAULT '' COMMENT 'Name of the module the file belongs to.',
  `weight` int(11) NOT NULL DEFAULT '0' COMMENT 'The order in which this module’s hooks should be invoked relative to other modules. Equal-weighted modules are ordered by name.',
  PRIMARY KEY (`name`,`type`),
  KEY `hook` (`type`,`weight`,`module`)
) ENGINE=MyISAM DEFAULT CHARSET=latin1;

--
-- Dumping data for table 'registry'
--

INSERT INTO `registry` VALUES
('DatabaseSchema_sqlite', 'class', 'includes/database/sqlite/schema.inc', '', 0),
('TaxonomyTokenReplaceTestCase', 'class', 'modules/taxonomy/taxonomy.test', 'taxonomy', 0),
('TaxonomyThemeTestCase', 'class', 'modules/taxonomy/taxonomy.test', 'taxonomy', 0),
('Archive_Tar', 'class', 'modules/system/system.tar.inc', 'system', 0),
('UserLoginTestCase', 'class', 'modules/user/user.test', 'user', 0),
('UserRegistrationTestCase', 'class', 'modules/user/user.test', 'user', 0),
('UserValidationTestCase', 'class', 'modules/user/user.test', 'user', 0),
('InvalidMergeQueryException', 'class', 'includes/database/database.inc', '', 0),
('DatabaseTransactionExplicitCommitNotAllowedException', 'class', 'includes/database/database.inc', '', 0),
('DatabaseTransactionCommitFailedException', 'class', 'includes/database/database.inc', '', 0),
('DatabaseTransactionNameNonUniqueException', 'class', 'includes/database/database.inc', '', 0),
('Database', 'class', 'includes/database/database.inc', '', 0),
('DatabaseTransactionNoActiveException', 'class', 'includes/database/database.inc', '', 0),
('DatabaseConnection', 'class', 'includes/database/database.inc', '', 0),
('DatabaseSchema_pgsql', 'class', 'includes/database/pgsql/schema.inc', '', 0),
('UpdateQuery_pgsql', 'class', 'includes/database/pgsql/query.inc', '', 0),
('InsertQuery_pgsql', 'class', 'includes/database/pgsql/query.inc', '', 0),
('SelectQuery_pgsql', 'class', 'includes/database/pgsql/select.inc', '', 0),
('DatabaseConnection_pgsql', 'class', 'includes/database/pgsql/database.inc', '', 0),
('DatabaseTasks_pgsql', 'class', 'includes/database/pgsql/install.inc', '', 0),
('DeleteQuery_sqlite', 'class', 'includes/database/sqlite/query.inc', '', 0),
('TruncateQuery_sqlite', 'class', 'includes/database/sqlite/query.inc', '', 0),
('DatabaseTasks_sqlite', 'class', 'includes/database/sqlite/install.inc', '', 0),
('DatabaseConnection_sqlite', 'class', 'includes/database/sqlite/database.inc', '', 0),
('DatabaseStatement_sqlite', 'class', 'includes/database/sqlite/database.inc', '', 0),
('SelectQuery_sqlite', 'class', 'includes/database/sqlite/select.inc', '', 0),
('InsertQuery_sqlite', 'class', 'includes/database/sqlite/query.inc', '', 0),
('UpdateQuery_sqlite', 'class', 'includes/database/sqlite/query.inc', '', 0),
('UserTokenReplaceTestCase', 'class', 'modules/user/user.test', 'user', 0),
('UserUserSearchTestCase', 'class', 'modules/user/user.test', 'user', 0),
('UserRolesAssignmentTestCase', 'class', 'modules/user/user.test', 'user', 0),
('UserAuthmapAssignmentTestCase', 'class', 'modules/user/user.test', 'user', 0),
('UserValidateCurrentPassCustomForm', 'class', 'modules/user/user.test', 'user', 0),
('DatabaseTasks_mysql', 'class', 'includes/database/mysql/install.inc', '', 0),
('DatabaseConnection_mysql', 'class', 'includes/database/mysql/database.inc', '', 0),
('InsertQuery_mysql', 'class', 'includes/database/mysql/query.inc', '', 0),
('TruncateQuery_mysql', 'class', 'includes/database/mysql/query.inc', '', 0),
('DatabaseSchema_mysql', 'class', 'includes/database/mysql/schema.inc', '', 0),
('UserRoleAdminTestCase', 'class', 'modules/user/user.test', 'user', 0),
('UserCancelTestCase', 'class', 'modules/user/user.test', 'user', 0),
('UserPictureTestCase', 'class', 'modules/user/user.test', 'user', 0),
('UserPermissionsTestCase', 'class', 'modules/user/user.test', 'user', 0),
('UserAdminTestCase', 'class', 'modules/user/user.test', 'user', 0),
('UserTimeZoneFunctionalTest', 'class', 'modules/user/user.test', 'user', 0),
('UserAutocompleteTestCase', 'class', 'modules/user/user.test', 'user', 0),
('UserAccountLinksUnitTests', 'class', 'modules/user/user.test', 'user', 0),
('UserBlocksUnitTests', 'class', 'modules/user/user.test', 'user', 0),
('UserSaveTestCase', 'class', 'modules/user/user.test', 'user', 0),
('UserCreateTestCase', 'class', 'modules/user/user.test', 'user', 0),
('UserEditTestCase', 'class', 'modules/user/user.test', 'user', 0),
('UserSignatureTestCase', 'class', 'modules/user/user.test', 'user', 0),
('UserEditedOwnAccountTestCase', 'class', 'modules/user/user.test', 'user', 0),
('TaxonomyTermFieldTestCase', 'class', 'modules/taxonomy/taxonomy.test', 'taxonomy', 0),
('TaxonomyHooksTestCase', 'class', 'modules/taxonomy/taxonomy.test', 'taxonomy', 0),
('TextFieldTestCase', 'class', 'modules/field/modules/text/text.test', 'text', 0),
('TextSummaryTestCase', 'class', 'modules/field/modules/text/text.test', 'text', 0),
('TextTranslationTestCase', 'class', 'modules/field/modules/text/text.test', 'text', 0),
('UpdateTestHelper', 'class', 'modules/update/update.test', 'update', 0),
('UpdateCoreTestCase', 'class', 'modules/update/update.test', 'update', 0),
('UpdateTestContribCase', 'class', 'modules/update/update.test', 'update', 0),
('UpdateTestUploadCase', 'class', 'modules/update/update.test', 'update', 0),
('UserController', 'class', 'modules/user/user.module', 'user', 0),
('BlockTestCase', 'class', 'modules/block/block.test', 'block', -5),
('NonDefaultBlockAdmin', 'class', 'modules/block/block.test', 'block', -5),
('NewDefaultThemeBlocks', 'class', 'modules/block/block.test', 'block', -5),
('BlockAdminThemeTestCase', 'class', 'modules/block/block.test', 'block', -5),
('BlockCacheTestCase', 'class', 'modules/block/block.test', 'block', -5),
('BlockHTMLIdTestCase', 'class', 'modules/block/block.test', 'block', -5),
('BlockTemplateSuggestionsUnitTest', 'class', 'modules/block/block.test', 'block', -5),
('ColorTestCase', 'class', 'modules/color/color.test', 'color', 0),
('CommentController', 'class', 'modules/comment/comment.module', 'comment', 0),
('CommentHelperCase', 'class', 'modules/comment/comment.test', 'comment', 0),
('CommentInterfaceTest', 'class', 'modules/comment/comment.test', 'comment', 0),
('CommentPreviewTest', 'class', 'modules/comment/comment.test', 'comment', 0),
('CommentAnonymous', 'class', 'modules/comment/comment.test', 'comment', 0),
('CommentPagerTest', 'class', 'modules/comment/comment.test', 'comment', 0),
('CommentNodeAccessTest', 'class', 'modules/comment/comment.test', 'comment', 0),
('CommentApprovalTest', 'class', 'modules/comment/comment.test', 'comment', 0),
('CommentBlockFunctionalTest', 'class', 'modules/comment/comment.test', 'comment', 0),
('CommentRSSUnitTest', 'class', 'modules/comment/comment.test', 'comment', 0),
('CommentContentRebuild', 'class', 'modules/comment/comment.test', 'comment', 0),
('CommentTokenReplaceTestCase', 'class', 'modules/comment/comment.test', 'comment', 0),
('CommentActionsTestCase', 'class', 'modules/comment/comment.test', 'comment', 0),
('CommentFieldsTest', 'class', 'modules/comment/comment.test', 'comment', 0),
('DashboardBlocksTestCase', 'class', 'modules/dashboard/dashboard.test', 'dashboard', 0),
('DBLogTestCase', 'class', 'modules/dblog/dblog.test', 'dblog', 0),
('FieldException', 'class', 'modules/field/field.module', 'field', 0),
('FieldUpdateForbiddenException', 'class', 'modules/field/field.module', 'field', 0),
('FieldValidationException', 'class', 'modules/field/field.attach.inc', 'field', 0),
('FieldTestCase', 'class', 'modules/field/tests/field.test', 'field', 0),
('FieldAttachTestCase', 'class', 'modules/field/tests/field.test', 'field', 0),
('FieldAttachStorageTestCase', 'class', 'modules/field/tests/field.test', 'field', 0),
('FieldAttachOtherTestCase', 'class', 'modules/field/tests/field.test', 'field', 0),
('FieldInfoTestCase', 'class', 'modules/field/tests/field.test', 'field', 0),
('FieldFormTestCase', 'class', 'modules/field/tests/field.test', 'field', 0),
('FieldDisplayAPITestCase', 'class', 'modules/field/tests/field.test', 'field', 0),
('FieldCrudTestCase', 'class', 'modules/field/tests/field.test', 'field', 0),
('FieldInstanceCrudTestCase', 'class', 'modules/field/tests/field.test', 'field', 0),
('FieldTranslationsTestCase', 'class', 'modules/field/tests/field.test', 'field', 0),
('FieldBulkDeleteTestCase', 'class', 'modules/field/tests/field.test', 'field', 0),
('EntityPropertiesTestCase', 'class', 'modules/field/tests/field.test', 'field', 0),
('FieldSqlStorageTestCase', 'class', 'modules/field/modules/field_sql_storage/field_sql_storage.test', 'field_sql_storage', 0),
('FieldUITestCase', 'class', 'modules/field_ui/field_ui.test', 'field_ui', 0),
('FieldUIManageFieldsTestCase', 'class', 'modules/field_ui/field_ui.test', 'field_ui', 0),
('FieldUIManageDisplayTestCase', 'class', 'modules/field_ui/field_ui.test', 'field_ui', 0),
('FileFieldTestCase', 'class', 'modules/file/tests/file.test', 'file', 0),
('FileManagedFileElementTestCase', 'class', 'modules/file/tests/file.test', 'file', 0),
('FileFieldWidgetTestCase', 'class', 'modules/file/tests/file.test', 'file', 0),
('FileFieldRevisionTestCase', 'class', 'modules/file/tests/file.test', 'file', 0),
('FileFieldDisplayTestCase', 'class', 'modules/file/tests/file.test', 'file', 0),
('FileFieldValidateTestCase', 'class', 'modules/file/tests/file.test', 'file', 0),
('FileFieldPathTestCase', 'class', 'modules/file/tests/file.test', 'file', 0),
('FileTokenReplaceTestCase', 'class', 'modules/file/tests/file.test', 'file', 0),
('FilterCRUDTestCase', 'class', 'modules/filter/filter.test', 'filter', 0),
('FilterAdminTestCase', 'class', 'modules/filter/filter.test', 'filter', 0),
('FilterFormatAccessTestCase', 'class', 'modules/filter/filter.test', 'filter', 0),
('FilterDefaultFormatTestCase', 'class', 'modules/filter/filter.test', 'filter', 0),
('FilterNoFormatTestCase', 'class', 'modules/filter/filter.test', 'filter', 0),
('FilterSecurityTestCase', 'class', 'modules/filter/filter.test', 'filter', 0),
('FilterUnitTestCase', 'class', 'modules/filter/filter.test', 'filter', 0),
('FilterHooksTestCase', 'class', 'modules/filter/filter.test', 'filter', 0),
('HelpTestCase', 'class', 'modules/help/help.test', 'help', 0),
('NoHelpTestCase', 'class', 'modules/help/help.test', 'help', 0),
('ImageFieldTestCase', 'class', 'modules/image/image.test', 'image', 0),
('ImageStylesPathAndUrlUnitTest', 'class', 'modules/image/image.test', 'image', 0),
('ImageEffectsUnitTest', 'class', 'modules/image/image.test', 'image', 0),
('ImageAdminStylesUnitTest', 'class', 'modules/image/image.test', 'image', 0),
('ImageFieldDisplayTestCase', 'class', 'modules/image/image.test', 'image', 0),
('ImageFieldValidateTestCase', 'class', 'modules/image/image.test', 'image', 0),
('ListFieldTestCase', 'class', 'modules/field/modules/list/tests/list.test', 'list', 0),
('ListFieldUITestCase', 'class', 'modules/field/modules/list/tests/list.test', 'list', 0),
('MenuTestCase', 'class', 'modules/menu/menu.test', 'menu', 0),
('MenuNodeTestCase', 'class', 'modules/menu/menu.test', 'menu', 0),
('NodeController', 'class', 'modules/node/node.module', 'node', 0),
('NodeLoadMultipleUnitTest', 'class', 'modules/node/node.test', 'node', 0),
('NodeLoadHooksTestCase', 'class', 'modules/node/node.test', 'node', 0),
('NodeRevisionsTestCase', 'class', 'modules/node/node.test', 'node', 0),
('PageEditTestCase', 'class', 'modules/node/node.test', 'node', 0),
('PagePreviewTestCase', 'class', 'modules/node/node.test', 'node', 0),
('NodeCreationTestCase', 'class', 'modules/node/node.test', 'node', 0),
('PageViewTestCase', 'class', 'modules/node/node.test', 'node', 0),
('SummaryLengthTestCase', 'class', 'modules/node/node.test', 'node', 0),
('NodeTitleXSSTestCase', 'class', 'modules/node/node.test', 'node', 0),
('NodeBlockTestCase', 'class', 'modules/node/node.test', 'node', 0),
('NodePostSettingsTestCase', 'class', 'modules/node/node.test', 'node', 0),
('NodeRSSContentTestCase', 'class', 'modules/node/node.test', 'node', 0),
('NodeAccessUnitTest', 'class', 'modules/node/node.test', 'node', 0),
('NodeAccessRecordsUnitTest', 'class', 'modules/node/node.test', 'node', 0),
('NodeSaveTestCase', 'class', 'modules/node/node.test', 'node', 0),
('NodeTypeTestCase', 'class', 'modules/node/node.test', 'node', 0),
('NodeTypePersistenceTestCase', 'class', 'modules/node/node.test', 'node', 0),
('NodeAccessRebuildTestCase', 'class', 'modules/node/node.test', 'node', 0),
('NodeAdminTestCase', 'class', 'modules/node/node.test', 'node', 0),
('NodeTitleTestCase', 'class', 'modules/node/node.test', 'node', 0),
('NodeFeedTestCase', 'class', 'modules/node/node.test', 'node', 0),
('NodeBlockFunctionalTest', 'class', 'modules/node/node.test', 'node', 0),
('MultiStepNodeFormBasicOptionsTest', 'class', 'modules/node/node.test', 'node', 0),
('NodeBuildContent', 'class', 'modules/node/node.test', 'node', 0),
('NodeQueryAlter', 'class', 'modules/node/node.test', 'node', 0),
('NodeEntityFieldQueryAlter', 'class', 'modules/node/node.test', 'node', 0),
('NodeTokenReplaceTestCase', 'class', 'modules/node/node.test', 'node', 0),
('NumberFieldTestCase', 'class', 'modules/field/modules/number/number.test', 'number', 0),
('OptionsWidgetsTestCase', 'class', 'modules/field/modules/options/options.test', 'options', 0),
('PathTestCase', 'class', 'modules/path/path.test', 'path', 0),
('PathTaxonomyTermTestCase', 'class', 'modules/path/path.test', 'path', 0),
('PathLanguageTestCase', 'class', 'modules/path/path.test', 'path', 0),
('PathLanguageUITestCase', 'class', 'modules/path/path.test', 'path', 0),
('PathMonolingualTestCase', 'class', 'modules/path/path.test', 'path', 0),
('RdfMappingHookTestCase', 'class', 'modules/rdf/rdf.test', 'rdf', 0),
('RdfRdfaMarkupTestCase', 'class', 'modules/rdf/rdf.test', 'rdf', 0),
('RdfCrudTestCase', 'class', 'modules/rdf/rdf.test', 'rdf', 0),
('RdfMappingDefinitionTestCase', 'class', 'modules/rdf/rdf.test', 'rdf', 0),
('RdfCommentAttributesTestCase', 'class', 'modules/rdf/rdf.test', 'rdf', 0),
('RdfTrackerAttributesTestCase', 'class', 'modules/rdf/rdf.test', 'rdf', 0),
('RdfGetRdfNamespacesTestCase', 'class', 'modules/rdf/rdf.test', 'rdf', 0),
('SearchQuery', 'class', 'modules/search/search.extender.inc', 'search', 0),
('SearchMatchTestCase', 'class', 'modules/search/search.test', 'search', 0),
('SearchPageText', 'class', 'modules/search/search.test', 'search', 0),
('SearchAdvancedSearchForm', 'class', 'modules/search/search.test', 'search', 0),
('SearchRankingTestCase', 'class', 'modules/search/search.test', 'search', 0),
('SearchBlockTestCase', 'class', 'modules/search/search.test', 'search', 0),
('SearchExactTestCase', 'class', 'modules/search/search.test', 'search', 0),
('SearchCommentTestCase', 'class', 'modules/search/search.test', 'search', 0),
('SearchExpressionInsertExtractTestCase', 'class', 'modules/search/search.test', 'search', 0),
('SearchCommentCountToggleTestCase', 'class', 'modules/search/search.test', 'search', 0),
('SearchSimplifyTestCase', 'class', 'modules/search/search.test', 'search', 0),
('SearchKeywordsConditions', 'class', 'modules/search/search.test', 'search', 0),
('SearchNumbersTestCase', 'class', 'modules/search/search.test', 'search', 0),
('SearchNumberMatchingTestCase', 'class', 'modules/search/search.test', 'search', 0),
('SearchConfigSettingsForm', 'class', 'modules/search/search.test', 'search', 0),
('SearchExcerptTestCase', 'class', 'modules/search/search.test', 'search', 0),
('SearchTokenizerTestCase', 'class', 'modules/search/search.test', 'search', 0),
('SearchEmbedForm', 'class', 'modules/search/search.test', 'search', 0),
('SearchPageOverride', 'class', 'modules/search/search.test', 'search', 0),
('SearchLanguageTestCase', 'class', 'modules/search/search.test', 'search', 0),
('ShortcutTestCase', 'class', 'modules/shortcut/shortcut.test', 'shortcut', 0),
('ShortcutLinksTestCase', 'class', 'modules/shortcut/shortcut.test', 'shortcut', 0),
('ShortcutSetsTestCase', 'class', 'modules/shortcut/shortcut.test', 'shortcut', 0),
('ArchiverTar', 'class', 'modules/system/system.archiver.inc', 'system', 0),
('ArchiverZip', 'class', 'modules/system/system.archiver.inc', 'system', 0),
('DefaultMailSystem', 'class', 'modules/system/system.mail.inc', 'system', 0),
('TestingMailSystem', 'class', 'modules/system/system.mail.inc', 'system', 0),
('DrupalQueue', 'class', 'modules/system/system.queue.inc', 'system', 0),
('DrupalQueueInterface', 'interface', 'modules/system/system.queue.inc', 'system', 0),
('DrupalReliableQueueInterface', 'interface', 'modules/system/system.queue.inc', 'system', 0),
('SystemQueue', 'class', 'modules/system/system.queue.inc', 'system', 0),
('MemoryQueue', 'class', 'modules/system/system.queue.inc', 'system', 0),
('ModuleUpdater', 'class', 'modules/system/system.updater.inc', 'system', 0),
('ThemeUpdater', 'class', 'modules/system/system.updater.inc', 'system', 0),
('ModuleTestCase', 'class', 'modules/system/system.test', 'system', 0),
('EnableDisableTestCase', 'class', 'modules/system/system.test', 'system', 0),
('HookRequirementsTestCase', 'class', 'modules/system/system.test', 'system', 0),
('ModuleDependencyTestCase', 'class', 'modules/system/system.test', 'system', 0),
('ModuleVersionTestCase', 'class', 'modules/system/system.test', 'system', 0),
('ModuleRequiredTestCase', 'class', 'modules/system/system.test', 'system', 0),
('IPAddressBlockingTestCase', 'class', 'modules/system/system.test', 'system', 0),
('CronRunTestCase', 'class', 'modules/system/system.test', 'system', 0),
('AdminMetaTagTestCase', 'class', 'modules/system/system.test', 'system', 0),
('AccessDeniedTestCase', 'class', 'modules/system/system.test', 'system', 0),
('PageNotFoundTestCase', 'class', 'modules/system/system.test', 'system', 0),
('SiteMaintenanceTestCase', 'class', 'modules/system/system.test', 'system', 0),
('DateTimeFunctionalTest', 'class', 'modules/system/system.test', 'system', 0),
('PageTitleFiltering', 'class', 'modules/system/system.test', 'system', 0),
('FrontPageTestCase', 'class', 'modules/system/system.test', 'system', 0),
('SystemBlockTestCase', 'class', 'modules/system/system.test', 'system', 0),
('SystemMainContentFallback', 'class', 'modules/system/system.test', 'system', 0),
('SystemThemeFunctionalTest', 'class', 'modules/system/system.test', 'system', 0),
('QueueTestCase', 'class', 'modules/system/system.test', 'system', 0),
('TokenReplaceTestCase', 'class', 'modules/system/system.test', 'system', 0),
('InfoFileParserTestCase', 'class', 'modules/system/system.test', 'system', 0),
('SystemInfoAlterTestCase', 'class', 'modules/system/system.test', 'system', 0),
('UpdateScriptFunctionalTest', 'class', 'modules/system/system.test', 'system', 0),
('FloodFunctionalTest', 'class', 'modules/system/system.test', 'system', 0),
('RetrieveFileTestCase', 'class', 'modules/system/system.test', 'system', 0),
('ShutdownFunctionsTest', 'class', 'modules/system/system.test', 'system', 0),
('SystemAdminTestCase', 'class', 'modules/system/system.test', 'system', 0),
('SystemAuthorizeCase', 'class', 'modules/system/system.test', 'system', 0),
('SystemIndexPhpTest', 'class', 'modules/system/system.test', 'system', 0),
('TaxonomyTermController', 'class', 'modules/taxonomy/taxonomy.module', 'taxonomy', 0),
('TaxonomyVocabularyController', 'class', 'modules/taxonomy/taxonomy.module', 'taxonomy', 0),
('TaxonomyWebTestCase', 'class', 'modules/taxonomy/taxonomy.test', 'taxonomy', 0),
('TaxonomyVocabularyFunctionalTest', 'class', 'modules/taxonomy/taxonomy.test', 'taxonomy', 0),
('TaxonomyVocabularyUnitTest', 'class', 'modules/taxonomy/taxonomy.test', 'taxonomy', 0),
('TaxonomyTermUnitTest', 'class', 'modules/taxonomy/taxonomy.test', 'taxonomy', 0),
('TaxonomyLegacyTestCase', 'class', 'modules/taxonomy/taxonomy.test', 'taxonomy', 0),
('TaxonomyTermTestCase', 'class', 'modules/taxonomy/taxonomy.test', 'taxonomy', 0),
('TaxonomyLoadMultipleUnitTest', 'class', 'modules/taxonomy/taxonomy.test', 'taxonomy', 0),
('FieldsOverlapException', 'class', 'includes/database/database.inc', '', 0),
('NoFieldsException', 'class', 'includes/database/database.inc', '', 0),
('DatabaseConnectionNotDefinedException', 'class', 'includes/database/database.inc', '', 0),
('DatabaseDriverNotSpecifiedException', 'class', 'includes/database/database.inc', '', 0),
('DatabaseTransaction', 'class', 'includes/database/database.inc', '', 0),
('DatabaseStatementInterface', 'interface', 'includes/database/database.inc', '', 0),
('DatabaseStatementBase', 'class', 'includes/database/database.inc', '', 0),
('DatabaseStatementEmpty', 'class', 'includes/database/database.inc', '', 0),
('DatabaseStatementPrefetch', 'class', 'includes/database/prefetch.inc', '', 0),
('QueryExtendableInterface', 'interface', 'includes/database/select.inc', '', 0),
('SelectQueryInterface', 'interface', 'includes/database/select.inc', '', 0),
('SelectQueryExtender', 'class', 'includes/database/select.inc', '', 0),
('SelectQuery', 'class', 'includes/database/select.inc', '', 0),
('QueryConditionInterface', 'interface', 'includes/database/query.inc', '', 0),
('QueryAlterableInterface', 'interface', 'includes/database/query.inc', '', 0),
('QueryPlaceholderInterface', 'interface', 'includes/database/query.inc', '', 0),
('Query', 'class', 'includes/database/query.inc', '', 0),
('InsertQuery', 'class', 'includes/database/query.inc', '', 0),
('DeleteQuery', 'class', 'includes/database/query.inc', '', 0),
('TruncateQuery', 'class', 'includes/database/query.inc', '', 0),
('UpdateQuery', 'class', 'includes/database/query.inc', '', 0),
('MergeQuery', 'class', 'includes/database/query.inc', '', 0),
('DatabaseCondition', 'class', 'includes/database/query.inc', '', 0),
('DatabaseSchema', 'class', 'includes/database/schema.inc', '', 0),
('DatabaseSchemaObjectExistsException', 'class', 'includes/database/schema.inc', '', 0),
('DatabaseSchemaObjectDoesNotExistException', 'class', 'includes/database/schema.inc', '', 0),
('DatabaseLog', 'class', 'includes/database/log.inc', '', 0),
('FileTransferFTP', 'class', 'includes/filetransfer/ftp.inc', '', 0),
('FileTransferFTPExtension', 'class', 'includes/filetransfer/ftp.inc', '', 0),
('FileTransferSSH', 'class', 'includes/filetransfer/ssh.inc', '', 0),
('FileTransferLocal', 'class', 'includes/filetransfer/local.inc', '', 0),
('FileTransfer', 'class', 'includes/filetransfer/filetransfer.inc', '', 0),
('FileTransferException', 'class', 'includes/filetransfer/filetransfer.inc', '', 0),
('FileTransferChmodInterface', 'interface', 'includes/filetransfer/filetransfer.inc', '', 0),
('SkipDotsRecursiveDirectoryIterator', 'class', 'includes/filetransfer/filetransfer.inc', '', 0),
('DatabaseTasks', 'class', 'includes/install.inc', '', 0),
('DatabaseTaskException', 'class', 'includes/install.inc', '', 0),
('StreamWrapperInterface', 'interface', 'includes/stream_wrappers.inc', '', 0),
('DrupalStreamWrapperInterface', 'interface', 'includes/stream_wrappers.inc', '', 0),
('DrupalLocalStreamWrapper', 'class', 'includes/stream_wrappers.inc', '', 0),
('DrupalPublicStreamWrapper', 'class', 'includes/stream_wrappers.inc', '', 0),
('DrupalPrivateStreamWrapper', 'class', 'includes/stream_wrappers.inc', '', 0),
('DrupalTemporaryStreamWrapper', 'class', 'includes/stream_wrappers.inc', '', 0),
('BatchQueue', 'class', 'includes/batch.queue.inc', '', 0),
('BatchMemoryQueue', 'class', 'includes/batch.queue.inc', '', 0),
('DrupalFakeCache', 'class', 'includes/cache-install.inc', '', 0),
('DrupalEntityControllerInterface', 'interface', 'includes/entity.inc', '', 0),
('DrupalDefaultEntityController', 'class', 'includes/entity.inc', '', 0),
('EntityFieldQueryException', 'class', 'includes/entity.inc', '', 0),
('EntityFieldQuery', 'class', 'includes/entity.inc', '', 0),
('ArchiverInterface', 'interface', 'includes/archiver.inc', '', 0),
('DrupalCacheInterface', 'interface', 'includes/cache.inc', '', 0),
('DrupalDatabaseCache', 'class', 'includes/cache.inc', '', 0),
('MailSystemInterface', 'interface', 'includes/mail.inc', '', 0),
('DrupalUpdaterInterface', 'interface', 'includes/updater.inc', '', 0),
('Updater', 'class', 'includes/updater.inc', '', 0),
('UpdaterException', 'class', 'includes/updater.inc', '', 0),
('UpdaterFileTransferException', 'class', 'includes/updater.inc', '', 0),
('PagerDefault', 'class', 'includes/pager.inc', '', 0),
('TableSort', 'class', 'includes/tablesort.inc', '', 0),
('DrupalUpdateException', 'class', 'includes/update.inc', '', 0),
('BlogTestCase', 'class', 'modules/blog/blog.test', 'blog', 0),
('PollTestCase', 'class', 'modules/poll/poll.test', 'poll', 0),
('PollCreateTestCase', 'class', 'modules/poll/poll.test', 'poll', 0),
('PollVoteTestCase', 'class', 'modules/poll/poll.test', 'poll', 0),
('PollBlockTestCase', 'class', 'modules/poll/poll.test', 'poll', 0),
('PollJSAddChoice', 'class', 'modules/poll/poll.test', 'poll', 0),
('PollVoteCheckHostname', 'class', 'modules/poll/poll.test', 'poll', 0),
('PollTokenReplaceTestCase', 'class', 'modules/poll/poll.test', 'poll', 0),
('PollExpirationTestCase', 'class', 'modules/poll/poll.test', 'poll', 0),
('ForumTestCase', 'class', 'modules/forum/forum.test', 'forum', 0);

-- --------------------------------------------------------

--
-- Table structure for table`registry_file`
--

CREATE TABLE `registry_file` (
  `filename` varchar(255) NOT NULL COMMENT 'Path to the file.',
  `hash` varchar(64) NOT NULL COMMENT 'sha-256 hash of the file’s contents when last parsed.',
  PRIMARY KEY (`filename`)
) ENGINE=MyISAM DEFAULT CHARSET=latin1;

--
-- Dumping data for table 'registry_file'
--

INSERT INTO `registry_file` VALUES
('includes/actions.inc', '3e1b89b7dd2465549361915ffc50b713a8f3a568baa703f034e48b24977f83c8'),
('includes/ajax.inc', '7cd37e59457753342168803fe65cd1af7da1c41e8b8a444304e941b435b43f05'),
('includes/archiver.inc', '097a78f5794237e8242b540649d824b930008027362c1359773e22c2b21cd6e5'),
('includes/authorize.inc', 'f732037ded6a22e2e8493da9828a976b0dd2f1aaa57d135d4cb3258f8815a1f1'),
('includes/batch.inc', '22f25eb95245857a3f42a7481737b1290ce4815ba35c5c33381617167e72eacb'),
('includes/batch.queue.inc', '34face1f61857ec26e414712c647b06acbd5ec4437a71abf090e83cbdf691794'),
('includes/bootstrap.inc', 'c6964ec80be7de0cb1eee2db5116926f282306cd21b6e705931dc6795a4a7bd5'),
('includes/cache-install.inc', '2d223093cf3740d190746d1c348607694a8475c0da91ffd2386454995a17995e'),
('includes/cache.inc', '5239bd1707257d0abdd5396d6febd34bea08dd6ceb318265f3c9b7b21b38f23f'),
('includes/common.inc', '71ca85ef9266d5f1e6070e3eeb7ad0021fe139f0da33d545570695db64b9dc01'),
('includes/database/database.inc', 'fb307b6cea36639521651945cb14a1c47274c46fd467b4370c856efe5a727559'),
('includes/database/log.inc', '4ecbdf9022d8c612310b41af575f10b0d4c041c0fbc41c6dc7e1f2ab6eacce6b'),
('includes/database/mysql/database.inc', 'c17187d7b02ca9ed382e39bb1e47c01934cb977122a462ea757c08a32ded727b'),
('includes/database/mysql/install.inc', '6ae316941f771732fbbabed7e1d6b4cbb41b1f429dd097d04b3345aa15e461a0'),
('includes/database/mysql/query.inc', 'e2a5457ec40a8f88f6a822bdc77f74865e4c02206fc733c2945c8897f46093de'),
('includes/database/mysql/schema.inc', 'f71af9dda287f0f37e7bd0077b801a6d3f38c951a9c2c6ea3b71dff1b69077d3'),
('includes/database/pgsql/database.inc', '30bdaa3761cb93f4596f81320f89138fd9e31b2a976b4d03ce81c59e32129a31'),
('includes/database/pgsql/install.inc', '585b80c5bbd6f134bff60d06397f15154657a577d4da8d1b181858905f09dea5'),
('includes/database/pgsql/query.inc', 'cb4c84f8f1ffc73098ed71137248dcd078a505a7530e60d979d74b3a3cdaa658'),
('includes/database/pgsql/schema.inc', '1442123ab5040a55797126cfa1cf9103f7a9df22b3c23b5055c9c27e4f12d262'),
('includes/database/pgsql/select.inc', 'ce06c4353d4322e519e1c90ca863e6666edc370fb3c12568fedf466334b2e2be'),
('includes/database/prefetch.inc', '8d39658800c5b648b8aafc253cd36162c22ba54febe543ad14fc50016b02ba93'),
('includes/database/query.inc', '6043f7d99db75dff989d48f38dd4300c7ee57e3c10a0e09fe3c632f1b03c2f18'),
('includes/database/schema.inc', '11ab1a9b145b332176ac8bb1be62ccf8765093275867d855fa838a9ba2b5793f'),
('includes/database/select.inc', 'e8d0d0f9c92747346d6e5d34e355b470dbf9326e837a40a98a92cf1e1dce248b'),
('includes/database/sqlite/database.inc', 'a5c55624e803b1ce23170cd168e3bc24e82d29ac64082eb724cb5bf470f8e675'),
('includes/database/sqlite/install.inc', '381f3db8c59837d961978ba3097bb6443534ed1659fd713aa563963fa0c42cc5'),
('includes/database/sqlite/query.inc', '61e0459c0c9252ca465b86c475d88e09ea34c8cdb28220eb37a7d44357f5474f'),
('includes/database/sqlite/schema.inc', '4a42520b90765b970f285ad14f94ded061cee70a2dc6d630c3261649852daf0f'),
('includes/database/sqlite/select.inc', '4ecb9d21d2f07237f7603e925519886dde0b8da82f96999b865ff0803438744e'),
('includes/date.inc', '32124baa81a1411631de23ade5615be0d81bc7c7169ea60d22f9badd333cf284'),
('includes/entity.inc', 'ef72cd1aba620121a00d82bb5947809e0f9f317c8bea4dde645f83920d1d1892'),
('includes/errors.inc', '8a57b0102cdc366daa95632ac3feaa94fb5a615fc305bfbaadec11b5c09a2c11'),
('includes/file.inc', '6af2f39a4075b11e8de98d906a68eda0677b437aef90525c759b823f64c4e9b5'),
('includes/file.mimetypes.inc', 'dbc1d9a63bc22986a039b246f30053dab5985f0120f6cebf06f79251da18643e'),
('includes/filetransfer/filetransfer.inc', 'ee9393beddc7190f7a161f5563953d1b58e355026fcc2392443a9e6b4c600531'),
('includes/filetransfer/ftp.inc', '589ebf4b8bd4a2973aa56a156ac1fa83b6c73e703391361fb573167670e0d832'),
('includes/filetransfer/local.inc', '7cbfdb46abbdf539640db27e66fb30e5265128f31002bd0dfc3af16ae01a9492'),
('includes/filetransfer/ssh.inc', '002e24a24cac133d12728bd3843868ce378681237d7fad420761af84e6efe5ad'),
('includes/form.inc', '3f005aea4a91e0cab52b90f526413bcbe4a153f17a8b9c9c17b638656efb3c2d'),
('includes/graph.inc', '577a50594521edecd7139fcecd6af3a941e456ea0e0577e38ee14b785422aabb'),
('includes/image.inc', '2fefbd7e73eb51eece8acd7b374b23bf77a717c1553ad83b321a7be194c9e531'),
('includes/install.core.inc', 'b230ede834f21c75dc736d5f583b41b02f3c88eef37b1ee9036d294c7f9dbba2'),
('includes/install.inc', 'd85931c186814651c22703a64a013811dc231099eca0a6560576b828b2bc8aea'),
('includes/iso.inc', '379c2bd8332ce03a3772787b004e9b1a4468fd23f18d1b9397902fd6d9dbf2d8'),
('includes/language.inc', '5e0595c6def071694fa500b4636d15d482dafddb612a977201b5406b813be7a6'),
('includes/locale.inc', 'cabeecb6a10c16bf11f1a79366b7e7e0b6676605a51f3bfa552622bf70e7559e'),
('includes/lock.inc', '7af1b1b93e20db33f0ef81a2577263cf152b363d358d65707539cc952b8272e5'),
('includes/mail.inc', '702174958dad7b460a75435abc557f472a2549bc53362735f76baba9b2265c27'),
('includes/menu.inc', 'a0fd18e4feef029acff5977429ee71f79fa3f59d85061d4b521f6e9bf551a142'),
('includes/module.inc', 'ac27386cf8bfb02192580b8f51ca354a7ea30e444084203d02f2ce9285e85b60'),
('includes/pager.inc', 'd3cd989a55da56b91d72223c93cdea125e4d86a3ffdc2782ddb70286aa4c4ecf'),
('includes/password.inc', 'b6fab301352a9baa01b589fb96c6d786d997485bd9e202818f2c8cbf439229ab'),
('includes/path.inc', '992d563dbd6e67f58e358176be09eb1fb75f95510a93cb45bf463ce798670bff'),
('includes/registry.inc', 'ce22f7715c8037095e6b7dfb86594d3f5ca0908e0614862cc60334852ce3b971'),
('includes/session.inc', '2a904d6eb8f561b5c6b08c6e7528b76b2b8d7f1de34e9738cebe69a1a0b922b2'),
('includes/stream_wrappers.inc', '0943efcecb78427b0de6d014ece9825e9d5d1102baa4b57805275f56e914af1e'),
('includes/tablesort.inc', '3f3cb2820920f7edc0c3d046ffba4fc4e3b73a699a2492780371141cf501aa50'),
('includes/theme.inc', 'fa657c7ab6573ae41acadd87a052c4eafda0ed75eac2adc7e65ef4d568671e94'),
('includes/theme.maintenance.inc', 'd110314b4d943c3e965fcefe452f6873b53cd6a8844154467dfcbb2b6142dc82'),
('includes/token.inc', '015328d6573ceece0a0712fcbad890719cff8d65a37839ece36bc64e97d63466'),
('includes/unicode.entities.inc', '2b858138596d961fbaa4c6e3986e409921df7f76b6ee1b109c4af5970f1e0f54'),
('includes/unicode.inc', '5409227091e55cef4c1b0bb9c159720aecaa07e7bf2683fe7c242691aa1036cc'),
('includes/update.inc', 'bf8e3ed2e93d680c617f905b888cd42ae6a9dca011f7c804e98e5e372e114402'),
('includes/updater.inc', '1715fbda750de86ecde8abd71d61886423367d3c9a17c31138638361b1c27e51'),
('includes/utility.inc', '04865d2c973e3df62f673b68631a880dbf39fdc5e22a5935e2e6b86576fa9030'),
('includes/xmlrpc.inc', '1176a9e5b5990f8219b48c49bb858a2a980f95428aa519acea19282109e27e83'),
('includes/xmlrpcs.inc', '2df450cf2153959a4581d8e61867c587f61fcdea5dd2653e36c6a6028fc1b395'),
('modules/block/block.test', 'f467ba7728986636a5e0a5b73e7db4819be04fc817ed4a675e0c9236f63a3b50'),
('modules/color/color.test', 'e53250ee2ddfb40754caaaa958e0ac3ca8efd36097aa814418cb2e5f05316ff3'),
('modules/comment/comment.module', 'd3f4aac38c44aab49b23c9b675e2c654ecff0a38d4d1eead43a82dae919b0140'),
('modules/comment/comment.test', '1cd1d3354629285898ae33756cd8566400195e0d130be0a0083a248de63f65c4'),
('modules/dashboard/dashboard.test', '0472cfe50d7f5f90ba6e55003bbb6a79d8cf4791f3d39740e2f1f3df65743d79'),
('modules/dblog/dblog.test', 'c20371096cd2d2c1018e31bcc719f44e3cc31a2fdb75feb50944508380077259'),
('modules/field/field.attach.inc', '8d5575c3633579f16d550be0d4ea55a47bc934e301553c67ac4fed62ec839e8c'),
('modules/field/field.module', '36db6603a9db48526dbf42f17b072813f3b90149cfeac4095be67345c5f3909e'),
('modules/field/modules/field_sql_storage/field_sql_storage.test', 'fa8f69ac79f4190a612faa6d1df3075be39571da2e897265c13e219dccf65b1c'),
('modules/field/modules/list/tests/list.test', 'f015a48a8c13bdb163a2f14b816f38d19049d6c1240c5d6a785c6ef7761e439d'),
('modules/field/modules/number/number.test', '17dca1cd324409d8f225e70b0037e0a655e2f83861d31c18a3f16d7dd44ee652'),
('modules/field/modules/options/options.test', '2f2e15ab5e6da04033933af77663df220db3da30d0546327ef757968d628e43a'),
('modules/field/modules/text/text.test', 'e4ad6c79d4f4e3f90c3ac960d2479ee65d51bda7ba93467bc0340bc32201cd11'),
('modules/field/tests/field.test', '93d2accddd14cef3859bda1067e23f4f0b74c6578b9834a7385cabf424c760d2'),
('modules/field_ui/field_ui.test', '922ebb76613b9940ecd5d5ca05e3adc0f7d23eeb14f356a5467cd3188a299428'),
('modules/file/tests/file.test', '8b82aa78970a8c82519012d5ca78b16f4f72e19353fa61855567880f52935ce9'),
('modules/filter/filter.test', '10051d177985a2bd0f4709b2d94cb2981e2c072ed999d72baae92684ee74e754'),
('modules/help/help.test', 'ff6d9f5fc415451951c21a07b125ff749a7cefba879c27e14bb42eb621c58f9d'),
('modules/image/image.test', '8d1df236cad7296e16a2fcf5f427207187473ca999541867b455006916cddafb'),
('modules/menu/menu.test', '5d584ef0191c39c11dda474a6a8f6223f6bc82cdbc41ee5742c8fe28f300949a'),
('modules/node/node.module', 'd3161d05e377e2f042a81f332d9f1b5a3300718b7778151974c649b5c5f2a9c8'),
('modules/node/node.test', '2216885d85c08db091896ef9d6bcc9f43da0b31ed9546fcbd9cf3be6cfaeb926'),
('modules/path/path.test', '0d4deac89b2af20113d0d19e3f084d914ccb0509df68c599e0ed21b75f8c062e'),
('modules/rdf/rdf.test', '358e2ae2069a15c6ba828f3428ab979632ece7aa0ba33a6a5bdbc1d065961373'),
('modules/search/search.extender.inc', 'a8c42b2cac7863835f7f632c7fbfd77b6fe936d465b3bbff73b1645a99c0c9d3'),
('modules/search/search.test', 'eb6fce6688d61e912a8b3d7e5f2f40504ddc2d2947b93eced31e3c8aecd4205e'),
('modules/shortcut/shortcut.test', '615636a5f0b7bedff53b32112d524d00da372986695a30a09258e3a398a2afba'),
('modules/system/system.archiver.inc', 'faa849f3e646a910ab82fd6c8bbf0a4e6b8c60725d7ba81ec0556bd716616cd1'),
('modules/system/system.mail.inc', 'b7ee9ea80059788d8b53823a91db015dfa6c2a66589a6eca6f97b99340e12d6f'),
('modules/system/system.queue.inc', '4bfc1845db9c888f3df0937a9ff6d783de77880e6301431db9eb2268b9fe572d'),
('modules/system/system.tar.inc', '743529eab763be74e8169c945e875381fd77d71e336c6d77b7d28e2dfd023a21'),
('modules/system/system.test', 'b82531d7036a1f41c6e2a75510fdd8fd06d33b13bcd0ecae73a2c7bccaab9225'),
('modules/system/system.updater.inc', 'e2eeed65b833a6215f807b113f6fb4cc3cc487e93efcb1402ed87c536d2c9ea6'),
('modules/taxonomy/taxonomy.module', '24d11b377460fc8ea058e7632a405d72b8088822316f6e8fb8355f8ba194c8b3'),
('modules/taxonomy/taxonomy.test', '99bffae50e2d8db5bcf0bfe242f6e86a5e9a29b98e4e4bf4ece0214a09cd7737'),
('modules/update/update.test', '248115e2c8a6f75618598d11316961409a743cbbd6799fc92a7dbcb58fc4b86f'),
('modules/user/user.module', '2719b5348c62dca5b2c8ccb1cd251555febd17a90b0fa1b684f75acdf3f42914'),
('modules/user/user.test', '9b6cc136d3a267ad039069ac040f9ec33481ef43fd1fb888929750a076302c7c'),
('profiles/standard/standard.profile', '7237f80e54061c9611c6dc4fcf6225951eedba0704694f4d801673693ba11a05'),
('modules/blog/blog.test', '12dc3105782db5fb0df00ff4872561dd049f242eeeb65c979cf349aa75aa1a51'),
('modules/poll/poll.test', 'd7ad2926878879b3bffccb6717831f763af13126a203f8d4b9410b15dcc6423b'),
('modules/forum/forum.test', '760462ba929a38e81ca6f5c7d86394bb9aba7424cdb80ec6752b4e00dd2e7ae2');

-- --------------------------------------------------------

--
-- Table structure for table`role`
--

CREATE TABLE `role` (
  `rid` int(10) unsigned NOT NULL AUTO_INCREMENT COMMENT 'Primary Key: Unique role ID.',
  `name` varchar(64) NOT NULL DEFAULT '' COMMENT 'Unique role name.',
  `weight` int(11) NOT NULL DEFAULT '0' COMMENT 'The weight of this role in listings and the user interface.',
  PRIMARY KEY (`rid`),
  UNIQUE KEY `name` (`name`),
  KEY `name_weight` (`name`,`weight`)
) ENGINE=MyISAM  DEFAULT CHARSET=latin1 AUTO_INCREMENT=5 ;

--
-- Dumping data for table 'role'
--

INSERT INTO `role` VALUES
(3, 'administrator', 3),
(1, 'anonymous user', 0),
(2, 'authenticated user', 1),
(4, 'test', 2);



--
-- Dumping data for table 'role_permission'
--

INSERT INTO `role_permission` VALUES
(2, 'cancel own vote', 'poll'),
(2, 'search content', 'search'),
(2, 'vote on polls', 'poll'),
(2, 'access comments', 'comment'),
(2, 'access content', 'node'),
(2, 'post comments', 'comment'),
(2, 'skip comment approval', 'comment'),
(3, 'create blog content', 'node'),
(3, 'access administration pages', 'system'),
(3, 'access comments', 'comment'),
(3, 'access content', 'node'),
(3, 'access content overview', 'node'),
(3, 'access contextual links', 'contextual'),
(3, 'access dashboard', 'dashboard'),
(3, 'access overlay', 'overlay'),
(3, 'access site in maintenance mode', 'system'),
(3, 'access site reports', 'system'),
(3, 'access toolbar', 'toolbar'),
(3, 'access user profiles', 'user'),
(3, 'administer actions', 'system'),
(3, 'administer blocks', 'block'),
(3, 'administer comments', 'comment'),
(3, 'administer content types', 'node'),
(3, 'administer filters', 'filter'),
(3, 'administer image styles', 'image'),
(3, 'administer menu', 'menu'),
(3, 'administer modules', 'system'),
(3, 'administer nodes', 'node'),
(3, 'administer permissions', 'user'),
(3, 'administer search', 'search'),
(3, 'administer shortcuts', 'shortcut'),
(3, 'administer site configuration', 'system'),
(3, 'administer software updates', 'system'),
(3, 'administer taxonomy', 'taxonomy'),
(3, 'administer themes', 'system'),
(3, 'administer url aliases', 'path'),
(3, 'administer users', 'user'),
(3, 'block IP addresses', 'system'),
(3, 'bypass node access', 'node'),
(3, 'cancel account', 'user'),
(3, 'change own username', 'user'),
(3, 'create article content', 'node'),
(3, 'create page content', 'node'),
(3, 'create url aliases', 'path'),
(3, 'customize shortcut links', 'shortcut'),
(3, 'delete any article content', 'node'),
(3, 'delete any page content', 'node'),
(3, 'delete own article content', 'node'),
(3, 'delete own page content', 'node'),
(3, 'delete revisions', 'node'),
(3, 'delete terms in 1', 'taxonomy'),
(3, 'edit any article content', 'node'),
(3, 'edit any page content', 'node'),
(3, 'edit own article content', 'node'),
(3, 'edit own comments', 'comment'),
(3, 'edit own page content', 'node'),
(3, 'edit terms in 1', 'taxonomy'),
(3, 'post comments', 'comment'),
(3, 'revert revisions', 'node'),
(3, 'search content', 'search'),
(3, 'select account cancellation method', 'user'),
(3, 'skip comment approval', 'comment'),
(3, 'switch shortcut sets', 'shortcut'),
(3, 'use advanced search', 'search'),
(3, 'use text format filtered_html', 'filter'),
(3, 'use text format full_html', 'filter'),
(3, 'view own unpublished content', 'node'),
(3, 'view revisions', 'node'),
(3, 'view the administration theme', 'system'),
(3, 'vote on polls', 'poll'),
(3, 'cancel own vote', 'poll'),
(3, 'inspect all votes', 'poll'),
(2, 'inspect all votes', 'poll'),
(2, 'use advanced search', 'search'),
(2, 'edit own comments', 'comment'),
(2, 'view own unpublished content', 'node'),
(3, 'edit own blog content', 'node'),
(3, 'edit any blog content', 'node'),
(3, 'delete own blog content', 'node'),
(3, 'delete any blog content', 'node'),
(3, 'create poll content', 'node'),
(3, 'edit own poll content', 'node'),
(3, 'edit any poll content', 'node'),
(3, 'delete own poll content', 'node'),
(3, 'delete any poll content', 'node'),
(1, 'access content', 'node'),
(3, 'administer forums', 'forum');

-- --------------------------------------------------------

--
-- Table structure for table`search_dataset`
--

CREATE TABLE `search_dataset` (
  `sid` int(10) unsigned NOT NULL DEFAULT '0' COMMENT 'Search item ID, e.g. node ID for nodes.',
  `type` varchar(16) NOT NULL COMMENT 'Type of item, e.g. node.',
  `data` longtext NOT NULL COMMENT 'List of space-separated words from the item.',
  `reindex` int(10) unsigned NOT NULL DEFAULT '0' COMMENT 'Set to force node reindexing.',
  PRIMARY KEY (`sid`,`type`)
) ENGINE=MyISAM DEFAULT CHARSET=latin1;

--
-- Dumping data for table 'search_dataset'
--

INSERT INTO `search_dataset` VALUES
(2, 'node', ' please stand by bert s blog content soon to come  ', 0),
(4, 'node', ' cuss or discuss general discussion stuff you want to talk about testuser tue 6072011 2041 permalink i m someone now  i have an account at bert s concepts  log in to post comments testuser tue 6072011 2042 permalink my second post this is my second post wow  log in to post comments  ', 0);

-- --------------------------------------------------------

--
-- Table structure for table`search_index`
--

CREATE TABLE `search_index` (
  `word` varchar(50) NOT NULL DEFAULT '' COMMENT 'The search_total.word that is associated with the search item.',
  `sid` int(10) unsigned NOT NULL DEFAULT '0' COMMENT 'The search_dataset.sid of the searchable item to which the word belongs.',
  `type` varchar(16) NOT NULL COMMENT 'The search_dataset.type of the searchable item to which the word belongs.',
  `score` float DEFAULT NULL COMMENT 'The numeric score of the word, higher being more important.',
  PRIMARY KEY (`word`,`sid`,`type`),
  KEY `sid_type` (`sid`,`type`)
) ENGINE=MyISAM DEFAULT CHARSET=latin1;

--
-- Dumping data for table 'search_index'
--

INSERT INTO `search_index` VALUES
('come', 2, 'node', 1),
('soon', 2, 'node', 1),
('content', 2, 'node', 1),
('blog', 2, 'node', 11),
('bert', 2, 'node', 11),
('please', 2, 'node', 26),
('stand', 2, 'node', 26),
('bert', 4, 'node', 1),
('account', 4, 'node', 1),
('have', 4, 'node', 1),
('now', 4, 'node', 26),
('someone', 4, 'node', 26),
('permalink', 4, 'node', 22),
('2041', 4, 'node', 1),
('6072011', 4, 'node', 2),
('tue', 4, 'node', 2),
('testuser', 4, 'node', 2),
('about', 4, 'node', 1),
('talk', 4, 'node', 1),
('want', 4, 'node', 1),
('you', 4, 'node', 1),
('stuff', 4, 'node', 1),
('discussion', 4, 'node', 11),
('general', 4, 'node', 11),
('discuss', 4, 'node', 26),
('cuss', 4, 'node', 26),
('concepts', 4, 'node', 1),
('log', 4, 'node', 4.4),
('post', 4, 'node', 29),
('comments', 4, 'node', 2),
('2042', 4, 'node', 1),
('second', 4, 'node', 27),
('this', 4, 'node', 1),
('wow', 4, 'node', 1);

-- --------------------------------------------------------

--
-- Table structure for table`search_node_links`
--

CREATE TABLE `search_node_links` (
  `sid` int(10) unsigned NOT NULL DEFAULT '0' COMMENT 'The search_dataset.sid of the searchable item containing the link to the node.',
  `type` varchar(16) NOT NULL DEFAULT '' COMMENT 'The search_dataset.type of the searchable item containing the link to the node.',
  `nid` int(10) unsigned NOT NULL DEFAULT '0' COMMENT 'The node.nid that this item links to.',
  `caption` longtext COMMENT 'The text used to link to the node.nid.',
  PRIMARY KEY (`sid`,`type`,`nid`),
  KEY `nid` (`nid`)
) ENGINE=MyISAM DEFAULT CHARSET=latin1;

-- --------------------------------------------------------

--
-- Table structure for table`search_total`
--

CREATE TABLE `search_total` (
  `word` varchar(50) NOT NULL DEFAULT '' COMMENT 'Primary Key: Unique word in the search index.',
  `count` float DEFAULT NULL COMMENT 'The count of the word in the index using Zipf’s law to equalize the probability distribution.',
  PRIMARY KEY (`word`)
) ENGINE=MyISAM DEFAULT CHARSET=latin1;

--
-- Dumping data for table 'search_total'
--

INSERT INTO `search_total` VALUES
('please', 0.0157943),
('stand', 0.0163904),
('bert', 0.0347621),
('blog', 0.0377886),
('content', 0.30103),
('soon', 0.30103),
('come', 0.30103),
('stuff', 0.30103),
('you', 0.30103),
('want', 0.30103),
('talk', 0.30103),
('about', 0.30103),
('general', 0.0377886),
('discussion', 0.0377886),
('testuser', 0.176091),
('tue', 0.176091),
('6072011', 0.176091),
('2041', 0.30103),
('permalink', 0.0193052),
('someone', 0.0163904),
('now', 0.0163904),
('have', 0.30103),
('account', 0.30103),
('concepts', 0.30103),
('log', 0.0889411),
('post', 0.0147233),
('comments', 0.176091),
('2042', 0.30103),
('second', 0.0157943),
('this', 0.30103),
('wow', 0.30103),
('cuss', 0.0163904),
('discuss', 0.0163904);

-- --------------------------------------------------------

--
-- Table structure for table`semaphore`
--

CREATE TABLE `semaphore` (
  `name` varchar(255) NOT NULL DEFAULT '' COMMENT 'Primary Key: Unique name.',
  `value` varchar(255) NOT NULL DEFAULT '' COMMENT 'A value for the semaphore.',
  `expire` double NOT NULL COMMENT 'A Unix timestamp with microseconds indicating when the semaphore should expire.',
  PRIMARY KEY (`name`),
  KEY `value` (`value`),
  KEY `expire` (`expire`)
) ENGINE=MyISAM DEFAULT CHARSET=latin1;

-- --------------------------------------------------------

--
-- Table structure for table`sequences`
--

CREATE TABLE `sequences` (
  `value` int(10) unsigned NOT NULL AUTO_INCREMENT COMMENT 'The value of the sequence.',
  PRIMARY KEY (`value`)
) ENGINE=MyISAM  DEFAULT CHARSET=latin1 AUTO_INCREMENT=7 ;

--
-- Dumping data for table 'sequences'
--

INSERT INTO `sequences` VALUES
(6);

-- --------------------------------------------------------

--
-- Table structure for table`sessions`
--

CREATE TABLE `sessions` (
  `uid` int(10) unsigned NOT NULL COMMENT 'The users.uid corresponding to a session, or 0 for anonymous user.',
  `sid` varchar(128) NOT NULL COMMENT 'A session ID. The value is generated by Drupal’s session handlers.',
  `ssid` varchar(128) NOT NULL DEFAULT '' COMMENT 'Secure session ID. The value is generated by Drupal’s session handlers.',
  `hostname` varchar(128) NOT NULL DEFAULT '' COMMENT 'The IP address that last used this session ID (sid).',
  `timestamp` int(11) NOT NULL DEFAULT '0' COMMENT 'The Unix timestamp when this session last requested a page. Old records are purged by PHP automatically.',
  `cache` int(11) NOT NULL DEFAULT '0' COMMENT 'The time of this user’s last post. This is used when the site has specified a minimum_cache_lifetime. See cache_get().',
  `session` longblob COMMENT 'The serialized contents of $_SESSION, an array of name/value pairs that persists across page requests by this session ID. Drupal loads $_SESSION from here at the start of each request and saves it at the end.',
  PRIMARY KEY (`sid`,`ssid`),
  KEY `timestamp` (`timestamp`),
  KEY `uid` (`uid`),
  KEY `ssid` (`ssid`)
) ENGINE=MyISAM DEFAULT CHARSET=latin1;

-- --------------------------------------------------------

--
-- Table structure for table`shortcut_set`
--

CREATE TABLE `shortcut_set` (
  `set_name` varchar(32) NOT NULL DEFAULT '' COMMENT 'Primary Key: The menu_links.menu_name under which the set’s links are stored.',
  `title` varchar(255) NOT NULL DEFAULT '' COMMENT 'The title of the set.',
  PRIMARY KEY (`set_name`)
) ENGINE=MyISAM DEFAULT CHARSET=latin1;

--
-- Dumping data for table 'shortcut_set'
--

INSERT INTO `shortcut_set` VALUES
('shortcut-set-1', 'Default');

-- --------------------------------------------------------

--
-- Table structure for table`shortcut_set_users`
--

CREATE TABLE `shortcut_set_users` (
  `uid` int(10) unsigned NOT NULL DEFAULT '0' COMMENT 'The users.uid for this set.',
  `set_name` varchar(32) NOT NULL DEFAULT '' COMMENT 'The shortcut_set.set_name that will be displayed for this user.',
  PRIMARY KEY (`uid`),
  KEY `set_name` (`set_name`)
) ENGINE=MyISAM DEFAULT CHARSET=latin1;

-- --------------------------------------------------------

--
-- Table structure for table`system`
--

CREATE TABLE `system` (
  `filename` varchar(255) NOT NULL DEFAULT '' COMMENT 'The path of the primary file for this item, relative to the Drupal root; e.g. modules/node/node.module.',
  `name` varchar(255) NOT NULL DEFAULT '' COMMENT 'The name of the item; e.g. node.',
  `type` varchar(12) NOT NULL DEFAULT '' COMMENT 'The type of the item, either module, theme, theme_engine, or profile.',
  `owner` varchar(255) NOT NULL DEFAULT '' COMMENT 'A theme’s ’parent’ . Can be either a theme or an engine.',
  `status` int(11) NOT NULL DEFAULT '0' COMMENT 'Boolean indicating whether or not this item is enabled.',
  `bootstrap` int(11) NOT NULL DEFAULT '0' COMMENT 'Boolean indicating whether this module is loaded during Drupal’s early bootstrapping phase (e.g. even before the page cache is consulted).',
  `schema_version` smallint(6) NOT NULL DEFAULT '-1' COMMENT 'The module’s database schema version number. -1 if the module is not installed (its tables do not exist); 0 or the largest N of the module’s hook_update_N() function that has either been run or existed when the module was first installed.',
  `weight` int(11) NOT NULL DEFAULT '0' COMMENT 'The order in which this module’s hooks should be invoked relative to other modules. Equal-weighted modules are ordered by name.',
  `info` blob COMMENT 'A serialized array containing information from the module’s .info file; keys can include name, description, package, version, core, dependencies, and php.',
  PRIMARY KEY (`filename`),
  KEY `system_list` (`status`,`bootstrap`,`type`,`weight`,`name`),
  KEY `type_name` (`type`,`name`)
) ENGINE=MyISAM DEFAULT CHARSET=latin1;

--
-- Dumping data for table 'system'
--

INSERT INTO `system` VALUES
('modules/aggregator/aggregator.module', 'aggregator', 'module', '', 0, 0, -1, 0, 'a:13:{s:4:"name";s:10:"Aggregator";s:11:"description";s:57:"Aggregates syndicated content (RSS, RDF, and Atom feeds).";s:7:"package";s:4:"Core";s:7:"version";s:3:"7.2";s:4:"core";s:3:"7.x";s:5:"files";a:1:{i:0;s:15:"aggregator.test";}s:9:"configure";s:41:"admin/config/services/aggregator/settings";s:11:"stylesheets";a:1:{s:3:"all";a:1:{s:14:"aggregator.css";s:33:"modules/aggregator/aggregator.css";}}s:7:"project";s:6:"drupal";s:9:"datestamp";s:10:"1306357016";s:12:"dependencies";a:0:{}s:3:"php";s:5:"5.2.4";s:9:"bootstrap";i:0;}'),
('modules/aggregator/tests/aggregator_test.module', 'aggregator_test', 'module', '', 0, 0, -1, 0, 'a:12:{s:4:"name";s:23:"Aggregator module tests";s:11:"description";s:46:"Support module for aggregator related testing.";s:7:"package";s:7:"Testing";s:7:"version";s:3:"7.2";s:4:"core";s:3:"7.x";s:6:"hidden";b:1;s:7:"project";s:6:"drupal";s:9:"datestamp";s:10:"1306357016";s:12:"dependencies";a:0:{}s:3:"php";s:5:"5.2.4";s:5:"files";a:0:{}s:9:"bootstrap";i:0;}'),
('modules/block/block.module', 'block', 'module', '', 1, 0, 7008, -5, 'a:12:{s:4:"name";s:5:"Block";s:11:"description";s:140:"Controls the visual building blocks a page is constructed with. Blocks are boxes of content rendered into an area, or region, of a web page.";s:7:"package";s:4:"Core";s:7:"version";s:3:"7.2";s:4:"core";s:3:"7.x";s:5:"files";a:1:{i:0;s:10:"block.test";}s:9:"configure";s:21:"admin/structure/block";s:7:"project";s:6:"drupal";s:9:"datestamp";s:10:"1306357016";s:12:"dependencies";a:0:{}s:3:"php";s:5:"5.2.4";s:9:"bootstrap";i:0;}'),
('modules/block/tests/block_test.module', 'block_test', 'module', '', 0, 0, -1, 0, 'a:12:{s:4:"name";s:10:"Block test";s:11:"description";s:21:"Provides test blocks.";s:7:"package";s:7:"Testing";s:7:"version";s:3:"7.2";s:4:"core";s:3:"7.x";s:6:"hidden";b:1;s:7:"project";s:6:"drupal";s:9:"datestamp";s:10:"1306357016";s:12:"dependencies";a:0:{}s:3:"php";s:5:"5.2.4";s:5:"files";a:0:{}s:9:"bootstrap";i:0;}'),
('modules/blog/blog.module', 'blog', 'module', '', 1, 0, 0, 0, 'a:11:{s:4:"name";s:4:"Blog";s:11:"description";s:25:"Enables multi-user blogs.";s:7:"package";s:4:"Core";s:7:"version";s:3:"7.2";s:4:"core";s:3:"7.x";s:5:"files";a:1:{i:0;s:9:"blog.test";}s:7:"project";s:6:"drupal";s:9:"datestamp";s:10:"1306357016";s:12:"dependencies";a:0:{}s:3:"php";s:5:"5.2.4";s:9:"bootstrap";i:0;}'),
('modules/book/book.module', 'book', 'module', '', 0, 0, -1, 0, 'a:13:{s:4:"name";s:4:"Book";s:11:"description";s:66:"Allows users to create and organize related content in an outline.";s:7:"package";s:4:"Core";s:7:"version";s:3:"7.2";s:4:"core";s:3:"7.x";s:5:"files";a:1:{i:0;s:9:"book.test";}s:9:"configure";s:27:"admin/content/book/settings";s:11:"stylesheets";a:1:{s:3:"all";a:1:{s:8:"book.css";s:21:"modules/book/book.css";}}s:7:"project";s:6:"drupal";s:9:"datestamp";s:10:"1306357016";s:12:"dependencies";a:0:{}s:3:"php";s:5:"5.2.4";s:9:"bootstrap";i:0;}'),
('modules/color/color.module', 'color', 'module', '', 1, 0, 7001, 0, 'a:11:{s:4:"name";s:5:"Color";s:11:"description";s:70:"Allows administrators to change the color scheme of compatible themes.";s:7:"package";s:4:"Core";s:7:"version";s:3:"7.2";s:4:"core";s:3:"7.x";s:5:"files";a:1:{i:0;s:10:"color.test";}s:7:"project";s:6:"drupal";s:9:"datestamp";s:10:"1306357016";s:12:"dependencies";a:0:{}s:3:"php";s:5:"5.2.4";s:9:"bootstrap";i:0;}'),
('modules/comment/comment.module', 'comment', 'module', '', 1, 0, 7008, 0, 'a:13:{s:4:"name";s:7:"Comment";s:11:"description";s:57:"Allows users to comment on and discuss published content.";s:7:"package";s:4:"Core";s:7:"version";s:3:"7.2";s:4:"core";s:3:"7.x";s:12:"dependencies";a:1:{i:0;s:4:"text";}s:5:"files";a:2:{i:0;s:14:"comment.module";i:1;s:12:"comment.test";}s:9:"configure";s:21:"admin/content/comment";s:11:"stylesheets";a:1:{s:3:"all";a:1:{s:11:"comment.css";s:27:"modules/comment/comment.css";}}s:7:"project";s:6:"drupal";s:9:"datestamp";s:10:"1306357016";s:3:"php";s:5:"5.2.4";s:9:"bootstrap";i:0;}'),
('modules/contact/contact.module', 'contact', 'module', '', 0, 0, -1, 0, 'a:12:{s:4:"name";s:7:"Contact";s:11:"description";s:61:"Enables the use of both personal and site-wide contact forms.";s:7:"package";s:4:"Core";s:7:"version";s:3:"7.2";s:4:"core";s:3:"7.x";s:5:"files";a:1:{i:0;s:12:"contact.test";}s:9:"configure";s:23:"admin/structure/contact";s:7:"project";s:6:"drupal";s:9:"datestamp";s:10:"1306357016";s:12:"dependencies";a:0:{}s:3:"php";s:5:"5.2.4";s:9:"bootstrap";i:0;}'),
('modules/contextual/contextual.module', 'contextual', 'module', '', 1, 0, 0, 0, 'a:11:{s:4:"name";s:16:"Contextual links";s:11:"description";s:75:"Provides contextual links to perform actions related to elements on a page.";s:7:"package";s:4:"Core";s:7:"version";s:3:"7.2";s:4:"core";s:3:"7.x";s:7:"project";s:6:"drupal";s:9:"datestamp";s:10:"1306357016";s:12:"dependencies";a:0:{}s:3:"php";s:5:"5.2.4";s:5:"files";a:0:{}s:9:"bootstrap";i:0;}'),
('modules/dashboard/dashboard.module', 'dashboard', 'module', '', 1, 0, 0, 0, 'a:12:{s:4:"name";s:9:"Dashboard";s:11:"description";s:136:"Provides a dashboard page in the administrative interface for organizing administrative tasks and tracking information within your site.";s:4:"core";s:3:"7.x";s:7:"package";s:4:"Core";s:7:"version";s:3:"7.2";s:5:"files";a:1:{i:0;s:14:"dashboard.test";}s:12:"dependencies";a:1:{i:0;s:5:"block";}s:9:"configure";s:25:"admin/dashboard/customize";s:7:"project";s:6:"drupal";s:9:"datestamp";s:10:"1306357016";s:3:"php";s:5:"5.2.4";s:9:"bootstrap";i:0;}'),
('modules/dblog/dblog.module', 'dblog', 'module', '', 1, 1, 7001, 0, 'a:11:{s:4:"name";s:16:"Database logging";s:11:"description";s:47:"Logs and records system events to the database.";s:7:"package";s:4:"Core";s:7:"version";s:3:"7.2";s:4:"core";s:3:"7.x";s:5:"files";a:1:{i:0;s:10:"dblog.test";}s:7:"project";s:6:"drupal";s:9:"datestamp";s:10:"1306357016";s:12:"dependencies";a:0:{}s:3:"php";s:5:"5.2.4";s:9:"bootstrap";i:0;}'),
('modules/field/field.module', 'field', 'module', '', 1, 0, 7001, 0, 'a:13:{s:4:"name";s:5:"Field";s:11:"description";s:57:"Field API to add fields to entities like nodes and users.";s:7:"package";s:4:"Core";s:7:"version";s:3:"7.2";s:4:"core";s:3:"7.x";s:5:"files";a:3:{i:0;s:12:"field.module";i:1;s:16:"field.attach.inc";i:2;s:16:"tests/field.test";}s:12:"dependencies";a:1:{i:0;s:17:"field_sql_storage";}s:8:"required";b:1;s:11:"stylesheets";a:1:{s:3:"all";a:1:{s:15:"theme/field.css";s:29:"modules/field/theme/field.css";}}s:7:"project";s:6:"drupal";s:9:"datestamp";s:10:"1306357016";s:3:"php";s:5:"5.2.4";s:9:"bootstrap";i:0;}'),
('modules/field/modules/field_sql_storage/field_sql_storage.module', 'field_sql_storage', 'module', '', 1, 0, 7002, 0, 'a:12:{s:4:"name";s:17:"Field SQL storage";s:11:"description";s:37:"Stores field data in an SQL database.";s:7:"package";s:4:"Core";s:7:"version";s:3:"7.2";s:4:"core";s:3:"7.x";s:12:"dependencies";a:1:{i:0;s:5:"field";}s:5:"files";a:1:{i:0;s:22:"field_sql_storage.test";}s:8:"required";b:1;s:7:"project";s:6:"drupal";s:9:"datestamp";s:10:"1306357016";s:3:"php";s:5:"5.2.4";s:9:"bootstrap";i:0;}'),
('modules/field/modules/list/list.module', 'list', 'module', '', 1, 0, 7002, 0, 'a:11:{s:4:"name";s:4:"List";s:11:"description";s:69:"Defines list field types. Use with Options to create selection lists.";s:7:"package";s:4:"Core";s:7:"version";s:3:"7.2";s:4:"core";s:3:"7.x";s:12:"dependencies";a:2:{i:0;s:5:"field";i:1;s:7:"options";}s:5:"files";a:1:{i:0;s:15:"tests/list.test";}s:7:"project";s:6:"drupal";s:9:"datestamp";s:10:"1306357016";s:3:"php";s:5:"5.2.4";s:9:"bootstrap";i:0;}'),
('modules/field/modules/list/tests/list_test.module', 'list_test', 'module', '', 0, 0, -1, 0, 'a:12:{s:4:"name";s:9:"List test";s:11:"description";s:41:"Support module for the List module tests.";s:4:"core";s:3:"7.x";s:7:"package";s:7:"Testing";s:7:"version";s:3:"7.2";s:6:"hidden";b:1;s:7:"project";s:6:"drupal";s:9:"datestamp";s:10:"1306357016";s:12:"dependencies";a:0:{}s:3:"php";s:5:"5.2.4";s:5:"files";a:0:{}s:9:"bootstrap";i:0;}'),
('modules/field/modules/number/number.module', 'number', 'module', '', 1, 0, 0, 0, 'a:11:{s:4:"name";s:6:"Number";s:11:"description";s:28:"Defines numeric field types.";s:7:"package";s:4:"Core";s:7:"version";s:3:"7.2";s:4:"core";s:3:"7.x";s:12:"dependencies";a:1:{i:0;s:5:"field";}s:5:"files";a:1:{i:0;s:11:"number.test";}s:7:"project";s:6:"drupal";s:9:"datestamp";s:10:"1306357016";s:3:"php";s:5:"5.2.4";s:9:"bootstrap";i:0;}'),
('modules/field/modules/options/options.module', 'options', 'module', '', 1, 0, 0, 0, 'a:11:{s:4:"name";s:7:"Options";s:11:"description";s:82:"Defines selection, check box and radio button widgets for text and numeric fields.";s:7:"package";s:4:"Core";s:7:"version";s:3:"7.2";s:4:"core";s:3:"7.x";s:12:"dependencies";a:1:{i:0;s:5:"field";}s:5:"files";a:1:{i:0;s:12:"options.test";}s:7:"project";s:6:"drupal";s:9:"datestamp";s:10:"1306357016";s:3:"php";s:5:"5.2.4";s:9:"bootstrap";i:0;}'),
('modules/field/modules/text/text.module', 'text', 'module', '', 1, 0, 7000, 0, 'a:12:{s:4:"name";s:4:"Text";s:11:"description";s:32:"Defines simple text field types.";s:7:"package";s:4:"Core";s:7:"version";s:3:"7.2";s:4:"core";s:3:"7.x";s:12:"dependencies";a:1:{i:0;s:5:"field";}s:5:"files";a:1:{i:0;s:9:"text.test";}s:8:"required";b:1;s:7:"project";s:6:"drupal";s:9:"datestamp";s:10:"1306357016";s:3:"php";s:5:"5.2.4";s:9:"bootstrap";i:0;}'),
('modules/field/tests/field_test.module', 'field_test', 'module', '', 0, 0, -1, 0, 'a:12:{s:4:"name";s:14:"Field API Test";s:11:"description";s:39:"Support module for the Field API tests.";s:4:"core";s:3:"7.x";s:7:"package";s:7:"Testing";s:5:"files";a:1:{i:0;s:21:"field_test.entity.inc";}s:7:"version";s:3:"7.2";s:6:"hidden";b:1;s:7:"project";s:6:"drupal";s:9:"datestamp";s:10:"1306357016";s:12:"dependencies";a:0:{}s:3:"php";s:5:"5.2.4";s:9:"bootstrap";i:0;}'),
('modules/field_ui/field_ui.module', 'field_ui', 'module', '', 1, 0, 0, 0, 'a:11:{s:4:"name";s:8:"Field UI";s:11:"description";s:33:"User interface for the Field API.";s:7:"package";s:4:"Core";s:7:"version";s:3:"7.2";s:4:"core";s:3:"7.x";s:12:"dependencies";a:1:{i:0;s:5:"field";}s:5:"files";a:1:{i:0;s:13:"field_ui.test";}s:7:"project";s:6:"drupal";s:9:"datestamp";s:10:"1306357016";s:3:"php";s:5:"5.2.4";s:9:"bootstrap";i:0;}'),
('modules/file/file.module', 'file', 'module', '', 1, 0, 0, 0, 'a:11:{s:4:"name";s:4:"File";s:11:"description";s:26:"Defines a file field type.";s:7:"package";s:4:"Core";s:7:"version";s:3:"7.2";s:4:"core";s:3:"7.x";s:12:"dependencies";a:1:{i:0;s:5:"field";}s:5:"files";a:1:{i:0;s:15:"tests/file.test";}s:7:"project";s:6:"drupal";s:9:"datestamp";s:10:"1306357016";s:3:"php";s:5:"5.2.4";s:9:"bootstrap";i:0;}'),
('modules/file/tests/file_module_test.module', 'file_module_test', 'module', '', 0, 0, -1, 0, 'a:12:{s:4:"name";s:9:"File test";s:11:"description";s:53:"Provides hooks for testing File module functionality.";s:7:"package";s:4:"Core";s:7:"version";s:3:"7.2";s:4:"core";s:3:"7.x";s:6:"hidden";b:1;s:7:"project";s:6:"drupal";s:9:"datestamp";s:10:"1306357016";s:12:"dependencies";a:0:{}s:3:"php";s:5:"5.2.4";s:5:"files";a:0:{}s:9:"bootstrap";i:0;}'),
('modules/filter/filter.module', 'filter', 'module', '', 1, 0, 7010, 0, 'a:13:{s:4:"name";s:6:"Filter";s:11:"description";s:43:"Filters content in preparation for display.";s:7:"package";s:4:"Core";s:7:"version";s:3:"7.2";s:4:"core";s:3:"7.x";s:5:"files";a:1:{i:0;s:11:"filter.test";}s:8:"required";b:1;s:9:"configure";s:28:"admin/config/content/formats";s:7:"project";s:6:"drupal";s:9:"datestamp";s:10:"1306357016";s:12:"dependencies";a:0:{}s:3:"php";s:5:"5.2.4";s:9:"bootstrap";i:0;}'),
('modules/forum/forum.module', 'forum', 'module', '', 1, 0, 7003, 1, 'a:13:{s:4:"name";s:5:"Forum";s:11:"description";s:27:"Provides discussion forums.";s:12:"dependencies";a:2:{i:0;s:8:"taxonomy";i:1;s:7:"comment";}s:7:"package";s:4:"Core";s:7:"version";s:3:"7.2";s:4:"core";s:3:"7.x";s:5:"files";a:1:{i:0;s:10:"forum.test";}s:9:"configure";s:21:"admin/structure/forum";s:11:"stylesheets";a:1:{s:3:"all";a:1:{s:9:"forum.css";s:23:"modules/forum/forum.css";}}s:7:"project";s:6:"drupal";s:9:"datestamp";s:10:"1306357016";s:3:"php";s:5:"5.2.4";s:9:"bootstrap";i:0;}'),
('modules/help/help.module', 'help', 'module', '', 1, 0, 0, 0, 'a:11:{s:4:"name";s:4:"Help";s:11:"description";s:35:"Manages the display of online help.";s:7:"package";s:4:"Core";s:7:"version";s:3:"7.2";s:4:"core";s:3:"7.x";s:5:"files";a:1:{i:0;s:9:"help.test";}s:7:"project";s:6:"drupal";s:9:"datestamp";s:10:"1306357016";s:12:"dependencies";a:0:{}s:3:"php";s:5:"5.2.4";s:9:"bootstrap";i:0;}'),
('modules/image/image.module', 'image', 'module', '', 1, 0, 7001, 0, 'a:12:{s:4:"name";s:5:"Image";s:11:"description";s:34:"Provides image manipulation tools.";s:7:"package";s:4:"Core";s:7:"version";s:3:"7.2";s:4:"core";s:3:"7.x";s:12:"dependencies";a:1:{i:0;s:4:"file";}s:5:"files";a:1:{i:0;s:10:"image.test";}s:9:"configure";s:31:"admin/config/media/image-styles";s:7:"project";s:6:"drupal";s:9:"datestamp";s:10:"1306357016";s:3:"php";s:5:"5.2.4";s:9:"bootstrap";i:0;}'),
('modules/image/tests/image_module_test.module', 'image_module_test', 'module', '', 0, 0, -1, 0, 'a:12:{s:4:"name";s:10:"Image test";s:11:"description";s:69:"Provides hook implementations for testing Image module functionality.";s:7:"package";s:4:"Core";s:7:"version";s:3:"7.2";s:4:"core";s:3:"7.x";s:5:"files";a:1:{i:0;s:24:"image_module_test.module";}s:6:"hidden";b:1;s:7:"project";s:6:"drupal";s:9:"datestamp";s:10:"1306357016";s:12:"dependencies";a:0:{}s:3:"php";s:5:"5.2.4";s:9:"bootstrap";i:0;}'),
('modules/locale/locale.module', 'locale', 'module', '', 0, 0, -1, 0, 'a:12:{s:4:"name";s:6:"Locale";s:11:"description";s:119:"Adds language handling functionality and enables the translation of the user interface to languages other than English.";s:7:"package";s:4:"Core";s:7:"version";s:3:"7.2";s:4:"core";s:3:"7.x";s:5:"files";a:1:{i:0;s:11:"locale.test";}s:9:"configure";s:30:"admin/config/regional/language";s:7:"project";s:6:"drupal";s:9:"datestamp";s:10:"1306357016";s:12:"dependencies";a:0:{}s:3:"php";s:5:"5.2.4";s:9:"bootstrap";i:0;}'),
('modules/locale/tests/locale_test.module', 'locale_test', 'module', '', 0, 0, -1, 0, 'a:12:{s:4:"name";s:11:"Locale Test";s:11:"description";s:42:"Support module for the locale layer tests.";s:4:"core";s:3:"7.x";s:7:"package";s:7:"Testing";s:7:"version";s:3:"7.2";s:6:"hidden";b:1;s:7:"project";s:6:"drupal";s:9:"datestamp";s:10:"1306357016";s:12:"dependencies";a:0:{}s:3:"php";s:5:"5.2.4";s:5:"files";a:0:{}s:9:"bootstrap";i:0;}'),
('modules/menu/menu.module', 'menu', 'module', '', 1, 0, 0, 0, 'a:12:{s:4:"name";s:4:"Menu";s:11:"description";s:60:"Allows administrators to customize the site navigation menu.";s:7:"package";s:4:"Core";s:7:"version";s:3:"7.2";s:4:"core";s:3:"7.x";s:5:"files";a:1:{i:0;s:9:"menu.test";}s:9:"configure";s:20:"admin/structure/menu";s:7:"project";s:6:"drupal";s:9:"datestamp";s:10:"1306357016";s:12:"dependencies";a:0:{}s:3:"php";s:5:"5.2.4";s:9:"bootstrap";i:0;}'),
('modules/node/node.module', 'node', 'module', '', 1, 0, 7011, 0, 'a:14:{s:4:"name";s:4:"Node";s:11:"description";s:66:"Allows content to be submitted to the site and displayed on pages.";s:7:"package";s:4:"Core";s:7:"version";s:3:"7.2";s:4:"core";s:3:"7.x";s:5:"files";a:2:{i:0;s:11:"node.module";i:1;s:9:"node.test";}s:8:"required";b:1;s:9:"configure";s:21:"admin/structure/types";s:11:"stylesheets";a:1:{s:3:"all";a:1:{s:8:"node.css";s:21:"modules/node/node.css";}}s:7:"project";s:6:"drupal";s:9:"datestamp";s:10:"1306357016";s:12:"dependencies";a:0:{}s:3:"php";s:5:"5.2.4";s:9:"bootstrap";i:0;}'),
('modules/node/tests/node_access_test.module', 'node_access_test', 'module', '', 0, 0, -1, 0, 'a:12:{s:4:"name";s:24:"Node module access tests";s:11:"description";s:43:"Support module for node permission testing.";s:7:"package";s:7:"Testing";s:7:"version";s:3:"7.2";s:4:"core";s:3:"7.x";s:6:"hidden";b:1;s:7:"project";s:6:"drupal";s:9:"datestamp";s:10:"1306357016";s:12:"dependencies";a:0:{}s:3:"php";s:5:"5.2.4";s:5:"files";a:0:{}s:9:"bootstrap";i:0;}'),
('modules/node/tests/node_test.module', 'node_test', 'module', '', 0, 0, -1, 0, 'a:12:{s:4:"name";s:17:"Node module tests";s:11:"description";s:40:"Support module for node related testing.";s:7:"package";s:7:"Testing";s:7:"version";s:3:"7.2";s:4:"core";s:3:"7.x";s:6:"hidden";b:1;s:7:"project";s:6:"drupal";s:9:"datestamp";s:10:"1306357016";s:12:"dependencies";a:0:{}s:3:"php";s:5:"5.2.4";s:5:"files";a:0:{}s:9:"bootstrap";i:0;}'),
('modules/node/tests/node_test_exception.module', 'node_test_exception', 'module', '', 0, 0, -1, 0, 'a:12:{s:4:"name";s:27:"Node module exception tests";s:11:"description";s:50:"Support module for node related exception testing.";s:7:"package";s:7:"Testing";s:7:"version";s:3:"7.2";s:4:"core";s:3:"7.x";s:6:"hidden";b:1;s:7:"project";s:6:"drupal";s:9:"datestamp";s:10:"1306357016";s:12:"dependencies";a:0:{}s:3:"php";s:5:"5.2.4";s:5:"files";a:0:{}s:9:"bootstrap";i:0;}'),
('modules/openid/openid.module', 'openid', 'module', '', 0, 0, -1, 0, 'a:11:{s:4:"name";s:6:"OpenID";s:11:"description";s:48:"Allows users to log into your site using OpenID.";s:7:"version";s:3:"7.2";s:7:"package";s:4:"Core";s:4:"core";s:3:"7.x";s:5:"files";a:1:{i:0;s:11:"openid.test";}s:7:"project";s:6:"drupal";s:9:"datestamp";s:10:"1306357016";s:12:"dependencies";a:0:{}s:3:"php";s:5:"5.2.4";s:9:"bootstrap";i:0;}'),
('modules/openid/tests/openid_test.module', 'openid_test', 'module', '', 0, 0, -1, 0, 'a:12:{s:4:"name";s:21:"OpenID dummy provider";s:11:"description";s:33:"OpenID provider used for testing.";s:7:"package";s:7:"Testing";s:7:"version";s:3:"7.2";s:4:"core";s:3:"7.x";s:12:"dependencies";a:1:{i:0;s:6:"openid";}s:6:"hidden";b:1;s:7:"project";s:6:"drupal";s:9:"datestamp";s:10:"1306357016";s:3:"php";s:5:"5.2.4";s:5:"files";a:0:{}s:9:"bootstrap";i:0;}'),
('modules/overlay/overlay.module', 'overlay', 'module', '', 1, 1, 0, 0, 'a:11:{s:4:"name";s:7:"Overlay";s:11:"description";s:59:"Displays the Drupal administration interface in an overlay.";s:7:"package";s:4:"Core";s:7:"version";s:3:"7.2";s:4:"core";s:3:"7.x";s:7:"project";s:6:"drupal";s:9:"datestamp";s:10:"1306357016";s:12:"dependencies";a:0:{}s:3:"php";s:5:"5.2.4";s:5:"files";a:0:{}s:9:"bootstrap";i:0;}'),
('modules/path/path.module', 'path', 'module', '', 1, 0, 0, 0, 'a:12:{s:4:"name";s:4:"Path";s:11:"description";s:28:"Allows users to rename URLs.";s:7:"package";s:4:"Core";s:7:"version";s:3:"7.2";s:4:"core";s:3:"7.x";s:5:"files";a:1:{i:0;s:9:"path.test";}s:9:"configure";s:24:"admin/config/search/path";s:7:"project";s:6:"drupal";s:9:"datestamp";s:10:"1306357016";s:12:"dependencies";a:0:{}s:3:"php";s:5:"5.2.4";s:9:"bootstrap";i:0;}'),
('modules/php/php.module', 'php', 'module', '', 0, 0, -1, 0, 'a:11:{s:4:"name";s:10:"PHP filter";s:11:"description";s:50:"Allows embedded PHP code/snippets to be evaluated.";s:7:"package";s:4:"Core";s:7:"version";s:3:"7.2";s:4:"core";s:3:"7.x";s:5:"files";a:1:{i:0;s:8:"php.test";}s:7:"project";s:6:"drupal";s:9:"datestamp";s:10:"1306357016";s:12:"dependencies";a:0:{}s:3:"php";s:5:"5.2.4";s:9:"bootstrap";i:0;}'),
('modules/poll/poll.module', 'poll', 'module', '', 1, 0, 7004, 0, 'a:12:{s:4:"name";s:4:"Poll";s:11:"description";s:95:"Allows your site to capture votes on different topics in the form of multiple choice questions.";s:7:"package";s:4:"Core";s:7:"version";s:3:"7.2";s:4:"core";s:3:"7.x";s:5:"files";a:1:{i:0;s:9:"poll.test";}s:11:"stylesheets";a:1:{s:3:"all";a:1:{s:8:"poll.css";s:21:"modules/poll/poll.css";}}s:7:"project";s:6:"drupal";s:9:"datestamp";s:10:"1306357016";s:12:"dependencies";a:0:{}s:3:"php";s:5:"5.2.4";s:9:"bootstrap";i:0;}'),
('modules/profile/profile.module', 'profile', 'module', '', 0, 0, -1, 0, 'a:13:{s:4:"name";s:7:"Profile";s:11:"description";s:36:"Supports configurable user profiles.";s:7:"package";s:4:"Core";s:7:"version";s:3:"7.2";s:4:"core";s:3:"7.x";s:5:"files";a:1:{i:0;s:12:"profile.test";}s:9:"configure";s:27:"admin/config/people/profile";s:6:"hidden";b:1;s:7:"project";s:6:"drupal";s:9:"datestamp";s:10:"1306357016";s:12:"dependencies";a:0:{}s:3:"php";s:5:"5.2.4";s:9:"bootstrap";i:0;}'),
('modules/rdf/rdf.module', 'rdf', 'module', '', 1, 0, 0, 0, 'a:11:{s:4:"name";s:3:"RDF";s:11:"description";s:148:"Enriches your content with metadata to let other applications (e.g. search engines, aggregators) better understand its relationships and attributes.";s:7:"package";s:4:"Core";s:7:"version";s:3:"7.2";s:4:"core";s:3:"7.x";s:5:"files";a:1:{i:0;s:8:"rdf.test";}s:7:"project";s:6:"drupal";s:9:"datestamp";s:10:"1306357016";s:12:"dependencies";a:0:{}s:3:"php";s:5:"5.2.4";s:9:"bootstrap";i:0;}'),
('modules/rdf/tests/rdf_test.module', 'rdf_test', 'module', '', 0, 0, -1, 0, 'a:12:{s:4:"name";s:16:"RDF module tests";s:11:"description";s:38:"Support module for RDF module testing.";s:7:"package";s:7:"Testing";s:7:"version";s:3:"7.2";s:4:"core";s:3:"7.x";s:6:"hidden";b:1;s:7:"project";s:6:"drupal";s:9:"datestamp";s:10:"1306357016";s:12:"dependencies";a:0:{}s:3:"php";s:5:"5.2.4";s:5:"files";a:0:{}s:9:"bootstrap";i:0;}'),
('modules/search/search.module', 'search', 'module', '', 1, 0, 7000, 0, 'a:13:{s:4:"name";s:6:"Search";s:11:"description";s:36:"Enables site-wide keyword searching.";s:7:"package";s:4:"Core";s:7:"version";s:3:"7.2";s:4:"core";s:3:"7.x";s:5:"files";a:2:{i:0;s:19:"search.extender.inc";i:1;s:11:"search.test";}s:9:"configure";s:28:"admin/config/search/settings";s:11:"stylesheets";a:1:{s:3:"all";a:1:{s:10:"search.css";s:25:"modules/search/search.css";}}s:7:"project";s:6:"drupal";s:9:"datestamp";s:10:"1306357016";s:12:"dependencies";a:0:{}s:3:"php";s:5:"5.2.4";s:9:"bootstrap";i:0;}'),
('modules/search/tests/search_embedded_form.module', 'search_embedded_form', 'module', '', 0, 0, -1, 0, 'a:12:{s:4:"name";s:20:"Search embedded form";s:11:"description";s:59:"Support module for search module testing of embedded forms.";s:7:"package";s:7:"Testing";s:7:"version";s:3:"7.2";s:4:"core";s:3:"7.x";s:6:"hidden";b:1;s:7:"project";s:6:"drupal";s:9:"datestamp";s:10:"1306357016";s:12:"dependencies";a:0:{}s:3:"php";s:5:"5.2.4";s:5:"files";a:0:{}s:9:"bootstrap";i:0;}'),
('modules/search/tests/search_extra_type.module', 'search_extra_type', 'module', '', 0, 0, -1, 0, 'a:12:{s:4:"name";s:16:"Test search type";s:11:"description";s:41:"Support module for search module testing.";s:7:"package";s:7:"Testing";s:7:"version";s:3:"7.2";s:4:"core";s:3:"7.x";s:6:"hidden";b:1;s:7:"project";s:6:"drupal";s:9:"datestamp";s:10:"1306357016";s:12:"dependencies";a:0:{}s:3:"php";s:5:"5.2.4";s:5:"files";a:0:{}s:9:"bootstrap";i:0;}'),
('modules/shortcut/shortcut.module', 'shortcut', 'module', '', 1, 0, 0, 0, 'a:12:{s:4:"name";s:8:"Shortcut";s:11:"description";s:60:"Allows users to manage customizable lists of shortcut links.";s:7:"package";s:4:"Core";s:7:"version";s:3:"7.2";s:4:"core";s:3:"7.x";s:5:"files";a:1:{i:0;s:13:"shortcut.test";}s:9:"configure";s:36:"admin/config/user-interface/shortcut";s:7:"project";s:6:"drupal";s:9:"datestamp";s:10:"1306357016";s:12:"dependencies";a:0:{}s:3:"php";s:5:"5.2.4";s:9:"bootstrap";i:0;}'),
('modules/simpletest/simpletest.module', 'simpletest', 'module', '', 0, 0, -1, 0, 'a:12:{s:4:"name";s:7:"Testing";s:11:"description";s:53:"Provides a framework for unit and functional testing.";s:7:"package";s:4:"Core";s:7:"version";s:3:"7.2";s:4:"core";s:3:"7.x";s:5:"files";a:39:{i:0;s:15:"simpletest.test";i:1;s:24:"drupal_web_test_case.php";i:2;s:18:"tests/actions.test";i:3;s:15:"tests/ajax.test";i:4;s:16:"tests/batch.test";i:5;s:20:"tests/bootstrap.test";i:6;s:16:"tests/cache.test";i:7;s:17:"tests/common.test";i:8;s:24:"tests/database_test.test";i:9;s:32:"tests/entity_crud_hook_test.test";i:10;s:23:"tests/entity_query.test";i:11;s:16:"tests/error.test";i:12;s:15:"tests/file.test";i:13;s:23:"tests/filetransfer.test";i:14;s:15:"tests/form.test";i:15;s:16:"tests/graph.test";i:16;s:16:"tests/image.test";i:17;s:15:"tests/lock.test";i:18;s:15:"tests/mail.test";i:19;s:15:"tests/menu.test";i:20;s:17:"tests/module.test";i:21;s:19:"tests/password.test";i:22;s:15:"tests/path.test";i:23;s:19:"tests/registry.test";i:24;s:17:"tests/schema.test";i:25;s:18:"tests/session.test";i:26;s:20:"tests/tablesort.test";i:27;s:16:"tests/theme.test";i:28;s:18:"tests/unicode.test";i:29;s:17:"tests/update.test";i:30;s:17:"tests/xmlrpc.test";i:31;s:26:"tests/upgrade/upgrade.test";i:32;s:34:"tests/upgrade/upgrade.comment.test";i:33;s:33:"tests/upgrade/upgrade.filter.test";i:34;s:32:"tests/upgrade/upgrade.forum.test";i:35;s:31:"tests/upgrade/upgrade.node.test";i:36;s:35:"tests/upgrade/upgrade.taxonomy.test";i:37;s:33:"tests/upgrade/upgrade.upload.test";i:38;s:33:"tests/upgrade/upgrade.locale.test";}s:9:"configure";s:41:"admin/config/development/testing/settings";s:7:"project";s:6:"drupal";s:9:"datestamp";s:10:"1306357016";s:12:"dependencies";a:0:{}s:3:"php";s:5:"5.2.4";s:9:"bootstrap";i:0;}'),
('modules/simpletest/tests/actions_loop_test.module', 'actions_loop_test', 'module', '', 0, 0, -1, 0, 'a:12:{s:4:"name";s:17:"Actions loop test";s:11:"description";s:39:"Support module for action loop testing.";s:7:"package";s:7:"Testing";s:7:"version";s:3:"7.2";s:4:"core";s:3:"7.x";s:6:"hidden";b:1;s:7:"project";s:6:"drupal";s:9:"datestamp";s:10:"1306357016";s:12:"dependencies";a:0:{}s:3:"php";s:5:"5.2.4";s:5:"files";a:0:{}s:9:"bootstrap";i:0;}'),
('modules/simpletest/tests/ajax_forms_test.module', 'ajax_forms_test', 'module', '', 0, 0, -1, 0, 'a:12:{s:4:"name";s:26:"AJAX form test mock module";s:11:"description";s:25:"Test for AJAX form calls.";s:4:"core";s:3:"7.x";s:7:"package";s:7:"Testing";s:7:"version";s:3:"7.2";s:6:"hidden";b:1;s:7:"project";s:6:"drupal";s:9:"datestamp";s:10:"1306357016";s:12:"dependencies";a:0:{}s:3:"php";s:5:"5.2.4";s:5:"files";a:0:{}s:9:"bootstrap";i:0;}'),
('modules/simpletest/tests/ajax_test.module', 'ajax_test', 'module', '', 0, 0, -1, 0, 'a:12:{s:4:"name";s:9:"AJAX Test";s:11:"description";s:40:"Support module for AJAX framework tests.";s:7:"package";s:7:"Testing";s:7:"version";s:3:"7.2";s:4:"core";s:3:"7.x";s:6:"hidden";b:1;s:7:"project";s:6:"drupal";s:9:"datestamp";s:10:"1306357016";s:12:"dependencies";a:0:{}s:3:"php";s:5:"5.2.4";s:5:"files";a:0:{}s:9:"bootstrap";i:0;}'),
('modules/simpletest/tests/batch_test.module', 'batch_test', 'module', '', 0, 0, -1, 0, 'a:12:{s:4:"name";s:14:"Batch API test";s:11:"description";s:35:"Support module for Batch API tests.";s:7:"package";s:7:"Testing";s:7:"version";s:3:"7.2";s:4:"core";s:3:"7.x";s:6:"hidden";b:1;s:7:"project";s:6:"drupal";s:9:"datestamp";s:10:"1306357016";s:12:"dependencies";a:0:{}s:3:"php";s:5:"5.2.4";s:5:"files";a:0:{}s:9:"bootstrap";i:0;}'),
('modules/simpletest/tests/common_test.module', 'common_test', 'module', '', 0, 0, -1, 0, 'a:13:{s:4:"name";s:11:"Common Test";s:11:"description";s:32:"Support module for Common tests.";s:7:"package";s:7:"Testing";s:7:"version";s:3:"7.2";s:4:"core";s:3:"7.x";s:11:"stylesheets";a:2:{s:3:"all";a:1:{s:15:"common_test.css";s:40:"modules/simpletest/tests/common_test.css";}s:5:"print";a:1:{s:21:"common_test.print.css";s:46:"modules/simpletest/tests/common_test.print.css";}}s:6:"hidden";b:1;s:7:"project";s:6:"drupal";s:9:"datestamp";s:10:"1306357016";s:12:"dependencies";a:0:{}s:3:"php";s:5:"5.2.4";s:5:"files";a:0:{}s:9:"bootstrap";i:0;}'),
('modules/simpletest/tests/database_test.module', 'database_test', 'module', '', 0, 0, -1, 0, 'a:12:{s:4:"name";s:13:"Database Test";s:11:"description";s:40:"Support module for Database layer tests.";s:4:"core";s:3:"7.x";s:7:"package";s:7:"Testing";s:7:"version";s:3:"7.2";s:6:"hidden";b:1;s:7:"project";s:6:"drupal";s:9:"datestamp";s:10:"1306357016";s:12:"dependencies";a:0:{}s:3:"php";s:5:"5.2.4";s:5:"files";a:0:{}s:9:"bootstrap";i:0;}'),
('modules/simpletest/tests/drupal_system_listing_compatible_test/drupal_system_listing_compatible_test.module', 'drupal_system_listing_compatible_test', 'module', '', 0, 0, -1, 0, 'a:12:{s:4:"name";s:37:"Drupal system listing compatible test";s:11:"description";s:62:"Support module for testing the drupal_system_listing function.";s:7:"package";s:7:"Testing";s:7:"version";s:3:"7.2";s:4:"core";s:3:"7.x";s:6:"hidden";b:1;s:7:"project";s:6:"drupal";s:9:"datestamp";s:10:"1306357016";s:12:"dependencies";a:0:{}s:3:"php";s:5:"5.2.4";s:5:"files";a:0:{}s:9:"bootstrap";i:0;}'),
('modules/simpletest/tests/drupal_system_listing_incompatible_test/drupal_system_listing_incompatible_test.module', 'drupal_system_listing_incompatible_test', 'module', '', 0, 0, -1, 0, 'a:12:{s:4:"name";s:39:"Drupal system listing incompatible test";s:11:"description";s:62:"Support module for testing the drupal_system_listing function.";s:7:"package";s:7:"Testing";s:7:"version";s:3:"7.2";s:4:"core";s:3:"7.x";s:6:"hidden";b:1;s:7:"project";s:6:"drupal";s:9:"datestamp";s:10:"1306357016";s:12:"dependencies";a:0:{}s:3:"php";s:5:"5.2.4";s:5:"files";a:0:{}s:9:"bootstrap";i:0;}'),
('modules/simpletest/tests/entity_cache_test.module', 'entity_cache_test', 'module', '', 0, 0, -1, 0, 'a:12:{s:4:"name";s:17:"Entity cache test";s:11:"description";s:40:"Support module for testing entity cache.";s:7:"package";s:7:"Testing";s:7:"version";s:3:"7.2";s:4:"core";s:3:"7.x";s:12:"dependencies";a:1:{i:0;s:28:"entity_cache_test_dependency";}s:6:"hidden";b:1;s:7:"project";s:6:"drupal";s:9:"datestamp";s:10:"1306357016";s:3:"php";s:5:"5.2.4";s:5:"files";a:0:{}s:9:"bootstrap";i:0;}'),
('modules/simpletest/tests/entity_cache_test_dependency.module', 'entity_cache_test_dependency', 'module', '', 0, 0, -1, 0, 'a:12:{s:4:"name";s:28:"Entity cache test dependency";s:11:"description";s:51:"Support dependency module for testing entity cache.";s:7:"package";s:7:"Testing";s:7:"version";s:3:"7.2";s:4:"core";s:3:"7.x";s:6:"hidden";b:1;s:7:"project";s:6:"drupal";s:9:"datestamp";s:10:"1306357016";s:12:"dependencies";a:0:{}s:3:"php";s:5:"5.2.4";s:5:"files";a:0:{}s:9:"bootstrap";i:0;}'),
('modules/simpletest/tests/entity_crud_hook_test.module', 'entity_crud_hook_test', 'module', '', 0, 0, -1, 0, 'a:12:{s:4:"name";s:22:"Entity CRUD Hooks Test";s:11:"description";s:35:"Support module for CRUD hook tests.";s:4:"core";s:3:"7.x";s:7:"package";s:7:"Testing";s:7:"version";s:3:"7.2";s:6:"hidden";b:1;s:7:"project";s:6:"drupal";s:9:"datestamp";s:10:"1306357016";s:12:"dependencies";a:0:{}s:3:"php";s:5:"5.2.4";s:5:"files";a:0:{}s:9:"bootstrap";i:0;}'),
('modules/simpletest/tests/error_test.module', 'error_test', 'module', '', 0, 0, -1, 0, 'a:12:{s:4:"name";s:10:"Error test";s:11:"description";s:47:"Support module for error and exception testing.";s:7:"package";s:7:"Testing";s:7:"version";s:3:"7.2";s:4:"core";s:3:"7.x";s:6:"hidden";b:1;s:7:"project";s:6:"drupal";s:9:"datestamp";s:10:"1306357016";s:12:"dependencies";a:0:{}s:3:"php";s:5:"5.2.4";s:5:"files";a:0:{}s:9:"bootstrap";i:0;}'),
('modules/simpletest/tests/file_test.module', 'file_test', 'module', '', 0, 0, -1, 0, 'a:12:{s:4:"name";s:9:"File test";s:11:"description";s:39:"Support module for file handling tests.";s:7:"package";s:7:"Testing";s:7:"version";s:3:"7.2";s:4:"core";s:3:"7.x";s:5:"files";a:1:{i:0;s:16:"file_test.module";}s:6:"hidden";b:1;s:7:"project";s:6:"drupal";s:9:"datestamp";s:10:"1306357016";s:12:"dependencies";a:0:{}s:3:"php";s:5:"5.2.4";s:9:"bootstrap";i:0;}'),
('modules/simpletest/tests/filter_test.module', 'filter_test', 'module', '', 0, 0, -1, 0, 'a:12:{s:4:"name";s:18:"Filter test module";s:11:"description";s:33:"Tests filter hooks and functions.";s:7:"package";s:7:"Testing";s:7:"version";s:3:"7.2";s:4:"core";s:3:"7.x";s:6:"hidden";b:1;s:7:"project";s:6:"drupal";s:9:"datestamp";s:10:"1306357016";s:12:"dependencies";a:0:{}s:3:"php";s:5:"5.2.4";s:5:"files";a:0:{}s:9:"bootstrap";i:0;}'),
('modules/simpletest/tests/form_test.module', 'form_test', 'module', '', 0, 0, -1, 0, 'a:12:{s:4:"name";s:12:"FormAPI Test";s:11:"description";s:34:"Support module for Form API tests.";s:7:"package";s:7:"Testing";s:7:"version";s:3:"7.2";s:4:"core";s:3:"7.x";s:6:"hidden";b:1;s:7:"project";s:6:"drupal";s:9:"datestamp";s:10:"1306357016";s:12:"dependencies";a:0:{}s:3:"php";s:5:"5.2.4";s:5:"files";a:0:{}s:9:"bootstrap";i:0;}'),
('modules/simpletest/tests/image_test.module', 'image_test', 'module', '', 0, 0, -1, 0, 'a:12:{s:4:"name";s:10:"Image test";s:11:"description";s:39:"Support module for image toolkit tests.";s:7:"package";s:7:"Testing";s:7:"version";s:3:"7.2";s:4:"core";s:3:"7.x";s:6:"hidden";b:1;s:7:"project";s:6:"drupal";s:9:"datestamp";s:10:"1306357016";s:12:"dependencies";a:0:{}s:3:"php";s:5:"5.2.4";s:5:"files";a:0:{}s:9:"bootstrap";i:0;}'),
('modules/simpletest/tests/menu_test.module', 'menu_test', 'module', '', 0, 0, -1, 0, 'a:12:{s:4:"name";s:15:"Hook menu tests";s:11:"description";s:37:"Support module for menu hook testing.";s:7:"package";s:7:"Testing";s:7:"version";s:3:"7.2";s:4:"core";s:3:"7.x";s:6:"hidden";b:1;s:7:"project";s:6:"drupal";s:9:"datestamp";s:10:"1306357016";s:12:"dependencies";a:0:{}s:3:"php";s:5:"5.2.4";s:5:"files";a:0:{}s:9:"bootstrap";i:0;}'),
('modules/simpletest/tests/module_test.module', 'module_test', 'module', '', 0, 0, -1, 0, 'a:12:{s:4:"name";s:11:"Module test";s:11:"description";s:41:"Support module for module system testing.";s:7:"package";s:7:"Testing";s:7:"version";s:3:"7.2";s:4:"core";s:3:"7.x";s:6:"hidden";b:1;s:7:"project";s:6:"drupal";s:9:"datestamp";s:10:"1306357016";s:12:"dependencies";a:0:{}s:3:"php";s:5:"5.2.4";s:5:"files";a:0:{}s:9:"bootstrap";i:0;}'),
('modules/simpletest/tests/requirements1_test.module', 'requirements1_test', 'module', '', 0, 0, -1, 0, 'a:12:{s:4:"name";s:19:"Requirements 1 Test";s:11:"description";s:80:"Tests that a module is not installed when it fails hook_requirements(''install'').";s:7:"package";s:4:"Core";s:7:"version";s:3:"7.2";s:4:"core";s:3:"7.x";s:6:"hidden";b:1;s:7:"project";s:6:"drupal";s:9:"datestamp";s:10:"1306357016";s:12:"dependencies";a:0:{}s:3:"php";s:5:"5.2.4";s:5:"files";a:0:{}s:9:"bootstrap";i:0;}'),
('modules/simpletest/tests/requirements2_test.module', 'requirements2_test', 'module', '', 0, 0, -1, 0, 'a:12:{s:4:"name";s:19:"Requirements 2 Test";s:11:"description";s:98:"Tests that a module is not installed when the one it depends on fails hook_requirements(''install).";s:12:"dependencies";a:2:{i:0;s:18:"requirements1_test";i:1;s:7:"comment";}s:7:"package";s:4:"Core";s:7:"version";s:3:"7.2";s:4:"core";s:3:"7.x";s:6:"hidden";b:1;s:7:"project";s:6:"drupal";s:9:"datestamp";s:10:"1306357016";s:3:"php";s:5:"5.2.4";s:5:"files";a:0:{}s:9:"bootstrap";i:0;}'),
('modules/simpletest/tests/session_test.module', 'session_test', 'module', '', 0, 0, -1, 0, 'a:12:{s:4:"name";s:12:"Session test";s:11:"description";s:40:"Support module for session data testing.";s:7:"package";s:7:"Testing";s:7:"version";s:3:"7.2";s:4:"core";s:3:"7.x";s:6:"hidden";b:1;s:7:"project";s:6:"drupal";s:9:"datestamp";s:10:"1306357016";s:12:"dependencies";a:0:{}s:3:"php";s:5:"5.2.4";s:5:"files";a:0:{}s:9:"bootstrap";i:0;}'),
('modules/simpletest/tests/system_dependencies_test.module', 'system_dependencies_test', 'module', '', 0, 0, -1, 0, 'a:12:{s:4:"name";s:22:"System dependency test";s:11:"description";s:47:"Support module for testing system dependencies.";s:7:"package";s:7:"Testing";s:7:"version";s:3:"7.2";s:4:"core";s:3:"7.x";s:6:"hidden";b:1;s:12:"dependencies";a:1:{i:0;s:19:"_missing_dependency";}s:7:"project";s:6:"drupal";s:9:"datestamp";s:10:"1306357016";s:3:"php";s:5:"5.2.4";s:5:"files";a:0:{}s:9:"bootstrap";i:0;}'),
('modules/simpletest/tests/system_test.module', 'system_test', 'module', '', 0, 0, -1, 0, 'a:12:{s:4:"name";s:11:"System test";s:11:"description";s:34:"Support module for system testing.";s:7:"package";s:7:"Testing";s:7:"version";s:3:"7.2";s:4:"core";s:3:"7.x";s:5:"files";a:1:{i:0;s:18:"system_test.module";}s:6:"hidden";b:1;s:7:"project";s:6:"drupal";s:9:"datestamp";s:10:"1306357016";s:12:"dependencies";a:0:{}s:3:"php";s:5:"5.2.4";s:9:"bootstrap";i:0;}'),
('modules/simpletest/tests/taxonomy_test.module', 'taxonomy_test', 'module', '', 0, 0, -1, 0, 'a:12:{s:4:"name";s:20:"Taxonomy test module";s:11:"description";s:45:""Tests functions and hooks not used in core".";s:7:"package";s:7:"Testing";s:7:"version";s:3:"7.2";s:4:"core";s:3:"7.x";s:6:"hidden";b:1;s:12:"dependencies";a:1:{i:0;s:8:"taxonomy";}s:7:"project";s:6:"drupal";s:9:"datestamp";s:10:"1306357016";s:3:"php";s:5:"5.2.4";s:5:"files";a:0:{}s:9:"bootstrap";i:0;}'),
('modules/simpletest/tests/theme_test.module', 'theme_test', 'module', '', 0, 0, -1, 0, 'a:12:{s:4:"name";s:10:"Theme test";s:11:"description";s:40:"Support module for theme system testing.";s:7:"package";s:7:"Testing";s:7:"version";s:3:"7.2";s:4:"core";s:3:"7.x";s:6:"hidden";b:1;s:7:"project";s:6:"drupal";s:9:"datestamp";s:10:"1306357016";s:12:"dependencies";a:0:{}s:3:"php";s:5:"5.2.4";s:5:"files";a:0:{}s:9:"bootstrap";i:0;}'),
('modules/simpletest/tests/update_test_1.module', 'update_test_1', 'module', '', 0, 0, -1, 0, 'a:12:{s:4:"name";s:11:"Update test";s:11:"description";s:34:"Support module for update testing.";s:7:"package";s:7:"Testing";s:7:"version";s:3:"7.2";s:4:"core";s:3:"7.x";s:6:"hidden";b:1;s:7:"project";s:6:"drupal";s:9:"datestamp";s:10:"1306357016";s:12:"dependencies";a:0:{}s:3:"php";s:5:"5.2.4";s:5:"files";a:0:{}s:9:"bootstrap";i:0;}'),
('modules/simpletest/tests/update_test_2.module', 'update_test_2', 'module', '', 0, 0, -1, 0, 'a:12:{s:4:"name";s:11:"Update test";s:11:"description";s:34:"Support module for update testing.";s:7:"package";s:7:"Testing";s:7:"version";s:3:"7.2";s:4:"core";s:3:"7.x";s:6:"hidden";b:1;s:7:"project";s:6:"drupal";s:9:"datestamp";s:10:"1306357016";s:12:"dependencies";a:0:{}s:3:"php";s:5:"5.2.4";s:5:"files";a:0:{}s:9:"bootstrap";i:0;}'),
('modules/simpletest/tests/update_test_3.module', 'update_test_3', 'module', '', 0, 0, -1, 0, 'a:12:{s:4:"name";s:11:"Update test";s:11:"description";s:34:"Support module for update testing.";s:7:"package";s:7:"Testing";s:7:"version";s:3:"7.2";s:4:"core";s:3:"7.x";s:6:"hidden";b:1;s:7:"project";s:6:"drupal";s:9:"datestamp";s:10:"1306357016";s:12:"dependencies";a:0:{}s:3:"php";s:5:"5.2.4";s:5:"files";a:0:{}s:9:"bootstrap";i:0;}'),
('modules/simpletest/tests/url_alter_test.module', 'url_alter_test', 'module', '', 0, 0, -1, 0, 'a:12:{s:4:"name";s:15:"Url_alter tests";s:11:"description";s:45:"A support modules for url_alter hook testing.";s:4:"core";s:3:"7.x";s:7:"package";s:7:"Testing";s:7:"version";s:3:"7.2";s:6:"hidden";b:1;s:7:"project";s:6:"drupal";s:9:"datestamp";s:10:"1306357016";s:12:"dependencies";a:0:{}s:3:"php";s:5:"5.2.4";s:5:"files";a:0:{}s:9:"bootstrap";i:0;}'),
('modules/simpletest/tests/xmlrpc_test.module', 'xmlrpc_test', 'module', '', 0, 0, -1, 0, 'a:12:{s:4:"name";s:12:"XML-RPC Test";s:11:"description";s:75:"Support module for XML-RPC tests according to the validator1 specification.";s:7:"package";s:7:"Testing";s:7:"version";s:3:"7.2";s:4:"core";s:3:"7.x";s:6:"hidden";b:1;s:7:"project";s:6:"drupal";s:9:"datestamp";s:10:"1306357016";s:12:"dependencies";a:0:{}s:3:"php";s:5:"5.2.4";s:5:"files";a:0:{}s:9:"bootstrap";i:0;}'),
('modules/statistics/statistics.module', 'statistics', 'module', '', 0, 0, -1, 0, 'a:12:{s:4:"name";s:10:"Statistics";s:11:"description";s:37:"Logs access statistics for your site.";s:7:"package";s:4:"Core";s:7:"version";s:3:"7.2";s:4:"core";s:3:"7.x";s:5:"files";a:1:{i:0;s:15:"statistics.test";}s:9:"configure";s:30:"admin/config/system/statistics";s:7:"project";s:6:"drupal";s:9:"datestamp";s:10:"1306357016";s:12:"dependencies";a:0:{}s:3:"php";s:5:"5.2.4";s:9:"bootstrap";i:0;}'),
('modules/syslog/syslog.module', 'syslog', 'module', '', 0, 0, -1, 0, 'a:11:{s:4:"name";s:6:"Syslog";s:11:"description";s:41:"Logs and records system events to syslog.";s:7:"package";s:4:"Core";s:7:"version";s:3:"7.2";s:4:"core";s:3:"7.x";s:5:"files";a:1:{i:0;s:11:"syslog.test";}s:7:"project";s:6:"drupal";s:9:"datestamp";s:10:"1306357016";s:12:"dependencies";a:0:{}s:3:"php";s:5:"5.2.4";s:9:"bootstrap";i:0;}'),
('modules/system/system.module', 'system', 'module', '', 1, 0, 7071, 0, 'a:13:{s:4:"name";s:6:"System";s:11:"description";s:54:"Handles general site configuration for administrators.";s:7:"package";s:4:"Core";s:7:"version";s:3:"7.2";s:4:"core";s:3:"7.x";s:5:"files";a:6:{i:0;s:19:"system.archiver.inc";i:1;s:15:"system.mail.inc";i:2;s:16:"system.queue.inc";i:3;s:14:"system.tar.inc";i:4;s:18:"system.updater.inc";i:5;s:11:"system.test";}s:8:"required";b:1;s:9:"configure";s:19:"admin/config/system";s:7:"project";s:6:"drupal";s:9:"datestamp";s:10:"1306357016";s:12:"dependencies";a:0:{}s:3:"php";s:5:"5.2.4";s:9:"bootstrap";i:0;}'),
('modules/taxonomy/taxonomy.module', 'taxonomy', 'module', '', 1, 0, 7010, 0, 'a:12:{s:4:"name";s:8:"Taxonomy";s:11:"description";s:38:"Enables the categorization of content.";s:7:"package";s:4:"Core";s:7:"version";s:3:"7.2";s:4:"core";s:3:"7.x";s:12:"dependencies";a:1:{i:0;s:7:"options";}s:5:"files";a:2:{i:0;s:15:"taxonomy.module";i:1;s:13:"taxonomy.test";}s:9:"configure";s:24:"admin/structure/taxonomy";s:7:"project";s:6:"drupal";s:9:"datestamp";s:10:"1306357016";s:3:"php";s:5:"5.2.4";s:9:"bootstrap";i:0;}'),
('modules/toolbar/toolbar.module', 'toolbar', 'module', '', 1, 0, 0, 0, 'a:11:{s:4:"name";s:7:"Toolbar";s:11:"description";s:99:"Provides a toolbar that shows the top-level administration menu items and links from other modules.";s:4:"core";s:3:"7.x";s:7:"package";s:4:"Core";s:7:"version";s:3:"7.2";s:7:"project";s:6:"drupal";s:9:"datestamp";s:10:"1306357016";s:12:"dependencies";a:0:{}s:3:"php";s:5:"5.2.4";s:5:"files";a:0:{}s:9:"bootstrap";i:0;}'),
('modules/tracker/tracker.module', 'tracker', 'module', '', 0, 0, -1, 0, 'a:11:{s:4:"name";s:7:"Tracker";s:11:"description";s:45:"Enables tracking of recent content for users.";s:12:"dependencies";a:1:{i:0;s:7:"comment";}s:7:"package";s:4:"Core";s:7:"version";s:3:"7.2";s:4:"core";s:3:"7.x";s:5:"files";a:1:{i:0;s:12:"tracker.test";}s:7:"project";s:6:"drupal";s:9:"datestamp";s:10:"1306357016";s:3:"php";s:5:"5.2.4";s:9:"bootstrap";i:0;}'),
('modules/translation/tests/translation_test.module', 'translation_test', 'module', '', 0, 0, -1, 0, 'a:12:{s:4:"name";s:24:"Content Translation Test";s:11:"description";s:49:"Support module for the content translation tests.";s:4:"core";s:3:"7.x";s:7:"package";s:7:"Testing";s:7:"version";s:3:"7.2";s:6:"hidden";b:1;s:7:"project";s:6:"drupal";s:9:"datestamp";s:10:"1306357016";s:12:"dependencies";a:0:{}s:3:"php";s:5:"5.2.4";s:5:"files";a:0:{}s:9:"bootstrap";i:0;}'),
('modules/translation/translation.module', 'translation', 'module', '', 0, 0, -1, 0, 'a:11:{s:4:"name";s:19:"Content translation";s:11:"description";s:57:"Allows content to be translated into different languages.";s:12:"dependencies";a:1:{i:0;s:6:"locale";}s:7:"package";s:4:"Core";s:7:"version";s:3:"7.2";s:4:"core";s:3:"7.x";s:5:"files";a:1:{i:0;s:16:"translation.test";}s:7:"project";s:6:"drupal";s:9:"datestamp";s:10:"1306357016";s:3:"php";s:5:"5.2.4";s:9:"bootstrap";i:0;}'),
('modules/trigger/tests/trigger_test.module', 'trigger_test', 'module', '', 0, 0, -1, 0, 'a:12:{s:4:"name";s:12:"Trigger Test";s:11:"description";s:33:"Support module for Trigger tests.";s:7:"package";s:7:"Testing";s:4:"core";s:3:"7.x";s:6:"hidden";b:1;s:7:"version";s:3:"7.2";s:7:"project";s:6:"drupal";s:9:"datestamp";s:10:"1306357016";s:12:"dependencies";a:0:{}s:3:"php";s:5:"5.2.4";s:5:"files";a:0:{}s:9:"bootstrap";i:0;}'),
('modules/trigger/trigger.module', 'trigger', 'module', '', 0, 0, -1, 0, 'a:12:{s:4:"name";s:7:"Trigger";s:11:"description";s:90:"Enables actions to be fired on certain system events, such as when new content is created.";s:7:"package";s:4:"Core";s:7:"version";s:3:"7.2";s:4:"core";s:3:"7.x";s:5:"files";a:1:{i:0;s:12:"trigger.test";}s:9:"configure";s:23:"admin/structure/trigger";s:7:"project";s:6:"drupal";s:9:"datestamp";s:10:"1306357016";s:12:"dependencies";a:0:{}s:3:"php";s:5:"5.2.4";s:9:"bootstrap";i:0;}'),
('modules/update/tests/aaa_update_test.module', 'aaa_update_test', 'module', '', 0, 0, -1, 0, 'a:12:{s:4:"name";s:15:"AAA Update test";s:11:"description";s:41:"Support module for update module testing.";s:7:"package";s:7:"Testing";s:4:"core";s:3:"7.x";s:6:"hidden";b:1;s:7:"version";s:3:"7.2";s:7:"project";s:6:"drupal";s:9:"datestamp";s:10:"1306357016";s:12:"dependencies";a:0:{}s:3:"php";s:5:"5.2.4";s:5:"files";a:0:{}s:9:"bootstrap";i:0;}'),
('modules/update/tests/bbb_update_test.module', 'bbb_update_test', 'module', '', 0, 0, -1, 0, 'a:12:{s:4:"name";s:15:"BBB Update test";s:11:"description";s:41:"Support module for update module testing.";s:7:"package";s:7:"Testing";s:4:"core";s:3:"7.x";s:6:"hidden";b:1;s:7:"version";s:3:"7.2";s:7:"project";s:6:"drupal";s:9:"datestamp";s:10:"1306357016";s:12:"dependencies";a:0:{}s:3:"php";s:5:"5.2.4";s:5:"files";a:0:{}s:9:"bootstrap";i:0;}'),
('modules/update/tests/ccc_update_test.module', 'ccc_update_test', 'module', '', 0, 0, -1, 0, 'a:12:{s:4:"name";s:15:"CCC Update test";s:11:"description";s:41:"Support module for update module testing.";s:7:"package";s:7:"Testing";s:4:"core";s:3:"7.x";s:6:"hidden";b:1;s:7:"version";s:3:"7.2";s:7:"project";s:6:"drupal";s:9:"datestamp";s:10:"1306357016";s:12:"dependencies";a:0:{}s:3:"php";s:5:"5.2.4";s:5:"files";a:0:{}s:9:"bootstrap";i:0;}'),
('modules/update/tests/update_test.module', 'update_test', 'module', '', 0, 0, -1, 0, 'a:12:{s:4:"name";s:11:"Update test";s:11:"description";s:41:"Support module for update module testing.";s:7:"package";s:7:"Testing";s:7:"version";s:3:"7.2";s:4:"core";s:3:"7.x";s:6:"hidden";b:1;s:7:"project";s:6:"drupal";s:9:"datestamp";s:10:"1306357016";s:12:"dependencies";a:0:{}s:3:"php";s:5:"5.2.4";s:5:"files";a:0:{}s:9:"bootstrap";i:0;}'),
('modules/update/update.module', 'update', 'module', '', 1, 0, 7001, 0, 'a:12:{s:4:"name";s:14:"Update manager";s:11:"description";s:104:"Checks for available updates, and can securely install or update modules and themes via a web interface.";s:7:"version";s:3:"7.2";s:7:"package";s:4:"Core";s:4:"core";s:3:"7.x";s:5:"files";a:1:{i:0;s:11:"update.test";}s:9:"configure";s:30:"admin/reports/updates/settings";s:7:"project";s:6:"drupal";s:9:"datestamp";s:10:"1306357016";s:12:"dependencies";a:0:{}s:3:"php";s:5:"5.2.4";s:9:"bootstrap";i:0;}'),
('modules/user/tests/user_form_test.module', 'user_form_test', 'module', '', 0, 0, -1, 0, 'a:12:{s:4:"name";s:22:"User module form tests";s:11:"description";s:37:"Support module for user form testing.";s:7:"package";s:7:"Testing";s:7:"version";s:3:"7.2";s:4:"core";s:3:"7.x";s:6:"hidden";b:1;s:7:"project";s:6:"drupal";s:9:"datestamp";s:10:"1306357016";s:12:"dependencies";a:0:{}s:3:"php";s:5:"5.2.4";s:5:"files";a:0:{}s:9:"bootstrap";i:0;}'),
('modules/user/user.module', 'user', 'module', '', 1, 0, 7016, 0, 'a:14:{s:4:"name";s:4:"User";s:11:"description";s:47:"Manages the user registration and login system.";s:7:"package";s:4:"Core";s:7:"version";s:3:"7.2";s:4:"core";s:3:"7.x";s:5:"files";a:2:{i:0;s:11:"user.module";i:1;s:9:"user.test";}s:8:"required";b:1;s:9:"configure";s:19:"admin/config/people";s:11:"stylesheets";a:1:{s:3:"all";a:1:{s:8:"user.css";s:21:"modules/user/user.css";}}s:7:"project";s:6:"drupal";s:9:"datestamp";s:10:"1306357016";s:12:"dependencies";a:0:{}s:3:"php";s:5:"5.2.4";s:9:"bootstrap";i:0;}'),
('profiles/standard/standard.profile', 'standard', 'module', '', 1, 0, 0, 1000, 'a:14:{s:4:"name";s:8:"Standard";s:11:"description";s:51:"Install with commonly used features pre-configured.";s:7:"version";s:3:"7.2";s:4:"core";s:3:"7.x";s:12:"dependencies";a:21:{i:0;s:5:"block";i:1;s:5:"color";i:2;s:7:"comment";i:3;s:10:"contextual";i:4;s:9:"dashboard";i:5;s:4:"help";i:6;s:5:"image";i:7;s:4:"list";i:8;s:4:"menu";i:9;s:6:"number";i:10;s:7:"options";i:11;s:4:"path";i:12;s:8:"taxonomy";i:13;s:5:"dblog";i:14;s:6:"search";i:15;s:8:"shortcut";i:16;s:7:"toolbar";i:17;s:7:"overlay";i:18;s:8:"field_ui";i:19;s:4:"file";i:20;s:3:"rdf";}s:5:"files";a:1:{i:0;s:16:"standard.profile";}s:7:"project";s:6:"drupal";s:9:"datestamp";s:10:"1306357016";s:7:"package";s:5:"Other";s:3:"php";s:5:"5.2.4";s:9:"bootstrap";i:0;s:6:"hidden";b:1;s:8:"required";b:1;s:17:"distribution_name";s:6:"Drupal";}');
INSERT INTO `system` VALUES
('themes/bartik/bartik.info', 'bartik', 'theme', 'themes/engines/phptemplate/phptemplate.engine', 1, 0, -1, 0, 'a:18:{s:4:"name";s:6:"Bartik";s:11:"description";s:48:"A flexible, recolorable theme with many regions.";s:7:"package";s:4:"Core";s:7:"version";s:3:"7.2";s:4:"core";s:3:"7.x";s:11:"stylesheets";a:2:{s:3:"all";a:3:{s:14:"css/layout.css";s:28:"themes/bartik/css/layout.css";s:13:"css/style.css";s:27:"themes/bartik/css/style.css";s:14:"css/colors.css";s:28:"themes/bartik/css/colors.css";}s:5:"print";a:1:{s:13:"css/print.css";s:27:"themes/bartik/css/print.css";}}s:7:"regions";a:20:{s:6:"header";s:6:"Header";s:4:"help";s:4:"Help";s:8:"page_top";s:8:"Page top";s:11:"page_bottom";s:11:"Page bottom";s:11:"highlighted";s:11:"Highlighted";s:8:"featured";s:8:"Featured";s:7:"content";s:7:"Content";s:13:"sidebar_first";s:13:"Sidebar first";s:14:"sidebar_second";s:14:"Sidebar second";s:14:"triptych_first";s:14:"Triptych first";s:15:"triptych_middle";s:15:"Triptych middle";s:13:"triptych_last";s:13:"Triptych last";s:18:"footer_firstcolumn";s:19:"Footer first column";s:19:"footer_secondcolumn";s:20:"Footer second column";s:18:"footer_thirdcolumn";s:19:"Footer third column";s:19:"footer_fourthcolumn";s:20:"Footer fourth column";s:6:"footer";s:6:"Footer";s:14:"dashboard_main";s:16:"Dashboard (main)";s:17:"dashboard_sidebar";s:19:"Dashboard (sidebar)";s:18:"dashboard_inactive";s:20:"Dashboard (inactive)";}s:8:"settings";a:1:{s:20:"shortcut_module_link";s:1:"0";}s:7:"project";s:6:"drupal";s:9:"datestamp";s:10:"1306357016";s:6:"engine";s:11:"phptemplate";s:8:"features";a:9:{i:0;s:4:"logo";i:1;s:7:"favicon";i:2;s:4:"name";i:3;s:6:"slogan";i:4;s:17:"node_user_picture";i:5;s:20:"comment_user_picture";i:6;s:25:"comment_user_verification";i:7;s:9:"main_menu";i:8;s:14:"secondary_menu";}s:10:"screenshot";s:28:"themes/bartik/screenshot.png";s:3:"php";s:5:"5.2.4";s:7:"scripts";a:0:{}s:15:"overlay_regions";a:5:{i:0;s:14:"dashboard_main";i:1;s:17:"dashboard_sidebar";i:2;s:18:"dashboard_inactive";i:3;s:7:"content";i:4;s:4:"help";}s:14:"regions_hidden";a:2:{i:0;s:8:"page_top";i:1;s:11:"page_bottom";}s:28:"overlay_supplemental_regions";a:1:{i:0;s:8:"page_top";}}'),
('themes/garland/garland.info', 'garland', 'theme', 'themes/engines/phptemplate/phptemplate.engine', 1, 0, -1, 0, 'a:18:{s:4:"name";s:7:"Garland";s:11:"description";s:111:"A multi-column theme which can be configured to modify colors and switch between fixed and fluid width layouts.";s:7:"package";s:4:"Core";s:7:"version";s:3:"7.2";s:4:"core";s:3:"7.x";s:11:"stylesheets";a:2:{s:3:"all";a:1:{s:9:"style.css";s:24:"themes/garland/style.css";}s:5:"print";a:1:{s:9:"print.css";s:24:"themes/garland/print.css";}}s:8:"settings";a:1:{s:13:"garland_width";s:5:"fluid";}s:7:"project";s:6:"drupal";s:9:"datestamp";s:10:"1306357016";s:6:"engine";s:11:"phptemplate";s:7:"regions";a:12:{s:13:"sidebar_first";s:12:"Left sidebar";s:14:"sidebar_second";s:13:"Right sidebar";s:7:"content";s:7:"Content";s:6:"header";s:6:"Header";s:6:"footer";s:6:"Footer";s:11:"highlighted";s:11:"Highlighted";s:4:"help";s:4:"Help";s:8:"page_top";s:8:"Page top";s:11:"page_bottom";s:11:"Page bottom";s:14:"dashboard_main";s:16:"Dashboard (main)";s:17:"dashboard_sidebar";s:19:"Dashboard (sidebar)";s:18:"dashboard_inactive";s:20:"Dashboard (inactive)";}s:8:"features";a:9:{i:0;s:4:"logo";i:1;s:7:"favicon";i:2;s:4:"name";i:3;s:6:"slogan";i:4;s:17:"node_user_picture";i:5;s:20:"comment_user_picture";i:6;s:25:"comment_user_verification";i:7;s:9:"main_menu";i:8;s:14:"secondary_menu";}s:10:"screenshot";s:29:"themes/garland/screenshot.png";s:3:"php";s:5:"5.2.4";s:7:"scripts";a:0:{}s:15:"overlay_regions";a:5:{i:0;s:14:"dashboard_main";i:1;s:17:"dashboard_sidebar";i:2;s:18:"dashboard_inactive";i:3;s:7:"content";i:4;s:4:"help";}s:14:"regions_hidden";a:2:{i:0;s:8:"page_top";i:1;s:11:"page_bottom";}s:28:"overlay_supplemental_regions";a:1:{i:0;s:8:"page_top";}}'),
('themes/seven/seven.info', 'seven', 'theme', 'themes/engines/phptemplate/phptemplate.engine', 1, 0, -1, 0, 'a:18:{s:4:"name";s:5:"Seven";s:11:"description";s:65:"A simple one-column, tableless, fluid width administration theme.";s:7:"package";s:4:"Core";s:7:"version";s:3:"7.2";s:4:"core";s:3:"7.x";s:11:"stylesheets";a:1:{s:6:"screen";a:2:{s:9:"reset.css";s:22:"themes/seven/reset.css";s:9:"style.css";s:22:"themes/seven/style.css";}}s:8:"settings";a:1:{s:20:"shortcut_module_link";s:1:"1";}s:7:"regions";a:8:{s:7:"content";s:7:"Content";s:4:"help";s:4:"Help";s:8:"page_top";s:8:"Page top";s:11:"page_bottom";s:11:"Page bottom";s:13:"sidebar_first";s:13:"First sidebar";s:14:"dashboard_main";s:16:"Dashboard (main)";s:17:"dashboard_sidebar";s:19:"Dashboard (sidebar)";s:18:"dashboard_inactive";s:20:"Dashboard (inactive)";}s:14:"regions_hidden";a:3:{i:0;s:13:"sidebar_first";i:1;s:8:"page_top";i:2;s:11:"page_bottom";}s:7:"project";s:6:"drupal";s:9:"datestamp";s:10:"1306357016";s:6:"engine";s:11:"phptemplate";s:8:"features";a:9:{i:0;s:4:"logo";i:1;s:7:"favicon";i:2;s:4:"name";i:3;s:6:"slogan";i:4;s:17:"node_user_picture";i:5;s:20:"comment_user_picture";i:6;s:25:"comment_user_verification";i:7;s:9:"main_menu";i:8;s:14:"secondary_menu";}s:10:"screenshot";s:27:"themes/seven/screenshot.png";s:3:"php";s:5:"5.2.4";s:7:"scripts";a:0:{}s:15:"overlay_regions";a:5:{i:0;s:14:"dashboard_main";i:1;s:17:"dashboard_sidebar";i:2;s:18:"dashboard_inactive";i:3;s:7:"content";i:4;s:4:"help";}s:28:"overlay_supplemental_regions";a:1:{i:0;s:8:"page_top";}}'),
('themes/stark/stark.info', 'stark', 'theme', 'themes/engines/phptemplate/phptemplate.engine', 1, 0, -1, 0, 'a:17:{s:4:"name";s:5:"Stark";s:11:"description";s:208:"This theme demonstrates Drupal''s default HTML markup and CSS styles. To learn how to build your own theme and override Drupal''s default code, see the <a href="http://drupal.org/theme-guide">Theming Guide</a>.";s:7:"package";s:4:"Core";s:7:"version";s:3:"7.2";s:4:"core";s:3:"7.x";s:11:"stylesheets";a:1:{s:3:"all";a:1:{s:10:"layout.css";s:23:"themes/stark/layout.css";}}s:7:"project";s:6:"drupal";s:9:"datestamp";s:10:"1306357016";s:6:"engine";s:11:"phptemplate";s:7:"regions";a:12:{s:13:"sidebar_first";s:12:"Left sidebar";s:14:"sidebar_second";s:13:"Right sidebar";s:7:"content";s:7:"Content";s:6:"header";s:6:"Header";s:6:"footer";s:6:"Footer";s:11:"highlighted";s:11:"Highlighted";s:4:"help";s:4:"Help";s:8:"page_top";s:8:"Page top";s:11:"page_bottom";s:11:"Page bottom";s:14:"dashboard_main";s:16:"Dashboard (main)";s:17:"dashboard_sidebar";s:19:"Dashboard (sidebar)";s:18:"dashboard_inactive";s:20:"Dashboard (inactive)";}s:8:"features";a:9:{i:0;s:4:"logo";i:1;s:7:"favicon";i:2;s:4:"name";i:3;s:6:"slogan";i:4;s:17:"node_user_picture";i:5;s:20:"comment_user_picture";i:6;s:25:"comment_user_verification";i:7;s:9:"main_menu";i:8;s:14:"secondary_menu";}s:10:"screenshot";s:27:"themes/stark/screenshot.png";s:3:"php";s:5:"5.2.4";s:7:"scripts";a:0:{}s:15:"overlay_regions";a:5:{i:0;s:14:"dashboard_main";i:1;s:17:"dashboard_sidebar";i:2;s:18:"dashboard_inactive";i:3;s:7:"content";i:4;s:4:"help";}s:14:"regions_hidden";a:2:{i:0;s:8:"page_top";i:1;s:11:"page_bottom";}s:28:"overlay_supplemental_regions";a:1:{i:0;s:8:"page_top";}}'),
('themes/tests/test_theme/test_theme.info', 'test_theme', 'theme', 'themes/engines/phptemplate/phptemplate.engine', 0, 0, -1, 0, 'a:17:{s:4:"name";s:10:"Test theme";s:11:"description";s:34:"Theme for testing the theme system";s:4:"core";s:3:"7.x";s:6:"hidden";b:1;s:11:"stylesheets";a:1:{s:3:"all";a:1:{s:15:"system.base.css";s:39:"themes/tests/test_theme/system.base.css";}}s:7:"version";s:3:"7.2";s:7:"project";s:6:"drupal";s:9:"datestamp";s:10:"1306357016";s:6:"engine";s:11:"phptemplate";s:7:"regions";a:12:{s:13:"sidebar_first";s:12:"Left sidebar";s:14:"sidebar_second";s:13:"Right sidebar";s:7:"content";s:7:"Content";s:6:"header";s:6:"Header";s:6:"footer";s:6:"Footer";s:11:"highlighted";s:11:"Highlighted";s:4:"help";s:4:"Help";s:8:"page_top";s:8:"Page top";s:11:"page_bottom";s:11:"Page bottom";s:14:"dashboard_main";s:16:"Dashboard (main)";s:17:"dashboard_sidebar";s:19:"Dashboard (sidebar)";s:18:"dashboard_inactive";s:20:"Dashboard (inactive)";}s:8:"features";a:9:{i:0;s:4:"logo";i:1;s:7:"favicon";i:2;s:4:"name";i:3;s:6:"slogan";i:4;s:17:"node_user_picture";i:5;s:20:"comment_user_picture";i:6;s:25:"comment_user_verification";i:7;s:9:"main_menu";i:8;s:14:"secondary_menu";}s:10:"screenshot";s:38:"themes/tests/test_theme/screenshot.png";s:3:"php";s:5:"5.2.4";s:7:"scripts";a:0:{}s:15:"overlay_regions";a:5:{i:0;s:14:"dashboard_main";i:1;s:17:"dashboard_sidebar";i:2;s:18:"dashboard_inactive";i:3;s:7:"content";i:4;s:4:"help";}s:14:"regions_hidden";a:2:{i:0;s:8:"page_top";i:1;s:11:"page_bottom";}s:28:"overlay_supplemental_regions";a:1:{i:0;s:8:"page_top";}}'),
('themes/tests/update_test_basetheme/update_test_basetheme.info', 'update_test_basetheme', 'theme', 'themes/engines/phptemplate/phptemplate.engine', 0, 0, -1, 0, 'a:17:{s:4:"name";s:22:"Update test base theme";s:11:"description";s:63:"Test theme which acts as a base theme for other test subthemes.";s:4:"core";s:3:"7.x";s:6:"hidden";b:1;s:7:"version";s:3:"7.2";s:7:"project";s:6:"drupal";s:9:"datestamp";s:10:"1306357016";s:6:"engine";s:11:"phptemplate";s:7:"regions";a:12:{s:13:"sidebar_first";s:12:"Left sidebar";s:14:"sidebar_second";s:13:"Right sidebar";s:7:"content";s:7:"Content";s:6:"header";s:6:"Header";s:6:"footer";s:6:"Footer";s:11:"highlighted";s:11:"Highlighted";s:4:"help";s:4:"Help";s:8:"page_top";s:8:"Page top";s:11:"page_bottom";s:11:"Page bottom";s:14:"dashboard_main";s:16:"Dashboard (main)";s:17:"dashboard_sidebar";s:19:"Dashboard (sidebar)";s:18:"dashboard_inactive";s:20:"Dashboard (inactive)";}s:8:"features";a:9:{i:0;s:4:"logo";i:1;s:7:"favicon";i:2;s:4:"name";i:3;s:6:"slogan";i:4;s:17:"node_user_picture";i:5;s:20:"comment_user_picture";i:6;s:25:"comment_user_verification";i:7;s:9:"main_menu";i:8;s:14:"secondary_menu";}s:10:"screenshot";s:49:"themes/tests/update_test_basetheme/screenshot.png";s:3:"php";s:5:"5.2.4";s:11:"stylesheets";a:0:{}s:7:"scripts";a:0:{}s:15:"overlay_regions";a:5:{i:0;s:14:"dashboard_main";i:1;s:17:"dashboard_sidebar";i:2;s:18:"dashboard_inactive";i:3;s:7:"content";i:4;s:4:"help";}s:14:"regions_hidden";a:2:{i:0;s:8:"page_top";i:1;s:11:"page_bottom";}s:28:"overlay_supplemental_regions";a:1:{i:0;s:8:"page_top";}}'),
('themes/tests/update_test_subtheme/update_test_subtheme.info', 'update_test_subtheme', 'theme', 'themes/engines/phptemplate/phptemplate.engine', 0, 0, -1, 0, 'a:18:{s:4:"name";s:20:"Update test subtheme";s:11:"description";s:62:"Test theme which uses update_test_basetheme as the base theme.";s:4:"core";s:3:"7.x";s:10:"base theme";s:21:"update_test_basetheme";s:6:"hidden";b:1;s:7:"version";s:3:"7.2";s:7:"project";s:6:"drupal";s:9:"datestamp";s:10:"1306357016";s:6:"engine";s:11:"phptemplate";s:7:"regions";a:12:{s:13:"sidebar_first";s:12:"Left sidebar";s:14:"sidebar_second";s:13:"Right sidebar";s:7:"content";s:7:"Content";s:6:"header";s:6:"Header";s:6:"footer";s:6:"Footer";s:11:"highlighted";s:11:"Highlighted";s:4:"help";s:4:"Help";s:8:"page_top";s:8:"Page top";s:11:"page_bottom";s:11:"Page bottom";s:14:"dashboard_main";s:16:"Dashboard (main)";s:17:"dashboard_sidebar";s:19:"Dashboard (sidebar)";s:18:"dashboard_inactive";s:20:"Dashboard (inactive)";}s:8:"features";a:9:{i:0;s:4:"logo";i:1;s:7:"favicon";i:2;s:4:"name";i:3;s:6:"slogan";i:4;s:17:"node_user_picture";i:5;s:20:"comment_user_picture";i:6;s:25:"comment_user_verification";i:7;s:9:"main_menu";i:8;s:14:"secondary_menu";}s:10:"screenshot";s:48:"themes/tests/update_test_subtheme/screenshot.png";s:3:"php";s:5:"5.2.4";s:11:"stylesheets";a:0:{}s:7:"scripts";a:0:{}s:15:"overlay_regions";a:5:{i:0;s:14:"dashboard_main";i:1;s:17:"dashboard_sidebar";i:2;s:18:"dashboard_inactive";i:3;s:7:"content";i:4;s:4:"help";}s:14:"regions_hidden";a:2:{i:0;s:8:"page_top";i:1;s:11:"page_bottom";}s:28:"overlay_supplemental_regions";a:1:{i:0;s:8:"page_top";}}');

-- --------------------------------------------------------

--
-- Table structure for table`taxonomy_index`
--

CREATE TABLE `taxonomy_index` (
  `nid` int(10) unsigned NOT NULL DEFAULT '0' COMMENT 'The node.nid this record tracks.',
  `tid` int(10) unsigned NOT NULL DEFAULT '0' COMMENT 'The term ID.',
  `sticky` tinyint(4) DEFAULT '0' COMMENT 'Boolean indicating whether the node is sticky.',
  `created` int(11) NOT NULL DEFAULT '0' COMMENT 'The Unix timestamp when the node was created.',
  KEY `term_node` (`tid`,`sticky`,`created`),
  KEY `nid` (`nid`)
) ENGINE=MyISAM DEFAULT CHARSET=latin1;

--
-- Dumping data for table 'taxonomy_index'
--

INSERT INTO `taxonomy_index` VALUES
(4, 1, 0, 1307163164);

-- --------------------------------------------------------

--
-- Table structure for table`taxonomy_term_data`
--

CREATE TABLE `taxonomy_term_data` (
  `tid` int(10) unsigned NOT NULL AUTO_INCREMENT COMMENT 'Primary Key: Unique term ID.',
  `vid` int(10) unsigned NOT NULL DEFAULT '0' COMMENT 'The taxonomy_vocabulary.vid of the vocabulary to which the term is assigned.',
  `name` varchar(255) NOT NULL DEFAULT '' COMMENT 'The term name.',
  `description` longtext COMMENT 'A description of the term.',
  `format` varchar(255) DEFAULT NULL COMMENT 'The filter_format.format of the description.',
  `weight` int(11) NOT NULL DEFAULT '0' COMMENT 'The weight of this term in relation to other terms.',
  PRIMARY KEY (`tid`),
  KEY `taxonomy_tree` (`vid`,`weight`,`name`),
  KEY `vid_name` (`vid`,`name`),
  KEY `name` (`name`)
) ENGINE=MyISAM  DEFAULT CHARSET=latin1 AUTO_INCREMENT=2 ;

--
-- Dumping data for table 'taxonomy_term_data'
--

INSERT INTO `taxonomy_term_data` VALUES
(1, 2, 'General discussion', '', NULL, 0);

-- --------------------------------------------------------

--
-- Table structure for table`taxonomy_term_hierarchy`
--

CREATE TABLE `taxonomy_term_hierarchy` (
  `tid` int(10) unsigned NOT NULL DEFAULT '0' COMMENT 'Primary Key: The taxonomy_term_data.tid of the term.',
  `parent` int(10) unsigned NOT NULL DEFAULT '0' COMMENT 'Primary Key: The taxonomy_term_data.tid of the term’s parent. 0 indicates no parent.',
  PRIMARY KEY (`tid`,`parent`),
  KEY `parent` (`parent`)
) ENGINE=MyISAM DEFAULT CHARSET=latin1;

--
-- Dumping data for table 'taxonomy_term_hierarchy'
--

INSERT INTO `taxonomy_term_hierarchy` VALUES
(1, 0);

-- --------------------------------------------------------

--
-- Table structure for table`taxonomy_vocabulary`
--

CREATE TABLE `taxonomy_vocabulary` (
  `vid` int(10) unsigned NOT NULL AUTO_INCREMENT COMMENT 'Primary Key: Unique vocabulary ID.',
  `name` varchar(255) NOT NULL DEFAULT '' COMMENT 'Name of the vocabulary.',
  `machine_name` varchar(255) NOT NULL DEFAULT '' COMMENT 'The vocabulary machine name.',
  `description` longtext COMMENT 'Description of the vocabulary.',
  `hierarchy` tinyint(3) unsigned NOT NULL DEFAULT '0' COMMENT 'The type of hierarchy allowed within the vocabulary. (0 = disabled, 1 = single, 2 = multiple)',
  `module` varchar(255) NOT NULL DEFAULT '' COMMENT 'The module which created the vocabulary.',
  `weight` int(11) NOT NULL DEFAULT '0' COMMENT 'The weight of this vocabulary in relation to other vocabularies.',
  PRIMARY KEY (`vid`),
  UNIQUE KEY `machine_name` (`machine_name`),
  KEY `list` (`weight`,`name`)
) ENGINE=MyISAM  DEFAULT CHARSET=latin1 AUTO_INCREMENT=3 ;

--
-- Dumping data for table 'taxonomy_vocabulary'
--

INSERT INTO `taxonomy_vocabulary` VALUES
(1, 'Tags', 'tags', 'Use tags to group articles on similar topics into categories.', 0, 'taxonomy', 0),
(2, 'Forums', 'forums', 'Forum navigation vocabulary', 1, 'forum', -10);

-- --------------------------------------------------------

--
-- Table structure for table`url_alias`
--

CREATE TABLE `url_alias` (
  `pid` int(10) unsigned NOT NULL AUTO_INCREMENT COMMENT 'A unique path alias identifier.',
  `source` varchar(255) NOT NULL DEFAULT '' COMMENT 'The Drupal path this alias is for; e.g. node/12.',
  `alias` varchar(255) NOT NULL DEFAULT '' COMMENT 'The alias for this path; e.g. title-of-the-story.',
  `language` varchar(12) NOT NULL DEFAULT '' COMMENT 'The language this alias is for; if ’und’, the alias will be used for unknown languages. Each Drupal path can have an alias for each supported language.',
  PRIMARY KEY (`pid`),
  KEY `alias_language_pid` (`alias`,`language`,`pid`),
  KEY `source_language_pid` (`source`,`language`,`pid`)
) ENGINE=MyISAM DEFAULT CHARSET=latin1 AUTO_INCREMENT=1 ;

-- --------------------------------------------------------

--
-- Table structure for table`users_roles`
--

CREATE TABLE `users_roles` (
  `uid` int(10) unsigned NOT NULL DEFAULT '0' COMMENT 'Primary Key: users.uid for user.',
  `rid` int(10) unsigned NOT NULL DEFAULT '0' COMMENT 'Primary Key: role.rid for role.',
  PRIMARY KEY (`uid`,`rid`),
  KEY `rid` (`rid`)
) ENGINE=MyISAM DEFAULT CHARSET=latin1;

--
-- Dumping data for table 'users_roles'
--

INSERT INTO `users_roles` VALUES
(1, 3),
(3, 3),
(6, 4);

-- --------------------------------------------------------

--
-- Table structure for table`variable`
--

CREATE TABLE `variable` (
  `name` varchar(128) NOT NULL DEFAULT '' COMMENT 'The name of the variable.',
  `value` longblob NOT NULL COMMENT 'The value of the variable.',
  PRIMARY KEY (`name`)
) ENGINE=MyISAM DEFAULT CHARSET=latin1;

--
-- Dumping data for table 'variable'
--

INSERT INTO `variable` VALUES
('admin_theme', 's:5:"seven";'),
('clean_url', 's:1:"0";'),
('comment_page', 'i:0;'),
('cron_key', 's:43:"4VIM1gS5KSiDxTRzOXaTO0JGUg4qMe8iYFvXSRanpkg";'),
('css_js_query_string', 's:6:"lm59ii";'),
('drupal_http_request_fails', 'b:0;'),
('drupal_private_key', 's:43:"KssfaWp-fySo2CxEByP6GFTuGyro24f2xS10Voz1bl8";'),
('file_temporary_path', 's:4:"/tmp";'),
('filter_fallback_format', 's:10:"plain_text";'),
('install_profile', 's:8:"standard";'),
('install_task', 's:4:"done";'),
('menu_expanded', 'a:0:{}'),
('menu_masks', 'a:34:{i:0;i:501;i:1;i:493;i:2;i:250;i:3;i:247;i:4;i:246;i:5;i:245;i:6;i:125;i:7;i:123;i:8;i:122;i:9;i:121;i:10;i:117;i:11;i:63;i:12;i:62;i:13;i:61;i:14;i:60;i:15;i:59;i:16;i:58;i:17;i:44;i:18;i:31;i:19;i:30;i:20;i:29;i:21;i:28;i:22;i:24;i:23;i:21;i:24;i:15;i:25;i:14;i:26;i:13;i:27;i:11;i:28;i:7;i:29;i:6;i:30;i:5;i:31;i:3;i:32;i:2;i:33;i:1;}'),
('theme_bartik_settings', 'a:19:{s:11:"toggle_logo";i:1;s:11:"toggle_name";i:0;s:13:"toggle_slogan";i:1;s:24:"toggle_node_user_picture";i:1;s:27:"toggle_comment_user_picture";i:1;s:32:"toggle_comment_user_verification";i:1;s:14:"toggle_favicon";i:1;s:16:"toggle_main_menu";i:1;s:21:"toggle_secondary_menu";i:1;s:12:"default_logo";i:0;s:9:"logo_path";s:42:"public://DSC_9965_20101016_09863_mod_j.png";s:11:"logo_upload";s:0:"";s:15:"default_favicon";i:1;s:12:"favicon_path";s:0:"";s:14:"favicon_upload";s:0:"";s:6:"scheme";s:0:"";s:7:"palette";a:9:{s:2:"bg";s:7:"#a6e4fb";s:4:"link";s:7:"#0071B3";s:3:"top";s:7:"#000000";s:6:"bottom";s:7:"#0000ff";s:4:"text";s:7:"#3b3b3b";s:7:"sidebar";s:7:"#ffe037";s:14:"sidebarborders";s:7:"#000000";s:6:"footer";s:7:"#030050";s:11:"titleslogan";s:7:"#fffeff";}s:5:"theme";s:6:"bartik";s:4:"info";a:12:{s:6:"fields";a:9:{s:2:"bg";s:15:"Main background";s:4:"link";s:10:"Link color";s:3:"top";s:10:"Header top";s:6:"bottom";s:13:"Header bottom";s:4:"text";s:10:"Text color";s:7:"sidebar";s:18:"Sidebar background";s:14:"sidebarborders";s:15:"Sidebar borders";s:6:"footer";s:17:"Footer background";s:11:"titleslogan";s:16:"Title and slogan";}s:7:"schemes";a:6:{s:7:"default";a:2:{s:5:"title";s:21:"Blue Lagoon (default)";s:6:"colors";a:9:{s:2:"bg";s:7:"#ffffff";s:4:"link";s:7:"#0071B3";s:3:"top";s:7:"#0779bf";s:6:"bottom";s:7:"#48a9e4";s:4:"text";s:7:"#3b3b3b";s:7:"sidebar";s:7:"#f6f6f2";s:14:"sidebarborders";s:7:"#f9f9f9";s:6:"footer";s:7:"#292929";s:11:"titleslogan";s:7:"#fffeff";}}s:9:"firehouse";a:2:{s:5:"title";s:9:"Firehouse";s:6:"colors";a:9:{s:2:"bg";s:7:"#ffffff";s:4:"link";s:7:"#d6121f";s:3:"top";s:7:"#cd2d2d";s:6:"bottom";s:7:"#cf3535";s:4:"text";s:7:"#3b3b3b";s:7:"sidebar";s:7:"#f1f4f0";s:14:"sidebarborders";s:7:"#ededed";s:6:"footer";s:7:"#1f1d1c";s:11:"titleslogan";s:7:"#fffeff";}}s:3:"ice";a:2:{s:5:"title";s:3:"Ice";s:6:"colors";a:9:{s:2:"bg";s:7:"#ffffff";s:4:"link";s:7:"#019dbf";s:3:"top";s:7:"#d0d0d0";s:6:"bottom";s:7:"#c2c4c5";s:4:"text";s:7:"#4a4a4a";s:7:"sidebar";s:7:"#ffffff";s:14:"sidebarborders";s:7:"#cccccc";s:6:"footer";s:7:"#24272c";s:11:"titleslogan";s:7:"#000000";}}s:4:"plum";a:2:{s:5:"title";s:4:"Plum";s:6:"colors";a:9:{s:2:"bg";s:7:"#fffdf7";s:4:"link";s:7:"#9d408d";s:3:"top";s:7:"#4c1c58";s:6:"bottom";s:7:"#593662";s:4:"text";s:7:"#301313";s:7:"sidebar";s:7:"#edede7";s:14:"sidebarborders";s:7:"#e7e7e7";s:6:"footer";s:7:"#2c2c28";s:11:"titleslogan";s:7:"#ffffff";}}s:5:"slate";a:2:{s:5:"title";s:5:"Slate";s:6:"colors";a:9:{s:2:"bg";s:7:"#ffffff";s:4:"link";s:7:"#0073b6";s:3:"top";s:7:"#4a4a4a";s:6:"bottom";s:7:"#4e4e4e";s:4:"text";s:7:"#3b3b3b";s:7:"sidebar";s:7:"#ffffff";s:14:"sidebarborders";s:7:"#d0d0d0";s:6:"footer";s:7:"#161617";s:11:"titleslogan";s:7:"#ffffff";}}s:0:"";a:2:{s:5:"title";s:6:"Custom";s:6:"colors";a:0:{}}}s:3:"css";a:1:{i:0;s:14:"css/colors.css";}s:4:"copy";a:1:{i:0;s:8:"logo.png";}s:9:"gradients";a:1:{i:0;a:3:{s:9:"dimension";a:4:{i:0;i:0;i:1;i:0;i:2;i:0;i:3;i:0;}s:9:"direction";s:8:"vertical";s:6:"colors";a:2:{i:0;s:3:"top";i:1;s:6:"bottom";}}}s:4:"fill";a:0:{}s:6:"slices";a:0:{}s:12:"blend_target";s:7:"#ffffff";s:11:"preview_css";s:17:"color/preview.css";s:10:"preview_js";s:16:"color/preview.js";s:12:"preview_html";s:18:"color/preview.html";s:10:"base_image";s:14:"color/base.png";}}'),
('node_admin_theme', 's:1:"1";'),
('node_options_page', 'a:1:{i:0;s:6:"status";}'),
('node_submitted_page', 'b:0;'),
('path_alias_whitelist', 'a:0:{}'),
('site_default_country', 's:0:"";'),
('theme_default', 's:6:"bartik";'),
('user_admin_role', 's:1:"3";'),
('user_pictures', 'i:1;'),
('user_picture_dimensions', 's:9:"1024x1024";'),
('user_picture_file_size', 's:3:"800";'),
('user_picture_style', 's:9:"thumbnail";'),
('user_register', 's:1:"0";'),
('cron_last', 'i:1348010471;'),
('date_temporary_timezone', 'i:0;'),
('maintenance_mode', 'b:0;'),
('color_bartik_palette', 'a:9:{s:2:"bg";s:7:"#a6e4fb";s:4:"link";s:7:"#0071B3";s:3:"top";s:7:"#000000";s:6:"bottom";s:7:"#0000ff";s:4:"text";s:7:"#3b3b3b";s:7:"sidebar";s:7:"#ffe037";s:14:"sidebarborders";s:7:"#000000";s:6:"footer";s:7:"#030050";s:11:"titleslogan";s:7:"#fffeff";}'),
('color_bartik_logo', 's:39:"public://color/bartik-e0be4905/logo.png";'),
('color_bartik_stylesheets', 'a:1:{i:0;s:41:"public://color/bartik-e0be4905/colors.css";}'),
('color_bartik_files', 'a:2:{i:0;s:39:"public://color/bartik-e0be4905/logo.png";i:1;s:41:"public://color/bartik-e0be4905/colors.css";}'),
('site_name', 's:15:"Bert''s Concepts";'),
('site_slogan', 's:112:""There are 10 types of people in the world...those who understand the binary number system and those who don''t."";'),
('site_mail', 's:22:"bert@bertsconcepts.com";'),
('default_nodes_main', 's:2:"10";'),
('site_frontpage', 's:4:"node";'),
('site_403', 's:0:"";'),
('site_404', 's:0:"";'),
('anonymous', 's:9:"Anonymous";'),
('user_email_verification', 'i:1;'),
('user_cancel_method', 's:17:"user_cancel_block";'),
('user_signatures', 'i:0;'),
('user_picture_path', 's:8:"pictures";'),
('user_picture_default', 's:0:"";'),
('user_picture_guidelines', 's:0:"";'),
('email__active_tab', 's:24:"edit-email-admin-created";'),
('user_mail_register_admin_created_subject', 's:58:"An administrator created an account for you at [site:name]";'),
('user_mail_register_admin_created_body', 's:476:"[user:name],\r\n\r\nA site administrator at [site:name] has created an account for you. You may now log in by clicking this link or copying and pasting it to your browser:\r\n\r\n[user:one-time-login-url]\r\n\r\nThis link can only be used once to log in and will lead you to a page where you can set your password.\r\n\r\nAfter setting your password, you will be able to log in at [site:login-url] in the future using:\r\n\r\nusername: [user:name]\r\npassword: Your password\r\n\r\n--  [site:name] team";'),
('user_mail_register_pending_approval_subject', 's:71:"Account details for [user:name] at [site:name] (pending admin approval)";'),
('user_mail_register_pending_approval_body', 's:287:"[user:name],\r\n\r\nThank you for registering at [site:name]. Your application for an account is currently pending approval. Once it has been approved, you will receive another e-mail containing information about how to log in, set your password, and other details.\r\n\r\n\r\n--  [site:name] team";'),
('user_mail_register_no_approval_required_subject', 's:46:"Account details for [user:name] at [site:name]";'),
('user_mail_register_no_approval_required_body', 's:450:"[user:name],\r\n\r\nThank you for registering at [site:name]. You may now log in by clicking this link or copying and pasting it to your browser:\r\n\r\n[user:one-time-login-url]\r\n\r\nThis link can only be used once to log in and will lead you to a page where you can set your password.\r\n\r\nAfter setting your password, you will be able to log in at [site:login-url] in the future using:\r\n\r\nusername: [user:name]\r\npassword: Your password\r\n\r\n--  [site:name] team";'),
('user_mail_password_reset_subject', 's:60:"Replacement login information for [user:name] at [site:name]";'),
('user_mail_password_reset_body', 's:407:"[user:name],\r\n\r\nA request to reset the password for your account has been made at [site:name].\r\n\r\nYou may now log in by clicking this link or copying and pasting it to your browser:\r\n\r\n[user:one-time-login-url]\r\n\r\nThis link can only be used once to log in and will lead you to a page where you can set your password. It expires after one day and nothing will happen if it''s not used.\r\n\r\n--  [site:name] team";'),
('user_mail_status_activated_notify', 'i:1;'),
('user_mail_status_activated_subject', 's:57:"Account details for [user:name] at [site:name] (approved)";'),
('user_mail_status_activated_body', 's:461:"[user:name],\r\n\r\nYour account at [site:name] has been activated.\r\n\r\nYou may now log in by clicking this link or copying and pasting it into your browser:\r\n\r\n[user:one-time-login-url]\r\n\r\nThis link can only be used once to log in and will lead you to a page where you can set your password.\r\n\r\nAfter setting your password, you will be able to log in at [site:login-url] in the future using:\r\n\r\nusername: [user:name]\r\npassword: Your password\r\n\r\n--  [site:name] team";'),
('user_mail_status_blocked_notify', 'i:0;'),
('user_mail_status_blocked_subject', 's:56:"Account details for [user:name] at [site:name] (blocked)";'),
('user_mail_status_blocked_body', 's:85:"[user:name],\r\n\r\nYour account on [site:name] has been blocked.\r\n\r\n--  [site:name] team";'),
('user_mail_cancel_confirm_subject', 's:59:"Account cancellation request for [user:name] at [site:name]";'),
('user_mail_cancel_confirm_body', 's:381:"[user:name],\r\n\r\nA request to cancel your account has been made at [site:name].\r\n\r\nYou may now cancel your account on [site:url-brief] by clicking this link or copying and pasting it into your browser:\r\n\r\n[user:cancel-url]\r\n\r\nNOTE: The cancellation of your account is not reversible.\r\n\r\nThis link expires in one day and nothing will happen if it is not used.\r\n\r\n--  [site:name] team";'),
('user_mail_status_canceled_notify', 'i:0;'),
('user_mail_status_canceled_subject', 's:57:"Account details for [user:name] at [site:name] (canceled)";'),
('user_mail_status_canceled_body', 's:86:"[user:name],\r\n\r\nYour account on [site:name] has been canceled.\r\n\r\n--  [site:name] team";'),
('update_last_check', 'i:1307162735;'),
('node_cron_last', 's:10:"1308111260";'),
('user_block_seconds_online', 's:3:"900";'),
('user_block_max_list_count', 's:2:"10";'),
('theme_garland_settings', 'a:20:{s:11:"toggle_logo";i:1;s:11:"toggle_name";i:0;s:13:"toggle_slogan";i:1;s:24:"toggle_node_user_picture";i:1;s:27:"toggle_comment_user_picture";i:1;s:32:"toggle_comment_user_verification";i:1;s:14:"toggle_favicon";i:1;s:16:"toggle_main_menu";i:1;s:21:"toggle_secondary_menu";i:1;s:12:"default_logo";i:0;s:9:"logo_path";s:42:"public://DSC_9965_20101016_09863_mod_j.png";s:11:"logo_upload";s:0:"";s:15:"default_favicon";i:1;s:12:"favicon_path";s:0:"";s:14:"favicon_upload";s:0:"";s:13:"garland_width";s:5:"fixed";s:6:"scheme";s:0:"";s:7:"palette";a:5:{s:4:"base";s:7:"#0072b9";s:4:"link";s:7:"#027ac6";s:3:"top";s:7:"#00033c";s:6:"bottom";s:7:"#0029d5";s:4:"text";s:7:"#494949";}s:5:"theme";s:7:"garland";s:4:"info";a:11:{s:6:"fields";a:5:{s:4:"base";s:10:"Base color";s:4:"link";s:10:"Link color";s:3:"top";s:10:"Header top";s:6:"bottom";s:13:"Header bottom";s:4:"text";s:10:"Text color";}s:7:"schemes";a:16:{s:7:"default";a:2:{s:5:"title";s:21:"Blue Lagoon (Default)";s:6:"colors";a:5:{s:4:"base";s:7:"#0072b9";s:4:"link";s:7:"#027ac6";s:3:"top";s:7:"#2385c2";s:6:"bottom";s:7:"#5ab5ee";s:4:"text";s:7:"#494949";}}s:3:"ash";a:2:{s:5:"title";s:3:"Ash";s:6:"colors";a:4:{s:4:"base";s:7:"#464849";s:4:"link";s:7:"#2f416f";s:3:"top";s:7:"#2a2b2d";s:6:"bottom";s:7:"#5d6779";}}s:10:"aquamarine";a:2:{s:5:"title";s:10:"Aquamarine";s:6:"colors";a:5:{s:4:"base";s:7:"#55c0e2";s:4:"link";s:7:"#000000";s:4:"text";s:7:"#696969";s:3:"top";s:7:"#085360";s:6:"bottom";s:7:"#007e94";}}s:9:"chocolate";a:2:{s:5:"title";s:17:"Belgian Chocolate";s:6:"colors";a:4:{s:4:"base";s:7:"#d5b048";s:4:"link";s:7:"#6c420e";s:3:"top";s:7:"#331900";s:6:"bottom";s:7:"#971702";}}s:10:"bluemarine";a:2:{s:5:"title";s:10:"Bluemarine";s:6:"colors";a:5:{s:4:"base";s:7:"#3f3f3f";s:4:"link";s:7:"#336699";s:4:"text";s:7:"#000000";s:3:"top";s:7:"#6598cb";s:6:"bottom";s:7:"#6598cb";}}s:6:"citrus";a:2:{s:5:"title";s:12:"Citrus Blast";s:6:"colors";a:4:{s:4:"base";s:7:"#d0cb9a";s:4:"link";s:7:"#917803";s:3:"top";s:7:"#efde01";s:6:"bottom";s:7:"#e6fb2d";}}s:4:"cold";a:2:{s:5:"title";s:8:"Cold Day";s:6:"colors";a:5:{s:4:"base";s:7:"#0f005c";s:4:"link";s:7:"#434f8c";s:4:"text";s:7:"#000000";s:3:"top";s:7:"#4d91ff";s:6:"bottom";s:7:"#1a1575";}}s:9:"greenbeam";a:2:{s:5:"title";s:9:"Greenbeam";s:6:"colors";a:4:{s:4:"base";s:7:"#c9c497";s:4:"link";s:7:"#0c7a00";s:3:"top";s:7:"#03961e";s:6:"bottom";s:7:"#7be000";}}s:11:"mediterrano";a:2:{s:5:"title";s:11:"Mediterrano";s:6:"colors";a:4:{s:4:"base";s:7:"#ffe23d";s:4:"link";s:7:"#a9290a";s:3:"top";s:7:"#fc6d1d";s:6:"bottom";s:7:"#a30f42";}}s:7:"mercury";a:2:{s:5:"title";s:7:"Mercury";s:6:"colors";a:5:{s:4:"base";s:7:"#788597";s:4:"link";s:7:"#3f728d";s:3:"top";s:7:"#a9adbc";s:6:"bottom";s:7:"#d4d4d4";s:4:"text";s:7:"#707070";}}s:9:"nocturnal";a:2:{s:5:"title";s:9:"Nocturnal";s:6:"colors";a:4:{s:4:"base";s:7:"#5b5fa9";s:4:"link";s:7:"#5b5faa";s:3:"top";s:7:"#0a2352";s:6:"bottom";s:7:"#9fa8d5";}}s:6:"olivia";a:2:{s:5:"title";s:6:"Olivia";s:6:"colors";a:5:{s:4:"base";s:7:"#7db323";s:4:"link";s:7:"#6a9915";s:3:"top";s:7:"#b5d52a";s:6:"bottom";s:7:"#7db323";s:4:"text";s:7:"#191a19";}}s:12:"pink_plastic";a:2:{s:5:"title";s:12:"Pink Plastic";s:6:"colors";a:5:{s:4:"base";s:7:"#12020b";s:4:"link";s:7:"#1b1a13";s:3:"top";s:7:"#f391c6";s:6:"bottom";s:7:"#f41063";s:4:"text";s:7:"#898080";}}s:12:"shiny_tomato";a:2:{s:5:"title";s:12:"Shiny Tomato";s:6:"colors";a:5:{s:4:"base";s:7:"#b7a0ba";s:4:"link";s:7:"#c70000";s:3:"top";s:7:"#a1443a";s:6:"bottom";s:7:"#f21107";s:4:"text";s:7:"#515d52";}}s:8:"teal_top";a:2:{s:5:"title";s:8:"Teal Top";s:6:"colors";a:5:{s:4:"base";s:7:"#18583d";s:4:"link";s:7:"#1b5f42";s:3:"top";s:7:"#34775a";s:6:"bottom";s:7:"#52bf90";s:4:"text";s:7:"#2d2d2d";}}s:0:"";a:2:{s:5:"title";s:6:"Custom";s:6:"colors";a:0:{}}}s:4:"copy";a:4:{i:0;s:25:"images/menu-collapsed.gif";i:1;s:29:"images/menu-collapsed-rtl.gif";i:2;s:24:"images/menu-expanded.gif";i:3;s:20:"images/menu-leaf.gif";}s:3:"css";a:1:{i:0;s:9:"style.css";}s:9:"gradients";a:1:{i:0;a:3:{s:9:"dimension";a:4:{i:0;i:0;i:1;i:38;i:2;i:760;i:3;i:121;}s:9:"direction";s:8:"vertical";s:6:"colors";a:2:{i:0;s:3:"top";i:1;s:6:"bottom";}}}s:4:"fill";a:2:{s:4:"base";a:4:{i:0;i:0;i:1;i:0;i:2;i:760;i:3;i:568;}s:4:"link";a:4:{i:0;i:107;i:1;i:533;i:2;i:41;i:3;i:23;}}s:6:"slices";a:13:{s:15:"images/body.png";a:4:{i:0;i:0;i:1;i:37;i:2;i:1;i:3;i:280;}s:17:"images/bg-bar.png";a:4:{i:0;i:202;i:1;i:530;i:2;i:76;i:3;i:14;}s:23:"images/bg-bar-white.png";a:4:{i:0;i:202;i:1;i:506;i:2;i:76;i:3;i:14;}s:17:"images/bg-tab.png";a:4:{i:0;i:107;i:1;i:533;i:2;i:41;i:3;i:23;}s:24:"images/bg-navigation.png";a:4:{i:0;i:0;i:1;i:0;i:2;i:7;i:3;i:37;}s:26:"images/bg-content-left.png";a:4:{i:0;i:40;i:1;i:117;i:2;i:50;i:3;i:352;}s:27:"images/bg-content-right.png";a:4:{i:0;i:510;i:1;i:117;i:2;i:50;i:3;i:352;}s:21:"images/bg-content.png";a:4:{i:0;i:299;i:1;i:117;i:2;i:7;i:3;i:200;}s:29:"images/bg-navigation-item.png";a:4:{i:0;i:32;i:1;i:37;i:2;i:17;i:3;i:12;}s:35:"images/bg-navigation-item-hover.png";a:4:{i:0;i:54;i:1;i:37;i:2;i:17;i:3;i:12;}s:25:"images/gradient-inner.png";a:4:{i:0;i:646;i:1;i:307;i:2;i:112;i:3;i:42;}s:8:"logo.png";a:4:{i:0;i:622;i:1;i:51;i:2;i:64;i:3;i:73;}s:14:"screenshot.png";a:4:{i:0;i:0;i:1;i:37;i:2;i:400;i:3;i:240;}}s:12:"blend_target";s:7:"#ffffff";s:13:"preview_image";s:17:"color/preview.png";s:11:"preview_css";s:17:"color/preview.css";s:10:"base_image";s:14:"color/base.png";}}'),
('color_garland_palette', 'a:5:{s:4:"base";s:7:"#0072b9";s:4:"link";s:7:"#027ac6";s:3:"top";s:7:"#00033c";s:6:"bottom";s:7:"#0029d5";s:4:"text";s:7:"#494949";}'),
('color_garland_logo', 's:40:"public://color/garland-92b46680/logo.png";'),
('color_garland_screenshot', 's:83:"/home/bertsc6/public_html/sites/default/files/color/garland-92b46680/screenshot.png";'),
('color_garland_stylesheets', 'a:2:{i:0;s:41:"public://color/garland-92b46680/style.css";i:1;s:45:"public://color/garland-92b46680/style-rtl.css";}'),
('color_garland_files', 'a:19:{i:0;s:50:"public://color/garland-92b46680/menu-collapsed.gif";i:1;s:54:"public://color/garland-92b46680/menu-collapsed-rtl.gif";i:2;s:49:"public://color/garland-92b46680/menu-expanded.gif";i:3;s:45:"public://color/garland-92b46680/menu-leaf.gif";i:4;s:77:"/home/bertsc6/public_html/sites/default/files/color/garland-92b46680/body.png";i:5;s:79:"/home/bertsc6/public_html/sites/default/files/color/garland-92b46680/bg-bar.png";i:6;s:85:"/home/bertsc6/public_html/sites/default/files/color/garland-92b46680/bg-bar-white.png";i:7;s:79:"/home/bertsc6/public_html/sites/default/files/color/garland-92b46680/bg-tab.png";i:8;s:86:"/home/bertsc6/public_html/sites/default/files/color/garland-92b46680/bg-navigation.png";i:9;s:88:"/home/bertsc6/public_html/sites/default/files/color/garland-92b46680/bg-content-left.png";i:10;s:89:"/home/bertsc6/public_html/sites/default/files/color/garland-92b46680/bg-content-right.png";i:11;s:83:"/home/bertsc6/public_html/sites/default/files/color/garland-92b46680/bg-content.png";i:12;s:91:"/home/bertsc6/public_html/sites/default/files/color/garland-92b46680/bg-navigation-item.png";i:13;s:97:"/home/bertsc6/public_html/sites/default/files/color/garland-92b46680/bg-navigation-item-hover.png";i:14;s:87:"/home/bertsc6/public_html/sites/default/files/color/garland-92b46680/gradient-inner.png";i:15;s:77:"/home/bertsc6/public_html/sites/default/files/color/garland-92b46680/logo.png";i:16;s:83:"/home/bertsc6/public_html/sites/default/files/color/garland-92b46680/screenshot.png";i:17;s:41:"public://color/garland-92b46680/style.css";i:18;s:45:"public://color/garland-92b46680/style-rtl.css";}'),
('node_options_forum', 'a:1:{i:0;s:6:"status";}'),
('theme_stark_settings', 'a:15:{s:11:"toggle_logo";i:1;s:11:"toggle_name";i:0;s:13:"toggle_slogan";i:1;s:24:"toggle_node_user_picture";i:1;s:27:"toggle_comment_user_picture";i:1;s:32:"toggle_comment_user_verification";i:1;s:14:"toggle_favicon";i:1;s:16:"toggle_main_menu";i:1;s:21:"toggle_secondary_menu";i:1;s:12:"default_logo";i:0;s:9:"logo_path";s:42:"public://DSC_9965_20101016_09863_mod_j.png";s:11:"logo_upload";s:0:"";s:15:"default_favicon";i:1;s:12:"favicon_path";s:0:"";s:14:"favicon_upload";s:0:"";}'),
('forum_nav_vocabulary', 's:1:"2";');

-- --------------------------------------------------------

--
-- Table structure for table`watchdog`
--

CREATE TABLE `watchdog` (
  `wid` int(11) NOT NULL AUTO_INCREMENT COMMENT 'Primary Key: Unique watchdog event ID.',
  `uid` int(11) NOT NULL DEFAULT '0' COMMENT 'The users.uid of the user who triggered the event.',
  `type` varchar(64) NOT NULL DEFAULT '' COMMENT 'Type of log message, for example "user" or "page not found."',
  `message` longtext NOT NULL COMMENT 'Text of log message to be passed into the t() function.',
  `variables` longblob NOT NULL COMMENT 'Serialized array of variables that match the message string and that is passed into the t() function.',
  `severity` tinyint(3) unsigned NOT NULL DEFAULT '0' COMMENT 'The severity level of the event; ranges from 0 (Emergency) to 7 (Debug)',
  `link` varchar(255) DEFAULT '' COMMENT 'Link to view the result of the event.',
  `location` text NOT NULL COMMENT 'URL of the origin of the event.',
  `referer` text COMMENT 'URL of referring page.',
  `hostname` varchar(128) NOT NULL DEFAULT '' COMMENT 'Hostname of the user who triggered the event.',
  `timestamp` int(11) NOT NULL DEFAULT '0' COMMENT 'Unix timestamp of when event occurred.',
  PRIMARY KEY (`wid`),
  KEY `type` (`type`),
  KEY `uid` (`uid`)
) ENGINE=MyISAM  DEFAULT CHARSET=latin1 AUTO_INCREMENT=6277 ;




INSERT INTO `watchdog` VALUES
(5288, 0, 'php', '%type: !message in %function (line %line of %file).', 'a:6:{s:5:"%type";s:7:"Warning";s:8:"!message";s:165:"unlink(/tmp/update-extraction-eda84aec/ctools/plugins/content_types/page/page_secondary_links.inc) [<a href=''function.unlink''>function.unlink</a>]: Permission denied";s:9:"%function";s:15:"drupal_unlink()";s:5:"%file";s:43:"/home/bertsc6/public_html/includes/file.inc";s:5:"%line";i:2137;s:14:"severity_level";i:4;}', 4, '', 'http://bertsconcepts.com/?q=blog/3', '', '95.108.151.244', 1339149077),
(5289, 0, 'php', '%type: !message in %function (line %line of %file).', 'a:6:{s:5:"%type";s:7:"Warning";s:8:"!message";s:158:"unlink(/tmp/update-extraction-eda84aec/ctools/plugins/content_types/page/page_messages.inc) [<a href=''function.unlink''>function.unlink</a>]: Permission denied";s:9:"%function";s:15:"drupal_unlink()";s:5:"%file";s:43:"/home/bertsc6/public_html/includes/file.inc";s:5:"%line";i:2137;s:14:"severity_level";i:4;}', 4, '', 'http://bertsconcepts.com/?q=blog/3', '', '95.108.151.244', 1339149077),
(5290, 0, 'php', '%type: !message in %function (line %line of %file).', 'a:6:{s:5:"%type";s:7:"Warning";s:8:"!message";s:159:"unlink(/tmp/update-extraction-eda84aec/ctools/plugins/content_types/page/page_site_name.inc) [<a href=''function.unlink''>function.unlink</a>]: Permission denied";s:9:"%function";s:15:"drupal_unlink()";s:5:"%file";s:43:"/home/bertsc6/public_html/includes/file.inc";s:5:"%line";i:2137;s:14:"severity_level";i:4;}', 4, '', 'http://bertsconcepts.com/?q=blog/3', '', '95.108.151.244', 1339149077),
(5291, 0, 'php', '%type: !message in %function (line %line of %file).', 'a:6:{s:5:"%type";s:7:"Warning";s:8:"!message";s:154:"unlink(/tmp/update-extraction-eda84aec/ctools/plugins/content_types/page/page_help.inc) [<a href=''function.unlink''>function.unlink</a>]: Permission denied";s:9:"%function";s:15:"drupal_unlink()";s:5:"%file";s:43:"/home/bertsc6/public_html/includes/file.inc";s:5:"%line";i:2137;s:14:"severity_level";i:4;}', 4, '', 'http://bertsconcepts.com/?q=blog/3', '', '95.108.151.244', 1339149077),
(5292, 0, 'php', '%type: !message in %function (line %line of %file).', 'a:6:{s:5:"%type";s:7:"Warning";s:8:"!message";s:154:"unlink(/tmp/update-extraction-eda84aec/ctools/plugins/content_types/page/page_logo.inc) [<a href=''function.unlink''>function.unlink</a>]: Permission denied";s:9:"%function";s:15:"drupal_unlink()";s:5:"%file";s:43:"/home/bertsc6/public_html/includes/file.inc";s:5:"%line";i:2137;s:14:"severity_level";i:4;}', 4, '', 'http://bertsconcepts.com/?q=blog/3', '', '95.108.151.244', 1339149077),
(5293, 0, 'php', '%type: !message in %function (line %line of %file).', 'a:6:{s:5:"%type";s:7:"Warning";s:8:"!message";s:160:"unlink(/tmp/update-extraction-eda84aec/ctools/plugins/content_types/page/page_breadcrumb.inc) [<a href=''function.unlink''>function.unlink</a>]: Permission denied";s:9:"%function";s:15:"drupal_unlink()";s:5:"%file";s:43:"/home/bertsc6/public_html/includes/file.inc";s:5:"%line";i:2137;s:14:"severity_level";i:4;}', 4, '', 'http://bertsconcepts.com/?q=blog/3', '', '95.108.151.244', 1339149077),
(5294, 0, 'php', '%type: !message in %function (line %line of %file).', 'a:6:{s:5:"%type";s:7:"Warning";s:8:"!message";s:157:"unlink(/tmp/update-extraction-eda84aec/ctools/plugins/content_types/page/page_actions.inc) [<a href=''function.unlink''>function.unlink</a>]: Permission denied";s:9:"%function";s:15:"drupal_unlink()";s:5:"%file";s:43:"/home/bertsc6/public_html/includes/file.inc";s:5:"%line";i:2137;s:14:"severity_level";i:4;}', 4, '', 'http://bertsconcepts.com/?q=blog/3', '', '95.108.151.244', 1339149077),
(5295, 0, 'php', '%type: !message in %function (line %line of %file).', 'a:6:{s:5:"%type";s:7:"Warning";s:8:"!message";s:160:"unlink(/tmp/update-extraction-eda84aec/ctools/plugins/content_types/page/page_feed_icons.inc) [<a href=''function.unlink''>function.unlink</a>]: Permission denied";s:9:"%function";s:15:"drupal_unlink()";s:5:"%file";s:43:"/home/bertsc6/public_html/includes/file.inc";s:5:"%line";i:2137;s:14:"severity_level";i:4;}', 4, '', 'http://bertsconcepts.com/?q=blog/3', '', '95.108.151.244', 1339149077),
(5296, 0, 'php', '%type: !message in %function (line %line of %file).', 'a:6:{s:5:"%type";s:7:"Warning";s:8:"!message";s:154:"unlink(/tmp/update-extraction-eda84aec/ctools/plugins/content_types/page/page_tabs.inc) [<a href=''function.unlink''>function.unlink</a>]: Permission denied";s:9:"%function";s:15:"drupal_unlink()";s:5:"%file";s:43:"/home/bertsc6/public_html/includes/file.inc";s:5:"%line";i:2137;s:14:"severity_level";i:4;}', 4, '', 'http://bertsconcepts.com/?q=blog/3', '', '95.108.151.244', 1339149077),
(5297, 0, 'php', '%type: !message in %function (line %line of %file).', 'a:6:{s:5:"%type";s:7:"Warning";s:8:"!message";s:163:"unlink(/tmp/update-extraction-eda84aec/ctools/plugins/content_types/page/page_primary_links.inc) [<a href=''function.unlink''>function.unlink</a>]: Permission denied";s:9:"%function";s:15:"drupal_unlink()";s:5:"%file";s:43:"/home/bertsc6/public_html/includes/file.inc";s:5:"%line";i:2137;s:14:"severity_level";i:4;}', 4, '', 'http://bertsconcepts.com/?q=blog/3', '', '95.108.151.244', 1339149077),
(5298, 0, 'php', '%type: !message in %function (line %line of %file).', 'a:6:{s:5:"%type";s:7:"Warning";s:8:"!message";s:155:"unlink(/tmp/update-extraction-eda84aec/ctools/plugins/content_types/page/page_title.inc) [<a href=''function.unlink''>function.unlink</a>]: Permission denied";s:9:"%function";s:15:"drupal_unlink()";s:5:"%file";s:43:"/home/bertsc6/public_html/includes/file.inc";s:5:"%line";i:2137;s:14:"severity_level";i:4;}', 4, '', 'http://bertsconcepts.com/?q=blog/3', '', '95.108.151.244', 1339149077),
(5299, 0, 'php', '%type: !message in %function (line %line of %file).', 'a:6:{s:5:"%type";s:7:"Warning";s:8:"!message";s:156:"unlink(/tmp/update-extraction-eda84aec/ctools/plugins/content_types/page/page_slogan.inc) [<a href=''function.unlink''>function.unlink</a>]: Permission denied";s:9:"%function";s:15:"drupal_unlink()";s:5:"%file";s:43:"/home/bertsc6/public_html/includes/file.inc";s:5:"%line";i:2137;s:14:"severity_level";i:4;}', 4, '', 'http://bertsconcepts.com/?q=blog/3', '', '95.108.151.244', 1339149077),
(5300, 0, 'php', '%type: !message in %function (line %line of %file).', 'a:6:{s:5:"%type";s:7:"Warning";s:8:"!message";s:137:"rmdir(/tmp/update-extraction-eda84aec/ctools/plugins/content_types/page) [<a href=''function.rmdir''>function.rmdir</a>]: Permission denied";s:9:"%function";s:14:"drupal_rmdir()";s:5:"%file";s:43:"/home/bertsc6/public_html/includes/file.inc";s:5:"%line";i:2275;s:14:"severity_level";i:4;}', 4, '', 'http://bertsconcepts.com/?q=blog/3', '', '95.108.151.244', 1339149077),
(5301, 0, 'php', '%type: !message in %function (line %line of %file).', 'a:6:{s:5:"%type";s:7:"Warning";s:8:"!message";s:174:"unlink(/tmp/update-extraction-eda84aec/ctools/plugins/content_types/vocabulary_context/icon_vocabulary.png) [<a href=''function.unlink''>function.unlink</a>]: Permission denied";s:9:"%function";s:15:"drupal_unlink()";s:5:"%file";s:43:"/home/bertsc6/public_html/includes/file.inc";s:5:"%line";i:2137;s:14:"severity_level";i:4;}', 4, '', 'http://bertsconcepts.com/?q=blog/3', '', '95.108.151.244', 1339149077),
(5302, 0, 'php', '%type: !message in %function (line %line of %file).', 'a:6:{s:5:"%type";s:7:"Warning";s:8:"!message";s:175:"unlink(/tmp/update-extraction-eda84aec/ctools/plugins/content_types/vocabulary_context/vocabulary_terms.inc) [<a href=''function.unlink''>function.unlink</a>]: Permission denied";s:9:"%function";s:15:"drupal_unlink()";s:5:"%file";s:43:"/home/bertsc6/public_html/includes/file.inc";s:5:"%line";i:2137;s:14:"severity_level";i:4;}', 4, '', 'http://bertsconcepts.com/?q=blog/3', '', '95.108.151.244', 1339149077),
(5303, 0, 'php', '%type: !message in %function (line %line of %file).', 'a:6:{s:5:"%type";s:7:"Warning";s:8:"!message";s:151:"rmdir(/tmp/update-extraction-eda84aec/ctools/plugins/content_types/vocabulary_context) [<a href=''function.rmdir''>function.rmdir</a>]: Permission denied";s:9:"%function";s:14:"drupal_rmdir()";s:5:"%file";s:43:"/home/bertsc6/public_html/includes/file.inc";s:5:"%line";i:2275;s:14:"severity_level";i:4;}', 4, '', 'http://bertsconcepts.com/?q=blog/3', '', '95.108.151.244', 1339149077),
(5304, 0, 'php', '%type: !message in %function (line %line of %file).', 'a:6:{s:5:"%type";s:7:"Warning";s:8:"!message";s:169:"unlink(/tmp/update-extraction-eda84aec/ctools/plugins/content_types/term_context/term_description.inc) [<a href=''function.unlink''>function.unlink</a>]: Permission denied";s:9:"%function";s:15:"drupal_unlink()";s:5:"%file";s:43:"/home/bertsc6/public_html/includes/file.inc";s:5:"%line";i:2137;s:14:"severity_level";i:4;}', 4, '', 'http://bertsconcepts.com/?q=blog/3', '', '95.108.151.244', 1339149077),
(5305, 0, 'php', '%type: !message in %function (line %line of %file).', 'a:6:{s:5:"%type";s:7:"Warning";s:8:"!message";s:162:"unlink(/tmp/update-extraction-eda84aec/ctools/plugins/content_types/term_context/icon_term.png) [<a href=''function.unlink''>function.unlink</a>]: Permission denied";s:9:"%function";s:15:"drupal_unlink()";s:5:"%file";s:43:"/home/bertsc6/public_html/includes/file.inc";s:5:"%line";i:2137;s:14:"severity_level";i:4;}', 4, '', 'http://bertsconcepts.com/?q=blog/3', '', '95.108.151.244', 1339149077),
(5306, 0, 'php', '%type: !message in %function (line %line of %file).', 'a:6:{s:5:"%type";s:7:"Warning";s:8:"!message";s:162:"unlink(/tmp/update-extraction-eda84aec/ctools/plugins/content_types/term_context/term_list.inc) [<a href=''function.unlink''>function.unlink</a>]: Permission denied";s:9:"%function";s:15:"drupal_unlink()";s:5:"%file";s:43:"/home/bertsc6/public_html/includes/file.inc";s:5:"%line";i:2137;s:14:"severity_level";i:4;}', 4, '', 'http://bertsconcepts.com/?q=blog/3', '', '95.108.151.244', 1339149077),
(5307, 0, 'php', '%type: !message in %function (line %line of %file).', 'a:6:{s:5:"%type";s:7:"Warning";s:8:"!message";s:145:"rmdir(/tmp/update-extraction-eda84aec/ctools/plugins/content_types/term_context) [<a href=''function.rmdir''>function.rmdir</a>]: Permission denied";s:9:"%function";s:14:"drupal_rmdir()";s:5:"%file";s:43:"/home/bertsc6/public_html/includes/file.inc";s:5:"%line";i:2275;s:14:"severity_level";i:4;}', 4, '', 'http://bertsconcepts.com/?q=blog/3', '', '95.108.151.244', 1339149077),
(5308, 0, 'php', '%type: !message in %function (line %line of %file).', 'a:6:{s:5:"%type";s:7:"Warning";s:8:"!message";s:160:"unlink(/tmp/update-extraction-eda84aec/ctools/plugins/content_types/search/search_result.inc) [<a href=''function.unlink''>function.unlink</a>]: Permission denied";s:9:"%function";s:15:"drupal_unlink()";s:5:"%file";s:43:"/home/bertsc6/public_html/includes/file.inc";s:5:"%line";i:2137;s:14:"severity_level";i:4;}', 4, '', 'http://bertsconcepts.com/?q=blog/3', '', '95.108.151.244', 1339149077),
(5309, 0, 'php', '%type: !message in %function (line %line of %file).', 'a:6:{s:5:"%type";s:7:"Warning";s:8:"!message";s:158:"unlink(/tmp/update-extraction-eda84aec/ctools/plugins/content_types/search/icon_search.png) [<a href=''function.unlink''>function.unlink</a>]: Permission denied";s:9:"%function";s:15:"drupal_unlink()";s:5:"%file";s:43:"/home/bertsc6/public_html/includes/file.inc";s:5:"%line";i:2137;s:14:"severity_level";i:4;}', 4, '', 'http://bertsconcepts.com/?q=blog/3', '', '95.108.151.244', 1339149077),
(5310, 0, 'php', '%type: !message in %function (line %line of %file).', 'a:6:{s:5:"%type";s:7:"Warning";s:8:"!message";s:158:"unlink(/tmp/update-extraction-eda84aec/ctools/plugins/content_types/search/search_form.inc) [<a href=''function.unlink''>function.unlink</a>]: Permission denied";s:9:"%function";s:15:"drupal_unlink()";s:5:"%file";s:43:"/home/bertsc6/public_html/includes/file.inc";s:5:"%line";i:2137;s:14:"severity_level";i:4;}', 4, '', 'http://bertsconcepts.com/?q=blog/3', '', '95.108.151.244', 1339149077),
(5311, 0, 'php', '%type: !message in %function (line %line of %file).', 'a:6:{s:5:"%type";s:7:"Warning";s:8:"!message";s:139:"rmdir(/tmp/update-extraction-eda84aec/ctools/plugins/content_types/search) [<a href=''function.rmdir''>function.rmdir</a>]: Permission denied";s:9:"%function";s:14:"drupal_rmdir()";s:5:"%file";s:43:"/home/bertsc6/public_html/includes/file.inc";s:5:"%line";i:2275;s:14:"severity_level";i:4;}', 4, '', 'http://bertsconcepts.com/?q=blog/3', '', '95.108.151.244', 1339149077),
(5312, 0, 'php', '%type: !message in %function (line %line of %file).', 'a:6:{s:5:"%type";s:7:"Warning";s:8:"!message";s:151:"unlink(/tmp/update-extraction-eda84aec/ctools/plugins/content_types/token/token.inc) [<a href=''function.unlink''>function.unlink</a>]: Permission denied";s:9:"%function";s:15:"drupal_unlink()";s:5:"%file";s:43:"/home/bertsc6/public_html/includes/file.inc";s:5:"%line";i:2137;s:14:"severity_level";i:4;}', 4, '', 'http://bertsconcepts.com/?q=blog/3', '', '95.108.151.244', 1339149077),
(5313, 0, 'php', '%type: !message in %function (line %line of %file).', 'a:6:{s:5:"%type";s:7:"Warning";s:8:"!message";s:156:"unlink(/tmp/update-extraction-eda84aec/ctools/plugins/content_types/token/icon_token.png) [<a href=''function.unlink''>function.unlink</a>]: Permission denied";s:9:"%function";s:15:"drupal_unlink()";s:5:"%file";s:43:"/home/bertsc6/public_html/includes/file.inc";s:5:"%line";i:2137;s:14:"severity_level";i:4;}', 4, '', 'http://bertsconcepts.com/?q=blog/3', '', '95.108.151.244', 1339149077),
(5314, 0, 'php', '%type: !message in %function (line %line of %file).', 'a:6:{s:5:"%type";s:7:"Warning";s:8:"!message";s:138:"rmdir(/tmp/update-extraction-eda84aec/ctools/plugins/content_types/token) [<a href=''function.rmdir''>function.rmdir</a>]: Permission denied";s:9:"%function";s:14:"drupal_rmdir()";s:5:"%file";s:43:"/home/bertsc6/public_html/includes/file.inc";s:5:"%line";i:2275;s:14:"severity_level";i:4;}', 4, '', 'http://bertsconcepts.com/?q=blog/3', '', '95.108.151.244', 1339149077),
(5315, 0, 'php', '%type: !message in %function (line %line of %file).', 'a:6:{s:5:"%type";s:7:"Warning";s:8:"!message";s:164:"unlink(/tmp/update-extraction-eda84aec/ctools/plugins/content_types/custom/icon_block_custom.png) [<a href=''function.unlink''>function.unlink</a>]: Permission denied";s:9:"%function";s:15:"drupal_unlink()";s:5:"%file";s:43:"/home/bertsc6/public_html/includes/file.inc";s:5:"%line";i:2137;s:14:"severity_level";i:4;}', 4, '', 'http://bertsconcepts.com/?q=blog/3', '', '95.108.151.244', 1339149077),
(5316, 0, 'php', '%type: !message in %function (line %line of %file).', 'a:6:{s:5:"%type";s:7:"Warning";s:8:"!message";s:153:"unlink(/tmp/update-extraction-eda84aec/ctools/plugins/content_types/custom/custom.inc) [<a href=''function.unlink''>function.unlink</a>]: Permission denied";s:9:"%function";s:15:"drupal_unlink()";s:5:"%file";s:43:"/home/bertsc6/public_html/includes/file.inc";s:5:"%line";i:2137;s:14:"severity_level";i:4;}', 4, '', 'http://bertsconcepts.com/?q=blog/3', '', '95.108.151.244', 1339149077),
(5317, 0, 'php', '%type: !message in %function (line %line of %file).', 'a:6:{s:5:"%type";s:7:"Warning";s:8:"!message";s:139:"rmdir(/tmp/update-extraction-eda84aec/ctools/plugins/content_types/custom) [<a href=''function.rmdir''>function.rmdir</a>]: Permission denied";s:9:"%function";s:14:"drupal_rmdir()";s:5:"%file";s:43:"/home/bertsc6/public_html/includes/file.inc";s:5:"%line";i:2275;s:14:"severity_level";i:4;}', 4, '', 'http://bertsconcepts.com/?q=blog/3', '', '95.108.151.244', 1339149077),
(5318, 0, 'php', '%type: !message in %function (line %line of %file).', 'a:6:{s:5:"%type";s:7:"Warning";s:8:"!message";s:154:"unlink(/tmp/update-extraction-eda84aec/ctools/plugins/content_types/form/icon_form.png) [<a href=''function.unlink''>function.unlink</a>]: Permission denied";s:9:"%function";s:15:"drupal_unlink()";s:5:"%file";s:43:"/home/bertsc6/public_html/includes/file.inc";s:5:"%line";i:2137;s:14:"severity_level";i:4;}', 4, '', 'http://bertsconcepts.com/?q=blog/3', '', '95.108.151.244', 1339149077),
(5319, 0, 'php', '%type: !message in %function (line %line of %file).', 'a:6:{s:5:"%type";s:7:"Warning";s:8:"!message";s:162:"unlink(/tmp/update-extraction-eda84aec/ctools/plugins/content_types/form/entity_form_field.inc) [<a href=''function.unlink''>function.unlink</a>]: Permission denied";s:9:"%function";s:15:"drupal_unlink()";s:5:"%file";s:43:"/home/bertsc6/public_html/includes/file.inc";s:5:"%line";i:2137;s:14:"severity_level";i:4;}', 4, '', 'http://bertsconcepts.com/?q=blog/3', '', '95.108.151.244', 1339149077),
(5320, 0, 'php', '%type: !message in %function (line %line of %file).', 'a:6:{s:5:"%type";s:7:"Warning";s:8:"!message";s:149:"unlink(/tmp/update-extraction-eda84aec/ctools/plugins/content_types/form/form.inc) [<a href=''function.unlink''>function.unlink</a>]: Permission denied";s:9:"%function";s:15:"drupal_unlink()";s:5:"%file";s:43:"/home/bertsc6/public_html/includes/file.inc";s:5:"%line";i:2137;s:14:"severity_level";i:4;}', 4, '', 'http://bertsconcepts.com/?q=blog/3', '', '95.108.151.244', 1339149077),
(5321, 0, 'php', '%type: !message in %function (line %line of %file).', 'a:6:{s:5:"%type";s:7:"Warning";s:8:"!message";s:137:"rmdir(/tmp/update-extraction-eda84aec/ctools/plugins/content_types/form) [<a href=''function.rmdir''>function.rmdir</a>]: Permission denied";s:9:"%function";s:14:"drupal_rmdir()";s:5:"%file";s:43:"/home/bertsc6/public_html/includes/file.inc";s:5:"%line";i:2275;s:14:"severity_level";i:4;}', 4, '', 'http://bertsconcepts.com/?q=blog/3', '', '95.108.151.244', 1339149077),
(5322, 0, 'php', '%type: !message in %function (line %line of %file).', 'a:6:{s:5:"%type";s:7:"Warning";s:8:"!message";s:163:"unlink(/tmp/update-extraction-eda84aec/ctools/plugins/content_types/block/icon_contrib_menu.png) [<a href=''function.unlink''>function.unlink</a>]: Permission denied";s:9:"%function";s:15:"drupal_unlink()";s:5:"%file";s:43:"/home/bertsc6/public_html/includes/file.inc";s:5:"%line";i:2137;s:14:"severity_level";i:4;}', 4, '', 'http://bertsconcepts.com/?q=blog/3', '', '95.108.151.244', 1339149077),
(5323, 0, 'php', '%type: !message in %function (line %line of %file).', 'a:6:{s:5:"%type";s:7:"Warning";s:8:"!message";s:165:"unlink(/tmp/update-extraction-eda84aec/ctools/plugins/content_types/block/icon_core_userlogin.png) [<a href=''function.unlink''>function.unlink</a>]: Permission denied";s:9:"%function";s:15:"drupal_unlink()";s:5:"%file";s:43:"/home/bertsc6/public_html/includes/file.inc";s:5:"%line";i:2137;s:14:"severity_level";i:4;}', 4, '', 'http://bertsconcepts.com/?q=blog/3', '', '95.108.151.244', 1339149077),
(5324, 0, 'php', '%type: !message in %function (line %line of %file).', 'a:6:{s:5:"%type";s:7:"Warning";s:8:"!message";s:151:"unlink(/tmp/update-extraction-eda84aec/ctools/plugins/content_types/block/block.inc) [<a href=''function.unlink''>function.unlink</a>]: Permission denied";s:9:"%function";s:15:"drupal_unlink()";s:5:"%file";s:43:"/home/bertsc6/public_html/includes/file.inc";s:5:"%line";i:2137;s:14:"severity_level";i:4;}', 4, '', 'http://bertsconcepts.com/?q=blog/3', '', '95.108.151.244', 1339149077),
(5325, 0, 'php', '%type: !message in %function (line %line of %file).', 'a:6:{s:5:"%type";s:7:"Warning";s:8:"!message";s:172:"unlink(/tmp/update-extraction-eda84aec/ctools/plugins/content_types/block/icon_core_languageswitcher.png) [<a href=''function.unlink''>function.unlink</a>]: Permission denied";s:9:"%function";s:15:"drupal_unlink()";s:5:"%file";s:43:"/home/bertsc6/public_html/includes/file.inc";s:5:"%line";i:2137;s:14:"severity_level";i:4;}', 4, '', 'http://bertsconcepts.com/?q=blog/3', '', '95.108.151.244', 1339149077),
(5326, 0, 'php', '%type: !message in %function (line %line of %file).', 'a:6:{s:5:"%type";s:7:"Warning";s:8:"!message";s:163:"unlink(/tmp/update-extraction-eda84aec/ctools/plugins/content_types/block/icon_core_whosnew.png) [<a href=''function.unlink''>function.unlink</a>]: Permission denied";s:9:"%function";s:15:"drupal_unlink()";s:5:"%file";s:43:"/home/bertsc6/public_html/includes/file.inc";s:5:"%line";i:2137;s:14:"severity_level";i:4;}', 4, '', 'http://bertsconcepts.com/?q=blog/3', '', '95.108.151.244', 1339149077),
(5327, 0, 'php', '%type: !message in %function (line %line of %file).', 'a:6:{s:5:"%type";s:7:"Warning";s:8:"!message";s:160:"unlink(/tmp/update-extraction-eda84aec/ctools/plugins/content_types/block/icon_core_page.png) [<a href=''function.unlink''>function.unlink</a>]: Permission denied";s:9:"%function";s:15:"drupal_unlink()";s:5:"%file";s:43:"/home/bertsc6/public_html/includes/file.inc";s:5:"%line";i:2137;s:14:"severity_level";i:4;}', 4, '', 'http://bertsconcepts.com/?q=blog/3', '', '95.108.151.244', 1339149077),
(5328, 0, 'php', '%type: !message in %function (line %line of %file).', 'a:6:{s:5:"%type";s:7:"Warning";s:8:"!message";s:168:"unlink(/tmp/update-extraction-eda84aec/ctools/plugins/content_types/block/icon_core_primarylinks.png) [<a href=''function.unlink''>function.unlink</a>]: Permission denied";s:9:"%function";s:15:"drupal_unlink()";s:5:"%file";s:43:"/home/bertsc6/public_html/includes/file.inc";s:5:"%line";i:2137;s:14:"severity_level";i:4;}', 4, '', 'http://bertsconcepts.com/?q=blog/3', '', '95.108.151.244', 1339149077),
(5329, 0, 'php', '%type: !message in %function (line %line of %file).', 'a:6:{s:5:"%type";s:7:"Warning";s:8:"!message";s:166:"unlink(/tmp/update-extraction-eda84aec/ctools/plugins/content_types/block/icon_core_block_menu.png) [<a href=''function.unlink''>function.unlink</a>]: Permission denied";s:9:"%function";s:15:"drupal_unlink()";s:5:"%file";s:43:"/home/bertsc6/public_html/includes/file.inc";s:5:"%line";i:2137;s:14:"severity_level";i:4;}', 4, '', 'http://bertsconcepts.com/?q=blog/3', '', '95.108.151.244', 1339149077),
(5330, 0, 'php', '%type: !message in %function (line %line of %file).', 'a:6:{s:5:"%type";s:7:"Warning";s:8:"!message";s:170:"unlink(/tmp/update-extraction-eda84aec/ctools/plugins/content_types/block/icon_core_newforumtopics.png) [<a href=''function.unlink''>function.unlink</a>]: Permission denied";s:9:"%function";s:15:"drupal_unlink()";s:5:"%file";s:43:"/home/bertsc6/public_html/includes/file.inc";s:5:"%line";i:2137;s:14:"severity_level";i:4;}', 4, '', 'http://bertsconcepts.com/?q=blog/3', '', '95.108.151.244', 1339149077),
(5331, 0, 'php', '%type: !message in %function (line %line of %file).', 'a:6:{s:5:"%type";s:7:"Warning";s:8:"!message";s:166:"unlink(/tmp/update-extraction-eda84aec/ctools/plugins/content_types/block/icon_core_navigation.png) [<a href=''function.unlink''>function.unlink</a>]: Permission denied";s:9:"%function";s:15:"drupal_unlink()";s:5:"%file";s:43:"/home/bertsc6/public_html/includes/file.inc";s:5:"%line";i:2137;s:14:"severity_level";i:4;}', 4, '', 'http://bertsconcepts.com/?q=blog/3', '', '95.108.151.244', 1339149077),
(5332, 0, 'php', '%type: !message in %function (line %line of %file).', 'a:6:{s:5:"%type";s:7:"Warning";s:8:"!message";s:164:"unlink(/tmp/update-extraction-eda84aec/ctools/plugins/content_types/block/icon_contrib_block.png) [<a href=''function.unlink''>function.unlink</a>]: Permission denied";s:9:"%function";s:15:"drupal_unlink()";s:5:"%file";s:43:"/home/bertsc6/public_html/includes/file.inc";s:5:"%line";i:2137;s:14:"severity_level";i:4;}', 4, '', 'http://bertsconcepts.com/?q=blog/3', '', '95.108.151.244', 1339149077),
(5333, 0, 'php', '%type: !message in %function (line %line of %file).', 'a:6:{s:5:"%type";s:7:"Warning";s:8:"!message";s:166:"unlink(/tmp/update-extraction-eda84aec/ctools/plugins/content_types/block/icon_core_recentpoll.png) [<a href=''function.unlink''>function.unlink</a>]: Permission denied";s:9:"%function";s:15:"drupal_unlink()";s:5:"%file";s:43:"/home/bertsc6/public_html/includes/file.inc";s:5:"%line";i:2137;s:14:"severity_level";i:4;}', 4, '', 'http://bertsconcepts.com/?q=blog/3', '', '95.108.151.244', 1339149077),
(5334, 0, 'php', '%type: !message in %function (line %line of %file).', 'a:6:{s:5:"%type";s:7:"Warning";s:8:"!message";s:161:"unlink(/tmp/update-extraction-eda84aec/ctools/plugins/content_types/block/icon_core_block.png) [<a href=''function.unlink''>function.unlink</a>]: Permission denied";s:9:"%function";s:15:"drupal_unlink()";s:5:"%file";s:43:"/home/bertsc6/public_html/includes/file.inc";s:5:"%line";i:2137;s:14:"severity_level";i:4;}', 4, '', 'http://bertsconcepts.com/?q=blog/3', '', '95.108.151.244', 1339149077),
(5335, 0, 'php', '%type: !message in %function (line %line of %file).', 'a:6:{s:5:"%type";s:7:"Warning";s:8:"!message";s:166:"unlink(/tmp/update-extraction-eda84aec/ctools/plugins/content_types/block/icon_core_whosonline.png) [<a href=''function.unlink''>function.unlink</a>]: Permission denied";s:9:"%function";s:15:"drupal_unlink()";s:5:"%file";s:43:"/home/bertsc6/public_html/includes/file.inc";s:5:"%line";i:2137;s:14:"severity_level";i:4;}', 4, '', 'http://bertsconcepts.com/?q=blog/3', '', '95.108.151.244', 1339149077),
(5336, 0, 'php', '%type: !message in %function (line %line of %file).', 'a:6:{s:5:"%type";s:7:"Warning";s:8:"!message";s:171:"unlink(/tmp/update-extraction-eda84aec/ctools/plugins/content_types/block/icon_core_recentblogposts.png) [<a href=''function.unlink''>function.unlink</a>]: Permission denied";s:9:"%function";s:15:"drupal_unlink()";s:5:"%file";s:43:"/home/bertsc6/public_html/includes/file.inc";s:5:"%line";i:2137;s:14:"severity_level";i:4;}', 4, '', 'http://bertsconcepts.com/?q=blog/3', '', '95.108.151.244', 1339149077),
(5337, 0, 'php', '%type: !message in %function (line %line of %file).', 'a:6:{s:5:"%type";s:7:"Warning";s:8:"!message";s:163:"unlink(/tmp/update-extraction-eda84aec/ctools/plugins/content_types/block/icon_contrib_page.png) [<a href=''function.unlink''>function.unlink</a>]: Permission denied";s:9:"%function";s:15:"drupal_unlink()";s:5:"%file";s:43:"/home/bertsc6/public_html/includes/file.inc";s:5:"%line";i:2137;s:14:"severity_level";i:4;}', 4, '', 'http://bertsconcepts.com/?q=blog/3', '', '95.108.151.244', 1339149077),
(5338, 0, 'php', '%type: !message in %function (line %line of %file).', 'a:6:{s:5:"%type";s:7:"Warning";s:8:"!message";s:166:"unlink(/tmp/update-extraction-eda84aec/ctools/plugins/content_types/block/icon_core_searchform.png) [<a href=''function.unlink''>function.unlink</a>]: Permission denied";s:9:"%function";s:15:"drupal_unlink()";s:5:"%file";s:43:"/home/bertsc6/public_html/includes/file.inc";s:5:"%line";i:2137;s:14:"severity_level";i:4;}', 4, '', 'http://bertsconcepts.com/?q=blog/3', '', '95.108.151.244', 1339149077),
(5339, 0, 'php', '%type: !message in %function (line %line of %file).', 'a:6:{s:5:"%type";s:7:"Warning";s:8:"!message";s:167:"unlink(/tmp/update-extraction-eda84aec/ctools/plugins/content_types/block/icon_core_block_empty.png) [<a href=''function.unlink''>function.unlink</a>]: Permission denied";s:9:"%function";s:15:"drupal_unlink()";s:5:"%file";s:43:"/home/bertsc6/public_html/includes/file.inc";s:5:"%line";i:2137;s:14:"severity_level";i:4;}', 4, '', 'http://bertsconcepts.com/?q=blog/3', '', '95.108.151.244', 1339149077),
(5340, 0, 'php', '%type: !message in %function (line %line of %file).', 'a:6:{s:5:"%type";s:7:"Warning";s:8:"!message";s:170:"unlink(/tmp/update-extraction-eda84aec/ctools/plugins/content_types/block/icon_contrib_block_empty.png) [<a href=''function.unlink''>function.unlink</a>]: Permission denied";s:9:"%function";s:15:"drupal_unlink()";s:5:"%file";s:43:"/home/bertsc6/public_html/includes/file.inc";s:5:"%line";i:2137;s:14:"severity_level";i:4;}', 4, '', 'http://bertsconcepts.com/?q=blog/3', '', '95.108.151.244', 1339149077),
(5341, 0, 'php', '%type: !message in %function (line %line of %file).', 'a:6:{s:5:"%type";s:7:"Warning";s:8:"!message";s:173:"unlink(/tmp/update-extraction-eda84aec/ctools/plugins/content_types/block/icon_core_authorinformation.png) [<a href=''function.unlink''>function.unlink</a>]: Permission denied";s:9:"%function";s:15:"drupal_unlink()";s:5:"%file";s:43:"/home/bertsc6/public_html/includes/file.inc";s:5:"%line";i:2137;s:14:"severity_level";i:4;}', 4, '', 'http://bertsconcepts.com/?q=blog/3', '', '95.108.151.244', 1339149077),
(5342, 0, 'php', '%type: !message in %function (line %line of %file).', 'a:6:{s:5:"%type";s:7:"Warning";s:8:"!message";s:170:"unlink(/tmp/update-extraction-eda84aec/ctools/plugins/content_types/block/icon_core_booknavigation.png) [<a href=''function.unlink''>function.unlink</a>]: Permission denied";s:9:"%function";s:15:"drupal_unlink()";s:5:"%file";s:43:"/home/bertsc6/public_html/includes/file.inc";s:5:"%line";i:2137;s:14:"severity_level";i:4;}', 4, '', 'http://bertsconcepts.com/?q=blog/3', '', '95.108.151.244', 1339149077),
(5343, 0, 'php', '%type: !message in %function (line %line of %file).', 'a:6:{s:5:"%type";s:7:"Warning";s:8:"!message";s:173:"unlink(/tmp/update-extraction-eda84aec/ctools/plugins/content_types/block/icon_core_activeforumtopics.png) [<a href=''function.unlink''>function.unlink</a>]: Permission denied";s:9:"%function";s:15:"drupal_unlink()";s:5:"%file";s:43:"/home/bertsc6/public_html/includes/file.inc";s:5:"%line";i:2137;s:14:"severity_level";i:4;}', 4, '', 'http://bertsconcepts.com/?q=blog/3', '', '95.108.151.244', 1339149077),
(5344, 0, 'php', '%type: !message in %function (line %line of %file).', 'a:6:{s:5:"%type";s:7:"Warning";s:8:"!message";s:170:"unlink(/tmp/update-extraction-eda84aec/ctools/plugins/content_types/block/icon_core_popularcontent.png) [<a href=''function.unlink''>function.unlink</a>]: Permission denied";s:9:"%function";s:15:"drupal_unlink()";s:5:"%file";s:43:"/home/bertsc6/public_html/includes/file.inc";s:5:"%line";i:2137;s:14:"severity_level";i:4;}', 4, '', 'http://bertsconcepts.com/?q=blog/3', '', '95.108.151.244', 1339149077),
(5345, 0, 'php', '%type: !message in %function (line %line of %file).', 'a:6:{s:5:"%type";s:7:"Warning";s:8:"!message";s:170:"unlink(/tmp/update-extraction-eda84aec/ctools/plugins/content_types/block/icon_core_recentcomments.png) [<a href=''function.unlink''>function.unlink</a>]: Permission denied";s:9:"%function";s:15:"drupal_unlink()";s:5:"%file";s:43:"/home/bertsc6/public_html/includes/file.inc";s:5:"%line";i:2137;s:14:"severity_level";i:4;}', 4, '', 'http://bertsconcepts.com/?q=blog/3', '', '95.108.151.244', 1339149077),
(5346, 0, 'php', '%type: !message in %function (line %line of %file).', 'a:6:{s:5:"%type";s:7:"Warning";s:8:"!message";s:165:"unlink(/tmp/update-extraction-eda84aec/ctools/plugins/content_types/block/icon_core_syndicate.png) [<a href=''function.unlink''>function.unlink</a>]: Permission denied";s:9:"%function";s:15:"drupal_unlink()";s:5:"%file";s:43:"/home/bertsc6/public_html/includes/file.inc";s:5:"%line";i:2137;s:14:"severity_level";i:4;}', 4, '', 'http://bertsconcepts.com/?q=blog/3', '', '95.108.151.244', 1339149077),
(5347, 0, 'php', '%type: !message in %function (line %line of %file).', 'a:6:{s:5:"%type";s:7:"Warning";s:8:"!message";s:138:"rmdir(/tmp/update-extraction-eda84aec/ctools/plugins/content_types/block) [<a href=''function.rmdir''>function.rmdir</a>]: Permission denied";s:9:"%function";s:14:"drupal_rmdir()";s:5:"%file";s:43:"/home/bertsc6/public_html/includes/file.inc";s:5:"%line";i:2275;s:14:"severity_level";i:4;}', 4, '', 'http://bertsconcepts.com/?q=blog/3', '', '95.108.151.244', 1339149077),
(5348, 0, 'php', '%type: !message in %function (line %line of %file).', 'a:6:{s:5:"%type";s:7:"Warning";s:8:"!message";s:164:"unlink(/tmp/update-extraction-eda84aec/ctools/plugins/content_types/node_form/node_form_menu.inc) [<a href=''function.unlink''>function.unlink</a>]: Permission denied";s:9:"%function";s:15:"drupal_unlink()";s:5:"%file";s:43:"/home/bertsc6/public_html/includes/file.inc";s:5:"%line";i:2137;s:14:"severity_level";i:4;}', 4, '', 'http://bertsconcepts.com/?q=blog/3', '', '95.108.151.244', 1339149077),
(5349, 0, 'php', '%type: !message in %function (line %line of %file).', 'a:6:{s:5:"%type";s:7:"Warning";s:8:"!message";s:164:"unlink(/tmp/update-extraction-eda84aec/ctools/plugins/content_types/node_form/node_form_path.inc) [<a href=''function.unlink''>function.unlink</a>]: Permission denied";s:9:"%function";s:15:"drupal_unlink()";s:5:"%file";s:43:"/home/bertsc6/public_html/includes/file.inc";s:5:"%line";i:2137;s:14:"severity_level";i:4;}', 4, '', 'http://bertsconcepts.com/?q=blog/3', '', '95.108.151.244', 1339149077),
(5350, 0, 'php', '%type: !message in %function (line %line of %file).', 'a:6:{s:5:"%type";s:7:"Warning";s:8:"!message";s:163:"unlink(/tmp/update-extraction-eda84aec/ctools/plugins/content_types/node_form/node_form_log.inc) [<a href=''function.unlink''>function.unlink</a>]: Permission denied";s:9:"%function";s:15:"drupal_unlink()";s:5:"%file";s:43:"/home/bertsc6/public_html/includes/file.inc";s:5:"%line";i:2137;s:14:"severity_level";i:4;}', 4, '', 'http://bertsconcepts.com/?q=blog/3', '', '95.108.151.244', 1339149077),
(5351, 0, 'php', '%type: !message in %function (line %line of %file).', 'a:6:{s:5:"%type";s:7:"Warning";s:8:"!message";s:165:"unlink(/tmp/update-extraction-eda84aec/ctools/plugins/content_types/node_form/node_form_title.inc) [<a href=''function.unlink''>function.unlink</a>]: Permission denied";s:9:"%function";s:15:"drupal_unlink()";s:5:"%file";s:43:"/home/bertsc6/public_html/includes/file.inc";s:5:"%line";i:2137;s:14:"severity_level";i:4;}', 4, '', 'http://bertsconcepts.com/?q=blog/3', '', '95.108.151.244', 1339149077),
(5352, 0, 'php', '%type: !message in %function (line %line of %file).', 'a:6:{s:5:"%type";s:7:"Warning";s:8:"!message";s:167:"unlink(/tmp/update-extraction-eda84aec/ctools/plugins/content_types/node_form/node_form_comment.inc) [<a href=''function.unlink''>function.unlink</a>]: Permission denied";s:9:"%function";s:15:"drupal_unlink()";s:5:"%file";s:43:"/home/bertsc6/public_html/includes/file.inc";s:5:"%line";i:2137;s:14:"severity_level";i:4;}', 4, '', 'http://bertsconcepts.com/?q=blog/3', '', '95.108.151.244', 1339149077),
(5353, 0, 'php', '%type: !message in %function (line %line of %file).', 'a:6:{s:5:"%type";s:7:"Warning";s:8:"!message";s:167:"unlink(/tmp/update-extraction-eda84aec/ctools/plugins/content_types/node_form/node_form_buttons.inc) [<a href=''function.unlink''>function.unlink</a>]: Permission denied";s:9:"%function";s:15:"drupal_unlink()";s:5:"%file";s:43:"/home/bertsc6/public_html/includes/file.inc";s:5:"%line";i:2137;s:14:"severity_level";i:4;}', 4, '', 'http://bertsconcepts.com/?q=blog/3', '', '95.108.151.244', 1339149077),
(5354, 0, 'php', '%type: !message in %function (line %line of %file).', 'a:6:{s:5:"%type";s:7:"Warning";s:8:"!message";s:171:"unlink(/tmp/update-extraction-eda84aec/ctools/plugins/content_types/node_form/node_form_attachments.inc) [<a href=''function.unlink''>function.unlink</a>]: Permission denied";s:9:"%function";s:15:"drupal_unlink()";s:5:"%file";s:43:"/home/bertsc6/public_html/includes/file.inc";s:5:"%line";i:2137;s:14:"severity_level";i:4;}', 4, '', 'http://bertsconcepts.com/?q=blog/3', '', '95.108.151.244', 1339149077),
(5355, 0, 'php', '%type: !message in %function (line %line of %file).', 'a:6:{s:5:"%type";s:7:"Warning";s:8:"!message";s:164:"unlink(/tmp/update-extraction-eda84aec/ctools/plugins/content_types/node_form/icon_node_form.png) [<a href=''function.unlink''>function.unlink</a>]: Permission denied";s:9:"%function";s:15:"drupal_unlink()";s:5:"%file";s:43:"/home/bertsc6/public_html/includes/file.inc";s:5:"%line";i:2137;s:14:"severity_level";i:4;}', 4, '', 'http://bertsconcepts.com/?q=blog/3', '', '95.108.151.244', 1339149077),
(5356, 0, 'php', '%type: !message in %function (line %line of %file).', 'a:6:{s:5:"%type";s:7:"Warning";s:8:"!message";s:170:"unlink(/tmp/update-extraction-eda84aec/ctools/plugins/content_types/node_form/node_form_publishing.inc) [<a href=''function.unlink''>function.unlink</a>]: Permission denied";s:9:"%function";s:15:"drupal_unlink()";s:5:"%file";s:43:"/home/bertsc6/public_html/includes/file.inc";s:5:"%line";i:2137;s:14:"severity_level";i:4;}', 4, '', 'http://bertsconcepts.com/?q=blog/3', '', '95.108.151.244', 1339149077),
(5357, 0, 'php', '%type: !message in %function (line %line of %file).', 'a:6:{s:5:"%type";s:7:"Warning";s:8:"!message";s:166:"unlink(/tmp/update-extraction-eda84aec/ctools/plugins/content_types/node_form/node_form_author.inc) [<a href=''function.unlink''>function.unlink</a>]: Permission denied";s:9:"%function";s:15:"drupal_unlink()";s:5:"%file";s:43:"/home/bertsc6/public_html/includes/file.inc";s:5:"%line";i:2137;s:14:"severity_level";i:4;}', 4, '', 'http://bertsconcepts.com/?q=blog/3', '', '95.108.151.244', 1339149077),
(5358, 0, 'php', '%type: !message in %function (line %line of %file).', 'a:6:{s:5:"%type";s:7:"Warning";s:8:"!message";s:164:"unlink(/tmp/update-extraction-eda84aec/ctools/plugins/content_types/node_form/node_form_book.inc) [<a href=''function.unlink''>function.unlink</a>]: Permission denied";s:9:"%function";s:15:"drupal_unlink()";s:5:"%file";s:43:"/home/bertsc6/public_html/includes/file.inc";s:5:"%line";i:2137;s:14:"severity_level";i:4;}', 4, '', 'http://bertsconcepts.com/?q=blog/3', '', '95.108.151.244', 1339149077),
(5359, 0, 'php', '%type: !message in %function (line %line of %file).', 'a:6:{s:5:"%type";s:7:"Warning";s:8:"!message";s:142:"rmdir(/tmp/update-extraction-eda84aec/ctools/plugins/content_types/node_form) [<a href=''function.rmdir''>function.rmdir</a>]: Permission denied";s:9:"%function";s:14:"drupal_rmdir()";s:5:"%file";s:43:"/home/bertsc6/public_html/includes/file.inc";s:5:"%line";i:2275;s:14:"severity_level";i:4;}', 4, '', 'http://bertsconcepts.com/?q=blog/3', '', '95.108.151.244', 1339149077),
(5360, 0, 'php', '%type: !message in %function (line %line of %file).', 'a:6:{s:5:"%type";s:7:"Warning";s:8:"!message";s:167:"unlink(/tmp/update-extraction-eda84aec/ctools/plugins/content_types/user_context/profile_fields.inc) [<a href=''function.unlink''>function.unlink</a>]: Permission denied";s:9:"%function";s:15:"drupal_unlink()";s:5:"%file";s:43:"/home/bertsc6/public_html/includes/file.inc";s:5:"%line";i:2137;s:14:"severity_level";i:4;}', 4, '', 'http://bertsconcepts.com/?q=blog/3', '', '95.108.151.244', 1339149077),
(5361, 0, 'php', '%type: !message in %function (line %line of %file).', 'a:6:{s:5:"%type";s:7:"Warning";s:8:"!message";s:162:"unlink(/tmp/update-extraction-eda84aec/ctools/plugins/content_types/user_context/icon_user.png) [<a href=''function.unlink''>function.unlink</a>]: Permission denied";s:9:"%function";s:15:"drupal_unlink()";s:5:"%file";s:43:"/home/bertsc6/public_html/includes/file.inc";s:5:"%line";i:2137;s:14:"severity_level";i:4;}', 4, '', 'http://bertsconcepts.com/?q=blog/3', '', '95.108.151.244', 1339149077),
(5362, 0, 'php', '%type: !message in %function (line %line of %file).', 'a:6:{s:5:"%type";s:7:"Warning";s:8:"!message";s:165:"unlink(/tmp/update-extraction-eda84aec/ctools/plugins/content_types/user_context/user_profile.inc) [<a href=''function.unlink''>function.unlink</a>]: Permission denied";s:9:"%function";s:15:"drupal_unlink()";s:5:"%file";s:43:"/home/bertsc6/public_html/includes/file.inc";s:5:"%line";i:2137;s:14:"severity_level";i:4;}', 4, '', 'http://bertsconcepts.com/?q=blog/3', '', '95.108.151.244', 1339149077),
(5363, 0, 'php', '%type: !message in %function (line %line of %file).', 'a:6:{s:5:"%type";s:7:"Warning";s:8:"!message";s:176:"unlink(/tmp/update-extraction-eda84aec/ctools/plugins/content_types/user_context/profile_fields_pane.tpl.php) [<a href=''function.unlink''>function.unlink</a>]: Permission denied";s:9:"%function";s:15:"drupal_unlink()";s:5:"%file";s:43:"/home/bertsc6/public_html/includes/file.inc";s:5:"%line";i:2137;s:14:"severity_level";i:4;}', 4, '', 'http://bertsconcepts.com/?q=blog/3', '', '95.108.151.244', 1339149077),
(5364, 0, 'php', '%type: !message in %function (line %line of %file).', 'a:6:{s:5:"%type";s:7:"Warning";s:8:"!message";s:165:"unlink(/tmp/update-extraction-eda84aec/ctools/plugins/content_types/user_context/user_picture.inc) [<a href=''function.unlink''>function.unlink</a>]: Permission denied";s:9:"%function";s:15:"drupal_unlink()";s:5:"%file";s:43:"/home/bertsc6/public_html/includes/file.inc";s:5:"%line";i:2137;s:14:"severity_level";i:4;}', 4, '', 'http://bertsconcepts.com/?q=blog/3', '', '95.108.151.244', 1339149077),
(5365, 0, 'php', '%type: !message in %function (line %line of %file).', 'a:6:{s:5:"%type";s:7:"Warning";s:8:"!message";s:167:"unlink(/tmp/update-extraction-eda84aec/ctools/plugins/content_types/user_context/user_signature.inc) [<a href=''function.unlink''>function.unlink</a>]: Permission denied";s:9:"%function";s:15:"drupal_unlink()";s:5:"%file";s:43:"/home/bertsc6/public_html/includes/file.inc";s:5:"%line";i:2137;s:14:"severity_level";i:4;}', 4, '', 'http://bertsconcepts.com/?q=blog/3', '', '95.108.151.244', 1339149077),
(5366, 0, 'php', '%type: !message in %function (line %line of %file).', 'a:6:{s:5:"%type";s:7:"Warning";s:8:"!message";s:145:"rmdir(/tmp/update-extraction-eda84aec/ctools/plugins/content_types/user_context) [<a href=''function.rmdir''>function.rmdir</a>]: Permission denied";s:9:"%function";s:14:"drupal_rmdir()";s:5:"%file";s:43:"/home/bertsc6/public_html/includes/file.inc";s:5:"%line";i:2275;s:14:"severity_level";i:4;}', 4, '', 'http://bertsconcepts.com/?q=blog/3', '', '95.108.151.244', 1339149077),
(5367, 0, 'php', '%type: !message in %function (line %line of %file).', 'a:6:{s:5:"%type";s:7:"Warning";s:8:"!message";s:163:"unlink(/tmp/update-extraction-eda84aec/ctools/plugins/content_types/node_context/node_links.inc) [<a href=''function.unlink''>function.unlink</a>]: Permission denied";s:9:"%function";s:15:"drupal_unlink()";s:5:"%file";s:43:"/home/bertsc6/public_html/includes/file.inc";s:5:"%line";i:2137;s:14:"severity_level";i:4;}', 4, '', 'http://bertsconcepts.com/?q=blog/3', '', '95.108.151.244', 1339149077),
(5368, 0, 'php', '%type: !message in %function (line %line of %file).', 'a:6:{s:5:"%type";s:7:"Warning";s:8:"!message";s:166:"unlink(/tmp/update-extraction-eda84aec/ctools/plugins/content_types/node_context/node_comments.inc) [<a href=''function.unlink''>function.unlink</a>]: Permission denied";s:9:"%function";s:15:"drupal_unlink()";s:5:"%file";s:43:"/home/bertsc6/public_html/includes/file.inc";s:5:"%line";i:2137;s:14:"severity_level";i:4;}', 4, '', 'http://bertsconcepts.com/?q=blog/3', '', '95.108.151.244', 1339149077),
(5369, 0, 'php', '%type: !message in %function (line %line of %file).', 'a:6:{s:5:"%type";s:7:"Warning";s:8:"!message";s:163:"unlink(/tmp/update-extraction-eda84aec/ctools/plugins/content_types/node_context/node_title.inc) [<a href=''function.unlink''>function.unlink</a>]: Permission denied";s:9:"%function";s:15:"drupal_unlink()";s:5:"%file";s:43:"/home/bertsc6/public_html/includes/file.inc";s:5:"%line";i:2137;s:14:"severity_level";i:4;}', 4, '', 'http://bertsconcepts.com/?q=blog/3', '', '95.108.151.244', 1339149077),
(5370, 0, 'php', '%type: !message in %function (line %line of %file).', 'a:6:{s:5:"%type";s:7:"Warning";s:8:"!message";s:167:"unlink(/tmp/update-extraction-eda84aec/ctools/plugins/content_types/node_context/node_type_desc.inc) [<a href=''function.unlink''>function.unlink</a>]: Permission denied";s:9:"%function";s:15:"drupal_unlink()";s:5:"%file";s:43:"/home/bertsc6/public_html/includes/file.inc";s:5:"%line";i:2137;s:14:"severity_level";i:4;}', 4, '', 'http://bertsconcepts.com/?q=blog/3', '', '95.108.151.244', 1339149077),
(5371, 0, 'php', '%type: !message in %function (line %line of %file).', 'a:6:{s:5:"%type";s:7:"Warning";s:8:"!message";s:162:"unlink(/tmp/update-extraction-eda84aec/ctools/plugins/content_types/node_context/node_body.inc) [<a href=''function.unlink''>function.unlink</a>]: Permission denied";s:9:"%function";s:15:"drupal_unlink()";s:5:"%file";s:43:"/home/bertsc6/public_html/includes/file.inc";s:5:"%line";i:2137;s:14:"severity_level";i:4;}', 4, '', 'http://bertsconcepts.com/?q=blog/3', '', '95.108.151.244', 1339149077),
(5372, 0, 'php', '%type: !message in %function (line %line of %file).', 'a:6:{s:5:"%type";s:7:"Warning";s:8:"!message";s:170:"unlink(/tmp/update-extraction-eda84aec/ctools/plugins/content_types/node_context/node_comment_form.inc) [<a href=''function.unlink''>function.unlink</a>]: Permission denied";s:9:"%function";s:15:"drupal_unlink()";s:5:"%file";s:43:"/home/bertsc6/public_html/includes/file.inc";s:5:"%line";i:2137;s:14:"severity_level";i:4;}', 4, '', 'http://bertsconcepts.com/?q=blog/3', '', '95.108.151.244', 1339149077),
(5373, 0, 'php', '%type: !message in %function (line %line of %file).', 'a:6:{s:5:"%type";s:7:"Warning";s:8:"!message";s:163:"unlink(/tmp/update-extraction-eda84aec/ctools/plugins/content_types/node_context/node_terms.inc) [<a href=''function.unlink''>function.unlink</a>]: Permission denied";s:9:"%function";s:15:"drupal_unlink()";s:5:"%file";s:43:"/home/bertsc6/public_html/includes/file.inc";s:5:"%line";i:2137;s:14:"severity_level";i:4;}', 4, '', 'http://bertsconcepts.com/?q=blog/3', '', '95.108.151.244', 1339149077),
(5374, 0, 'php', '%type: !message in %function (line %line of %file).', 'a:6:{s:5:"%type";s:7:"Warning";s:8:"!message";s:165:"unlink(/tmp/update-extraction-eda84aec/ctools/plugins/content_types/node_context/node_updated.inc) [<a href=''function.unlink''>function.unlink</a>]: Permission denied";s:9:"%function";s:15:"drupal_unlink()";s:5:"%file";s:43:"/home/bertsc6/public_html/includes/file.inc";s:5:"%line";i:2137;s:14:"severity_level";i:4;}', 4, '', 'http://bertsconcepts.com/?q=blog/3', '', '95.108.151.244', 1339149077),
(5375, 0, 'php', '%type: !message in %function (line %line of %file).', 'a:6:{s:5:"%type";s:7:"Warning";s:8:"!message";s:162:"unlink(/tmp/update-extraction-eda84aec/ctools/plugins/content_types/node_context/icon_node.png) [<a href=''function.unlink''>function.unlink</a>]: Permission denied";s:9:"%function";s:15:"drupal_unlink()";s:5:"%file";s:43:"/home/bertsc6/public_html/includes/file.inc";s:5:"%line";i:2137;s:14:"severity_level";i:4;}', 4, '', 'http://bertsconcepts.com/?q=blog/3', '', '95.108.151.244', 1339149077),
(5376, 0, 'php', '%type: !message in %function (line %line of %file).', 'a:6:{s:5:"%type";s:7:"Warning";s:8:"!message";s:165:"unlink(/tmp/update-extraction-eda84aec/ctools/plugins/content_types/node_context/node_content.inc) [<a href=''function.unlink''>function.unlink</a>]: Permission denied";s:9:"%function";s:15:"drupal_unlink()";s:5:"%file";s:43:"/home/bertsc6/public_html/includes/file.inc";s:5:"%line";i:2137;s:14:"severity_level";i:4;}', 4, '', 'http://bertsconcepts.com/?q=blog/3', '', '95.108.151.244', 1339149077),
(5377, 0, 'php', '%type: !message in %function (line %line of %file).', 'a:6:{s:5:"%type";s:7:"Warning";s:8:"!message";s:165:"unlink(/tmp/update-extraction-eda84aec/ctools/plugins/content_types/node_context/node_created.inc) [<a href=''function.unlink''>function.unlink</a>]: Permission denied";s:9:"%function";s:15:"drupal_unlink()";s:5:"%file";s:43:"/home/bertsc6/public_html/includes/file.inc";s:5:"%line";i:2137;s:14:"severity_level";i:4;}', 4, '', 'http://bertsconcepts.com/?q=blog/3', '', '95.108.151.244', 1339149077),
(5378, 0, 'php', '%type: !message in %function (line %line of %file).', 'a:6:{s:5:"%type";s:7:"Warning";s:8:"!message";s:171:"unlink(/tmp/update-extraction-eda84aec/ctools/plugins/content_types/node_context/node_book_children.inc) [<a href=''function.unlink''>function.unlink</a>]: Permission denied";s:9:"%function";s:15:"drupal_unlink()";s:5:"%file";s:43:"/home/bertsc6/public_html/includes/file.inc";s:5:"%line";i:2137;s:14:"severity_level";i:4;}', 4, '', 'http://bertsconcepts.com/?q=blog/3', '', '95.108.151.244', 1339149077),
(5379, 0, 'php', '%type: !message in %function (line %line of %file).', 'a:6:{s:5:"%type";s:7:"Warning";s:8:"!message";s:166:"unlink(/tmp/update-extraction-eda84aec/ctools/plugins/content_types/node_context/node_book_nav.inc) [<a href=''function.unlink''>function.unlink</a>]: Permission denied";s:9:"%function";s:15:"drupal_unlink()";s:5:"%file";s:43:"/home/bertsc6/public_html/includes/file.inc";s:5:"%line";i:2137;s:14:"severity_level";i:4;}', 4, '', 'http://bertsconcepts.com/?q=blog/3', '', '95.108.151.244', 1339149077),
(5380, 0, 'php', '%type: !message in %function (line %line of %file).', 'a:6:{s:5:"%type";s:7:"Warning";s:8:"!message";s:169:"unlink(/tmp/update-extraction-eda84aec/ctools/plugins/content_types/node_context/node_attachments.inc) [<a href=''function.unlink''>function.unlink</a>]: Permission denied";s:9:"%function";s:15:"drupal_unlink()";s:5:"%file";s:43:"/home/bertsc6/public_html/includes/file.inc";s:5:"%line";i:2137;s:14:"severity_level";i:4;}', 4, '', 'http://bertsconcepts.com/?q=blog/3', '', '95.108.151.244', 1339149077),
(5381, 0, 'php', '%type: !message in %function (line %line of %file).', 'a:6:{s:5:"%type";s:7:"Warning";s:8:"!message";s:164:"unlink(/tmp/update-extraction-eda84aec/ctools/plugins/content_types/node_context/node_author.inc) [<a href=''function.unlink''>function.unlink</a>]: Permission denied";s:9:"%function";s:15:"drupal_unlink()";s:5:"%file";s:43:"/home/bertsc6/public_html/includes/file.inc";s:5:"%line";i:2137;s:14:"severity_level";i:4;}', 4, '', 'http://bertsconcepts.com/?q=blog/3', '', '95.108.151.244', 1339149077),
(5382, 0, 'php', '%type: !message in %function (line %line of %file).', 'a:6:{s:5:"%type";s:7:"Warning";s:8:"!message";s:145:"rmdir(/tmp/update-extraction-eda84aec/ctools/plugins/content_types/node_context) [<a href=''function.rmdir''>function.rmdir</a>]: Permission denied";s:9:"%function";s:14:"drupal_rmdir()";s:5:"%file";s:43:"/home/bertsc6/public_html/includes/file.inc";s:5:"%line";i:2275;s:14:"severity_level";i:4;}', 4, '', 'http://bertsconcepts.com/?q=blog/3', '', '95.108.151.244', 1339149077),
(5383, 0, 'php', '%type: !message in %function (line %line of %file).', 'a:6:{s:5:"%type";s:7:"Warning";s:8:"!message";s:149:"unlink(/tmp/update-extraction-eda84aec/ctools/plugins/content_types/node/node.inc) [<a href=''function.unlink''>function.unlink</a>]: Permission denied";s:9:"%function";s:15:"drupal_unlink()";s:5:"%file";s:43:"/home/bertsc6/public_html/includes/file.inc";s:5:"%line";i:2137;s:14:"severity_level";i:4;}', 4, '', 'http://bertsconcepts.com/?q=blog/3', '', '95.108.151.244', 1339149077);
INSERT INTO `watchdog` VALUES
(5384, 0, 'php', '%type: !message in %function (line %line of %file).', 'a:6:{s:5:"%type";s:7:"Warning";s:8:"!message";s:154:"unlink(/tmp/update-extraction-eda84aec/ctools/plugins/content_types/node/icon_node.png) [<a href=''function.unlink''>function.unlink</a>]: Permission denied";s:9:"%function";s:15:"drupal_unlink()";s:5:"%file";s:43:"/home/bertsc6/public_html/includes/file.inc";s:5:"%line";i:2137;s:14:"severity_level";i:4;}', 4, '', 'http://bertsconcepts.com/?q=blog/3', '', '95.108.151.244', 1339149077),
(5385, 0, 'php', '%type: !message in %function (line %line of %file).', 'a:6:{s:5:"%type";s:7:"Warning";s:8:"!message";s:137:"rmdir(/tmp/update-extraction-eda84aec/ctools/plugins/content_types/node) [<a href=''function.rmdir''>function.rmdir</a>]: Permission denied";s:9:"%function";s:14:"drupal_rmdir()";s:5:"%file";s:43:"/home/bertsc6/public_html/includes/file.inc";s:5:"%line";i:2275;s:14:"severity_level";i:4;}', 4, '', 'http://bertsconcepts.com/?q=blog/3', '', '95.108.151.244', 1339149077),
(5386, 0, 'php', '%type: !message in %function (line %line of %file).', 'a:6:{s:5:"%type";s:7:"Warning";s:8:"!message";s:173:"unlink(/tmp/update-extraction-eda84aec/ctools/plugins/content_types/entity_context/entity_field_extra.inc) [<a href=''function.unlink''>function.unlink</a>]: Permission denied";s:9:"%function";s:15:"drupal_unlink()";s:5:"%file";s:43:"/home/bertsc6/public_html/includes/file.inc";s:5:"%line";i:2137;s:14:"severity_level";i:4;}', 4, '', 'http://bertsconcepts.com/?q=blog/3', '', '95.108.151.244', 1339149077),
(5387, 0, 'php', '%type: !message in %function (line %line of %file).', 'a:6:{s:5:"%type";s:7:"Warning";s:8:"!message";s:167:"unlink(/tmp/update-extraction-eda84aec/ctools/plugins/content_types/entity_context/entity_field.inc) [<a href=''function.unlink''>function.unlink</a>]: Permission denied";s:9:"%function";s:15:"drupal_unlink()";s:5:"%file";s:43:"/home/bertsc6/public_html/includes/file.inc";s:5:"%line";i:2137;s:14:"severity_level";i:4;}', 4, '', 'http://bertsconcepts.com/?q=blog/3', '', '95.108.151.244', 1339149077),
(5388, 0, 'php', '%type: !message in %function (line %line of %file).', 'a:6:{s:5:"%type";s:7:"Warning";s:8:"!message";s:147:"rmdir(/tmp/update-extraction-eda84aec/ctools/plugins/content_types/entity_context) [<a href=''function.rmdir''>function.rmdir</a>]: Permission denied";s:9:"%function";s:14:"drupal_rmdir()";s:5:"%file";s:43:"/home/bertsc6/public_html/includes/file.inc";s:5:"%line";i:2275;s:14:"severity_level";i:4;}', 4, '', 'http://bertsconcepts.com/?q=blog/3', '', '95.108.151.244', 1339149077),
(5389, 0, 'php', '%type: !message in %function (line %line of %file).', 'a:6:{s:5:"%type";s:7:"Warning";s:8:"!message";s:132:"rmdir(/tmp/update-extraction-eda84aec/ctools/plugins/content_types) [<a href=''function.rmdir''>function.rmdir</a>]: Permission denied";s:9:"%function";s:14:"drupal_rmdir()";s:5:"%file";s:43:"/home/bertsc6/public_html/includes/file.inc";s:5:"%line";i:2275;s:14:"severity_level";i:4;}', 4, '', 'http://bertsconcepts.com/?q=blog/3', '', '95.108.151.244', 1339149077),
(5390, 0, 'php', '%type: !message in %function (line %line of %file).', 'a:6:{s:5:"%type";s:7:"Warning";s:8:"!message";s:118:"rmdir(/tmp/update-extraction-eda84aec/ctools/plugins) [<a href=''function.rmdir''>function.rmdir</a>]: Permission denied";s:9:"%function";s:14:"drupal_rmdir()";s:5:"%file";s:43:"/home/bertsc6/public_html/includes/file.inc";s:5:"%line";i:2275;s:14:"severity_level";i:4;}', 4, '', 'http://bertsconcepts.com/?q=blog/3', '', '95.108.151.244', 1339149077),
(5391, 0, 'php', '%type: !message in %function (line %line of %file).', 'a:6:{s:5:"%type";s:7:"Warning";s:8:"!message";s:136:"unlink(/tmp/update-extraction-eda84aec/ctools/drush/ctools.drush.inc) [<a href=''function.unlink''>function.unlink</a>]: Permission denied";s:9:"%function";s:15:"drupal_unlink()";s:5:"%file";s:43:"/home/bertsc6/public_html/includes/file.inc";s:5:"%line";i:2137;s:14:"severity_level";i:4;}', 4, '', 'http://bertsconcepts.com/?q=blog/3', '', '95.108.151.244', 1339149077),
(5392, 0, 'php', '%type: !message in %function (line %line of %file).', 'a:6:{s:5:"%type";s:7:"Warning";s:8:"!message";s:116:"rmdir(/tmp/update-extraction-eda84aec/ctools/drush) [<a href=''function.rmdir''>function.rmdir</a>]: Permission denied";s:9:"%function";s:14:"drupal_rmdir()";s:5:"%file";s:43:"/home/bertsc6/public_html/includes/file.inc";s:5:"%line";i:2275;s:14:"severity_level";i:4;}', 4, '', 'http://bertsconcepts.com/?q=blog/3', '', '95.108.151.244', 1339149077),
(5393, 0, 'php', '%type: !message in %function (line %line of %file).', 'a:6:{s:5:"%type";s:7:"Warning";s:8:"!message";s:128:"unlink(/tmp/update-extraction-eda84aec/ctools/ctools.install) [<a href=''function.unlink''>function.unlink</a>]: Permission denied";s:9:"%function";s:15:"drupal_unlink()";s:5:"%file";s:43:"/home/bertsc6/public_html/includes/file.inc";s:5:"%line";i:2137;s:14:"severity_level";i:4;}', 4, '', 'http://bertsconcepts.com/?q=blog/3', '', '95.108.151.244', 1339149077),
(5394, 0, 'php', '%type: !message in %function (line %line of %file).', 'a:6:{s:5:"%type";s:7:"Warning";s:8:"!message";s:125:"unlink(/tmp/update-extraction-eda84aec/ctools/UPGRADE.txt) [<a href=''function.unlink''>function.unlink</a>]: Permission denied";s:9:"%function";s:15:"drupal_unlink()";s:5:"%file";s:43:"/home/bertsc6/public_html/includes/file.inc";s:5:"%line";i:2137;s:14:"severity_level";i:4;}', 4, '', 'http://bertsconcepts.com/?q=blog/3', '', '95.108.151.244', 1339149077),
(5395, 0, 'php', '%type: !message in %function (line %line of %file).', 'a:6:{s:5:"%type";s:7:"Warning";s:8:"!message";s:128:"unlink(/tmp/update-extraction-eda84aec/ctools/ctools.api.php) [<a href=''function.unlink''>function.unlink</a>]: Permission denied";s:9:"%function";s:15:"drupal_unlink()";s:5:"%file";s:43:"/home/bertsc6/public_html/includes/file.inc";s:5:"%line";i:2137;s:14:"severity_level";i:4;}', 4, '', 'http://bertsconcepts.com/?q=blog/3', '', '95.108.151.244', 1339149077),
(5396, 0, 'php', '%type: !message in %function (line %line of %file).', 'a:6:{s:5:"%type";s:7:"Warning";s:8:"!message";s:110:"rmdir(/tmp/update-extraction-eda84aec/ctools) [<a href=''function.rmdir''>function.rmdir</a>]: Permission denied";s:9:"%function";s:14:"drupal_rmdir()";s:5:"%file";s:43:"/home/bertsc6/public_html/includes/file.inc";s:5:"%line";i:2275;s:14:"severity_level";i:4;}', 4, '', 'http://bertsconcepts.com/?q=blog/3', '', '95.108.151.244', 1339149077),
(5397, 0, 'php', '%type: !message in %function (line %line of %file).', 'a:6:{s:5:"%type";s:7:"Warning";s:8:"!message";s:135:"unlink(/tmp/update-extraction-eda84aec/pathauto/pathauto.tokens.inc) [<a href=''function.unlink''>function.unlink</a>]: Permission denied";s:9:"%function";s:15:"drupal_unlink()";s:5:"%file";s:43:"/home/bertsc6/public_html/includes/file.inc";s:5:"%line";i:2137;s:14:"severity_level";i:4;}', 4, '', 'http://bertsconcepts.com/?q=blog/3', '', '95.108.151.244', 1339149077),
(5398, 0, 'php', '%type: !message in %function (line %line of %file).', 'a:6:{s:5:"%type";s:7:"Warning";s:8:"!message";s:132:"unlink(/tmp/update-extraction-eda84aec/pathauto/pathauto.install) [<a href=''function.unlink''>function.unlink</a>]: Permission denied";s:9:"%function";s:15:"drupal_unlink()";s:5:"%file";s:43:"/home/bertsc6/public_html/includes/file.inc";s:5:"%line";i:2137;s:14:"severity_level";i:4;}', 4, '', 'http://bertsconcepts.com/?q=blog/3', '', '95.108.151.244', 1339149077),
(5399, 0, 'php', '%type: !message in %function (line %line of %file).', 'a:6:{s:5:"%type";s:7:"Warning";s:8:"!message";s:129:"unlink(/tmp/update-extraction-eda84aec/pathauto/pathauto.test) [<a href=''function.unlink''>function.unlink</a>]: Permission denied";s:9:"%function";s:15:"drupal_unlink()";s:5:"%file";s:43:"/home/bertsc6/public_html/includes/file.inc";s:5:"%line";i:2137;s:14:"severity_level";i:4;}', 4, '', 'http://bertsconcepts.com/?q=blog/3', '', '95.108.151.244', 1339149077),
(5400, 0, 'php', '%type: !message in %function (line %line of %file).', 'a:6:{s:5:"%type";s:7:"Warning";s:8:"!message";s:131:"unlink(/tmp/update-extraction-eda84aec/pathauto/pathauto.module) [<a href=''function.unlink''>function.unlink</a>]: Permission denied";s:9:"%function";s:15:"drupal_unlink()";s:5:"%file";s:43:"/home/bertsc6/public_html/includes/file.inc";s:5:"%line";i:2137;s:14:"severity_level";i:4;}', 4, '', 'http://bertsconcepts.com/?q=blog/3', '', '95.108.151.244', 1339149077),
(5401, 0, 'php', '%type: !message in %function (line %line of %file).', 'a:6:{s:5:"%type";s:7:"Warning";s:8:"!message";s:137:"unlink(/tmp/update-extraction-eda84aec/pathauto/pathauto.pathauto.inc) [<a href=''function.unlink''>function.unlink</a>]: Permission denied";s:9:"%function";s:15:"drupal_unlink()";s:5:"%file";s:43:"/home/bertsc6/public_html/includes/file.inc";s:5:"%line";i:2137;s:14:"severity_level";i:4;}', 4, '', 'http://bertsconcepts.com/?q=blog/3', '', '95.108.151.244', 1339149077),
(5402, 0, 'php', '%type: !message in %function (line %line of %file).', 'a:6:{s:5:"%type";s:7:"Warning";s:8:"!message";s:127:"unlink(/tmp/update-extraction-eda84aec/pathauto/pathauto.js) [<a href=''function.unlink''>function.unlink</a>]: Permission denied";s:9:"%function";s:15:"drupal_unlink()";s:5:"%file";s:43:"/home/bertsc6/public_html/includes/file.inc";s:5:"%line";i:2137;s:14:"severity_level";i:4;}', 4, '', 'http://bertsconcepts.com/?q=blog/3', '', '95.108.151.244', 1339149077),
(5403, 0, 'php', '%type: !message in %function (line %line of %file).', 'a:6:{s:5:"%type";s:7:"Warning";s:8:"!message";s:128:"unlink(/tmp/update-extraction-eda84aec/pathauto/pathauto.inc) [<a href=''function.unlink''>function.unlink</a>]: Permission denied";s:9:"%function";s:15:"drupal_unlink()";s:5:"%file";s:43:"/home/bertsc6/public_html/includes/file.inc";s:5:"%line";i:2137;s:14:"severity_level";i:4;}', 4, '', 'http://bertsconcepts.com/?q=blog/3', '', '95.108.151.244', 1339149077),
(5404, 0, 'php', '%type: !message in %function (line %line of %file).', 'a:6:{s:5:"%type";s:7:"Warning";s:8:"!message";s:123:"unlink(/tmp/update-extraction-eda84aec/pathauto/API.txt) [<a href=''function.unlink''>function.unlink</a>]: Permission denied";s:9:"%function";s:15:"drupal_unlink()";s:5:"%file";s:43:"/home/bertsc6/public_html/includes/file.inc";s:5:"%line";i:2137;s:14:"severity_level";i:4;}', 4, '', 'http://bertsconcepts.com/?q=blog/3', '', '95.108.151.244', 1339149077),
(5405, 0, 'php', '%type: !message in %function (line %line of %file).', 'a:6:{s:5:"%type";s:7:"Warning";s:8:"!message";s:126:"unlink(/tmp/update-extraction-eda84aec/pathauto/README.txt) [<a href=''function.unlink''>function.unlink</a>]: Permission denied";s:9:"%function";s:15:"drupal_unlink()";s:5:"%file";s:43:"/home/bertsc6/public_html/includes/file.inc";s:5:"%line";i:2137;s:14:"severity_level";i:4;}', 4, '', 'http://bertsconcepts.com/?q=blog/3', '', '95.108.151.244', 1339149077),
(5406, 0, 'php', '%type: !message in %function (line %line of %file).', 'a:6:{s:5:"%type";s:7:"Warning";s:8:"!message";s:132:"unlink(/tmp/update-extraction-eda84aec/pathauto/pathauto.api.php) [<a href=''function.unlink''>function.unlink</a>]: Permission denied";s:9:"%function";s:15:"drupal_unlink()";s:5:"%file";s:43:"/home/bertsc6/public_html/includes/file.inc";s:5:"%line";i:2137;s:14:"severity_level";i:4;}', 4, '', 'http://bertsconcepts.com/?q=blog/3', '', '95.108.151.244', 1339149077),
(5407, 0, 'php', '%type: !message in %function (line %line of %file).', 'a:6:{s:5:"%type";s:7:"Warning";s:8:"!message";s:134:"unlink(/tmp/update-extraction-eda84aec/pathauto/pathauto.admin.inc) [<a href=''function.unlink''>function.unlink</a>]: Permission denied";s:9:"%function";s:15:"drupal_unlink()";s:5:"%file";s:43:"/home/bertsc6/public_html/includes/file.inc";s:5:"%line";i:2137;s:14:"severity_level";i:4;}', 4, '', 'http://bertsconcepts.com/?q=blog/3', '', '95.108.151.244', 1339149077),
(5408, 0, 'php', '%type: !message in %function (line %line of %file).', 'a:6:{s:5:"%type";s:7:"Warning";s:8:"!message";s:127:"unlink(/tmp/update-extraction-eda84aec/pathauto/LICENSE.txt) [<a href=''function.unlink''>function.unlink</a>]: Permission denied";s:9:"%function";s:15:"drupal_unlink()";s:5:"%file";s:43:"/home/bertsc6/public_html/includes/file.inc";s:5:"%line";i:2137;s:14:"severity_level";i:4;}', 4, '', 'http://bertsconcepts.com/?q=blog/3', '', '95.108.151.244', 1339149077),
(5409, 0, 'php', '%type: !message in %function (line %line of %file).', 'a:6:{s:5:"%type";s:7:"Warning";s:8:"!message";s:129:"unlink(/tmp/update-extraction-eda84aec/pathauto/pathauto.info) [<a href=''function.unlink''>function.unlink</a>]: Permission denied";s:9:"%function";s:15:"drupal_unlink()";s:5:"%file";s:43:"/home/bertsc6/public_html/includes/file.inc";s:5:"%line";i:2137;s:14:"severity_level";i:4;}', 4, '', 'http://bertsconcepts.com/?q=blog/3', '', '95.108.151.244', 1339149077),
(5410, 0, 'php', '%type: !message in %function (line %line of %file).', 'a:6:{s:5:"%type";s:7:"Warning";s:8:"!message";s:127:"unlink(/tmp/update-extraction-eda84aec/pathauto/INSTALL.txt) [<a href=''function.unlink''>function.unlink</a>]: Permission denied";s:9:"%function";s:15:"drupal_unlink()";s:5:"%file";s:43:"/home/bertsc6/public_html/includes/file.inc";s:5:"%line";i:2137;s:14:"severity_level";i:4;}', 4, '', 'http://bertsconcepts.com/?q=blog/3', '', '95.108.151.244', 1339149077),
(5411, 0, 'php', '%type: !message in %function (line %line of %file).', 'a:6:{s:5:"%type";s:7:"Warning";s:8:"!message";s:112:"rmdir(/tmp/update-extraction-eda84aec/pathauto) [<a href=''function.rmdir''>function.rmdir</a>]: Permission denied";s:9:"%function";s:14:"drupal_rmdir()";s:5:"%file";s:43:"/home/bertsc6/public_html/includes/file.inc";s:5:"%line";i:2275;s:14:"severity_level";i:4;}', 4, '', 'http://bertsconcepts.com/?q=blog/3', '', '95.108.151.244', 1339149077),
(5412, 0, 'php', '%type: !message in %function (line %line of %file).', 'a:6:{s:5:"%type";s:7:"Warning";s:8:"!message";s:127:"unlink(/tmp/update-extraction-eda84aec/libraries/README.txt) [<a href=''function.unlink''>function.unlink</a>]: Permission denied";s:9:"%function";s:15:"drupal_unlink()";s:5:"%file";s:43:"/home/bertsc6/public_html/includes/file.inc";s:5:"%line";i:2137;s:14:"severity_level";i:4;}', 4, '', 'http://bertsconcepts.com/?q=blog/3', '', '95.108.151.244', 1339149077),
(5413, 0, 'php', '%type: !message in %function (line %line of %file).', 'a:6:{s:5:"%type";s:7:"Warning";s:8:"!message";s:130:"unlink(/tmp/update-extraction-eda84aec/libraries/CHANGELOG.txt) [<a href=''function.unlink''>function.unlink</a>]: Permission denied";s:9:"%function";s:15:"drupal_unlink()";s:5:"%file";s:43:"/home/bertsc6/public_html/includes/file.inc";s:5:"%line";i:2137;s:14:"severity_level";i:4;}', 4, '', 'http://bertsconcepts.com/?q=blog/3', '', '95.108.151.244', 1339149077),
(5414, 0, 'php', '%type: !message in %function (line %line of %file).', 'a:6:{s:5:"%type";s:7:"Warning";s:8:"!message";s:131:"unlink(/tmp/update-extraction-eda84aec/libraries/libraries.info) [<a href=''function.unlink''>function.unlink</a>]: Permission denied";s:9:"%function";s:15:"drupal_unlink()";s:5:"%file";s:43:"/home/bertsc6/public_html/includes/file.inc";s:5:"%line";i:2137;s:14:"severity_level";i:4;}', 4, '', 'http://bertsconcepts.com/?q=blog/3', '', '95.108.151.244', 1339149077),
(5415, 0, 'php', '%type: !message in %function (line %line of %file).', 'a:6:{s:5:"%type";s:7:"Warning";s:8:"!message";s:128:"unlink(/tmp/update-extraction-eda84aec/libraries/LICENSE.txt) [<a href=''function.unlink''>function.unlink</a>]: Permission denied";s:9:"%function";s:15:"drupal_unlink()";s:5:"%file";s:43:"/home/bertsc6/public_html/includes/file.inc";s:5:"%line";i:2137;s:14:"severity_level";i:4;}', 4, '', 'http://bertsconcepts.com/?q=blog/3', '', '95.108.151.244', 1339149077),
(5416, 0, 'php', '%type: !message in %function (line %line of %file).', 'a:6:{s:5:"%type";s:7:"Warning";s:8:"!message";s:133:"unlink(/tmp/update-extraction-eda84aec/libraries/libraries.module) [<a href=''function.unlink''>function.unlink</a>]: Permission denied";s:9:"%function";s:15:"drupal_unlink()";s:5:"%file";s:43:"/home/bertsc6/public_html/includes/file.inc";s:5:"%line";i:2137;s:14:"severity_level";i:4;}', 4, '', 'http://bertsconcepts.com/?q=blog/3', '', '95.108.151.244', 1339149077),
(5417, 0, 'php', '%type: !message in %function (line %line of %file).', 'a:6:{s:5:"%type";s:7:"Warning";s:8:"!message";s:113:"rmdir(/tmp/update-extraction-eda84aec/libraries) [<a href=''function.rmdir''>function.rmdir</a>]: Permission denied";s:9:"%function";s:14:"drupal_rmdir()";s:5:"%file";s:43:"/home/bertsc6/public_html/includes/file.inc";s:5:"%line";i:2275;s:14:"severity_level";i:4;}', 4, '', 'http://bertsconcepts.com/?q=blog/3', '', '95.108.151.244', 1339149077),
(5418, 0, 'cron', 'Cron run completed.', 'a:0:{}', 5, '', 'http://bertsconcepts.com/?q=blog/3', '', '95.108.151.244', 1339149077);

-- --------------------------------------------------------

